{"id":941,"date":"2017-02-04T15:30:44","date_gmt":"2017-02-04T14:30:44","guid":{"rendered":"http:\/\/travel-du.de\/reiseshop\/produkt\/5er-set-kompressionsbeutel-mit-zipverschluss-platzsparende-aufbewahrung-ideal-fuer-reisen-camping-backpacking-schuetzt-vor-feuchtigkeit-insekten-schimmel-und-geruechen\/"},"modified":"2017-02-04T15:36:30","modified_gmt":"2017-02-04T14:36:30","slug":"kompressionsbeutel-mit-zipverschluss","status":"publish","type":"product","link":"https:\/\/travel-du.de\/reiseshop\/produkt\/kompressionsbeutel-mit-zipverschluss\/","title":{"rendered":"5er-Set Kompressionsbeutel mit Zipverschluss"},"content":{"rendered":"<p id=\"title\" class=\"a-size-large a-spacing-none\">Ideal f\u00fcr Reisen, Camping, Backpacking: Mit Kompressionsbeuteln k\u00f6nnt ihr nicht nur m\u00f6glichst viel auf wenig Raum verstauen, sondern sie sch\u00fctzen zudem vor Feuchtigkeit, Insekten, Schimmel und Ger\u00fcchen.<\/p>\n<h2>Wie funktioniert&#8217;s?<\/h2>\n<ol>\n<li>Zipverschlu\u00df des Kompressionsbeutels \u00f6ffnen<\/li>\n<li>Bekleidungsteile (z.B. Pullover, Jeans, Unterw\u00e4sche, Handt\u00fccher etc.) reinlegen<\/li>\n<li>Zipverschlu\u00df schlie\u00dfen und anschlie\u00dfend zusammenrollen. Hierbei entweicht durch das integrierte Ventil die komplett \u00fcbersch\u00fcssige Luft.<\/li>\n<\/ol>\n<p>Funktioniert \u00fcbrigens auch gut f\u00fcr Zuhause.<\/p>\n<h2>Lieferumfang:<\/h2>\n<ul>\n<li>2 Beutel Gr\u00f6\u00dfe M (40 x 60 cm)<\/li>\n<li>3 Beutel Gr\u00f6\u00dfe L (50 x 70 cm)<\/li>\n<\/ul>\n<div class=\"main-cross-sell\" data-asin=\"B01M1HGMCI\">\n\n\t<div class=\"WooZone-cross-sell-loader\">\n\t\t<div>\n\t\t\t<div id=\"floatingBarsG\">\n\t\t\t\t<div class=\"blockG\" id=\"rotateG_01\"><\/div>\n\t\t\t\t<div class=\"blockG\" id=\"rotateG_02\"><\/div>\n\t\t\t\t<div class=\"blockG\" id=\"rotateG_03\"><\/div>\n\t\t\t\t<div class=\"blockG\" id=\"rotateG_04\"><\/div>\n\t\t\t\t<div class=\"blockG\" id=\"rotateG_05\"><\/div>\n\t\t\t\t<div class=\"blockG\" id=\"rotateG_06\"><\/div>\n\t\t\t\t<div class=\"blockG\" id=\"rotateG_07\"><\/div>\n\t\t\t\t<div class=\"blockG\" id=\"rotateG_08\"><\/div>\n\t\t\t<\/div>\n\t\t\t<div class=\"WooZone-cross-sell-loader-text\"><\/div>\n\t\t<\/div>\n\t<\/div>\n\n\t\t\n<\/div>\n<div style=\"clear:both;\"><\/div>\n","protected":false},"excerpt":{"rendered":"<p>Ideal f\u00fcr Reisen, Camping, Backpacking: Mit Kompressionsbeuteln k\u00f6nnt ihr nicht nur m\u00f6glichst viel auf wenig Raum verstauen, sondern sie sch\u00fctzen zudem vor Feuchtigkeit, Insekten, Schimmel und Ger\u00fcchen.<br \/>\n<a href=\"https:\/\/www.amazon.de\/5er-Set-Kompressionsbeutel-mit-Zipverschluss-Platzsparende\/dp\/B01M1HGMCI\/ref=as_li_ss_tl?pf_rd_m=A3JWKAKR8XB7XF&#038;pf_rd_p=1212178327&#038;pf_rd_r=9GAT6KCDTAFQQ5G0E7TS&#038;pd_rd_wg=E3rZJ&#038;pf_rd_s=desktop-detail-softlines&#038;pf_rd_t=40701&#038;pd_rd_i=B01M1HGMCI&#038;pd_rd_w=LrAup&#038;pf_rd_i=desktop-detail-softlines&#038;pd_rd_r=9GAT6KCDTAFQQ5G0E7TS&#038;_encoding=UTF8&#038;linkCode=ll1&#038;tag=wwwtraveldude-21&#038;linkId=4ea1f5e63117e074282735346e9189b5\" target=\"_blank\"><\/p>\n<div class=\"amazon-button\" style=\"text-align: center;\">\u21d2 Direkt bei Amazon bestellen.<\/div>\n<p><\/a><\/p>\n","protected":false},"featured_media":942,"comment_status":"open","ping_status":"closed","template":"","meta":[],"product_brand":[],"product_cat":[86],"product_tag":[],"class_list":{"0":"post-941","1":"product","2":"type-product","3":"status-publish","4":"has-post-thumbnail","6":"product_cat-unterwegs","8":"first","9":"instock","10":"shipping-taxable","11":"product-type-external"},"yoast_head":"<!-- This site is optimized with the Yoast SEO plugin v26.2 - https:\/\/yoast.com\/wordpress\/plugins\/seo\/ -->\n<title>5er-Set Kompressionsbeutel mit Zipverschluss &#8211; Reiseshop Travel-du.de<\/title>\n<meta name=\"robots\" content=\"index, follow, max-snippet:-1, max-image-preview:large, max-video-preview:-1\" \/>\n<link rel=\"canonical\" href=\"https:\/\/travel-du.de\/reiseshop\/produkt\/kompressionsbeutel-mit-zipverschluss\/\" \/>\n<meta property=\"og:locale\" content=\"de_DE\" \/>\n<meta property=\"og:type\" content=\"article\" \/>\n<meta property=\"og:title\" content=\"5er-Set Kompressionsbeutel mit Zipverschluss &#8211; Reiseshop Travel-du.de\" \/>\n<meta property=\"og:description\" content=\"Ideal f\u00fcr Reisen, Camping, Backpacking: Mit Kompressionsbeuteln k\u00f6nnt ihr nicht nur m\u00f6glichst viel auf wenig Raum verstauen, sondern sie sch\u00fctzen zudem vor Feuchtigkeit, Insekten, Schimmel und Ger\u00fcchen.  \u21d2 Direkt bei Amazon bestellen.\" \/>\n<meta property=\"og:url\" content=\"https:\/\/travel-du.de\/reiseshop\/produkt\/kompressionsbeutel-mit-zipverschluss\/\" \/>\n<meta property=\"og:site_name\" content=\"Reiseshop Travel-du.de\" \/>\n<meta property=\"article:modified_time\" content=\"2017-02-04T14:36:30+00:00\" \/>\n<meta property=\"og:image\" content=\"https:\/\/travel-du.de\/reiseshop\/wp-content\/uploads\/2017\/02\/5er-Set-Kompressionsbeutel-mit-Zipverschluss-Platzsparende-Aufbewahrung-Ideal-fr-Reisen-Camping-Backpacking-Schtzt-vor-Feuchtigkeit-Insekten-Schimmel-und-Gerchen-0.jpg\" \/>\n\t<meta property=\"og:image:width\" content=\"500\" \/>\n\t<meta property=\"og:image:height\" content=\"500\" \/>\n\t<meta property=\"og:image:type\" content=\"image\/jpeg\" \/>\n<meta name=\"twitter:card\" content=\"summary_large_image\" \/>\n<script type=\"application\/ld+json\" class=\"yoast-schema-graph\">{\"@context\":\"https:\/\/schema.org\",\"@graph\":[{\"@type\":\"WebPage\",\"@id\":\"https:\/\/travel-du.de\/reiseshop\/produkt\/kompressionsbeutel-mit-zipverschluss\/\",\"url\":\"https:\/\/travel-du.de\/reiseshop\/produkt\/kompressionsbeutel-mit-zipverschluss\/\",\"name\":\"5er-Set Kompressionsbeutel mit Zipverschluss &#8211; Reiseshop Travel-du.de\",\"isPartOf\":{\"@id\":\"https:\/\/travel-du.de\/reiseshop\/#website\"},\"primaryImageOfPage\":{\"@id\":\"https:\/\/travel-du.de\/reiseshop\/produkt\/kompressionsbeutel-mit-zipverschluss\/#primaryimage\"},\"image\":{\"@id\":\"https:\/\/travel-du.de\/reiseshop\/produkt\/kompressionsbeutel-mit-zipverschluss\/#primaryimage\"},\"thumbnailUrl\":\"https:\/\/travel-du.de\/reiseshop\/wp-content\/uploads\/2017\/02\/5er-Set-Kompressionsbeutel-mit-Zipverschluss-Platzsparende-Aufbewahrung-Ideal-fr-Reisen-Camping-Backpacking-Schtzt-vor-Feuchtigkeit-Insekten-Schimmel-und-Gerchen-0.jpg\",\"datePublished\":\"2017-02-04T14:30:44+00:00\",\"dateModified\":\"2017-02-04T14:36:30+00:00\",\"breadcrumb\":{\"@id\":\"https:\/\/travel-du.de\/reiseshop\/produkt\/kompressionsbeutel-mit-zipverschluss\/#breadcrumb\"},\"inLanguage\":\"de\",\"potentialAction\":[{\"@type\":\"ReadAction\",\"target\":[\"https:\/\/travel-du.de\/reiseshop\/produkt\/kompressionsbeutel-mit-zipverschluss\/\"]}]},{\"@type\":\"ImageObject\",\"inLanguage\":\"de\",\"@id\":\"https:\/\/travel-du.de\/reiseshop\/produkt\/kompressionsbeutel-mit-zipverschluss\/#primaryimage\",\"url\":\"https:\/\/travel-du.de\/reiseshop\/wp-content\/uploads\/2017\/02\/5er-Set-Kompressionsbeutel-mit-Zipverschluss-Platzsparende-Aufbewahrung-Ideal-fr-Reisen-Camping-Backpacking-Schtzt-vor-Feuchtigkeit-Insekten-Schimmel-und-Gerchen-0.jpg\",\"contentUrl\":\"https:\/\/travel-du.de\/reiseshop\/wp-content\/uploads\/2017\/02\/5er-Set-Kompressionsbeutel-mit-Zipverschluss-Platzsparende-Aufbewahrung-Ideal-fr-Reisen-Camping-Backpacking-Schtzt-vor-Feuchtigkeit-Insekten-Schimmel-und-Gerchen-0.jpg\",\"width\":500,\"height\":500},{\"@type\":\"BreadcrumbList\",\"@id\":\"https:\/\/travel-du.de\/reiseshop\/produkt\/kompressionsbeutel-mit-zipverschluss\/#breadcrumb\",\"itemListElement\":[{\"@type\":\"ListItem\",\"position\":1,\"name\":\"Startseite\",\"item\":\"https:\/\/travel-du.de\/reiseshop\/\"},{\"@type\":\"ListItem\",\"position\":2,\"name\":\"Shop\",\"item\":\"https:\/\/travel-du.de\/reiseshop\/shop\/\"},{\"@type\":\"ListItem\",\"position\":3,\"name\":\"5er-Set Kompressionsbeutel mit Zipverschluss\"}]},{\"@type\":\"WebSite\",\"@id\":\"https:\/\/travel-du.de\/reiseshop\/#website\",\"url\":\"https:\/\/travel-du.de\/reiseshop\/\",\"name\":\"Reiseshop Travel-du.de\",\"description\":\"Der Shop f\u00fcr Reisende, Weltenbummler und Abenteurer\",\"potentialAction\":[{\"@type\":\"SearchAction\",\"target\":{\"@type\":\"EntryPoint\",\"urlTemplate\":\"https:\/\/travel-du.de\/reiseshop\/?s={search_term_string}\"},\"query-input\":{\"@type\":\"PropertyValueSpecification\",\"valueRequired\":true,\"valueName\":\"search_term_string\"}}],\"inLanguage\":\"de\"}]}<\/script>\n<!-- \/ Yoast SEO plugin. -->","yoast_head_json":{"title":"5er-Set Kompressionsbeutel mit Zipverschluss &#8211; Reiseshop Travel-du.de","robots":{"index":"index","follow":"follow","max-snippet":"max-snippet:-1","max-image-preview":"max-image-preview:large","max-video-preview":"max-video-preview:-1"},"canonical":"https:\/\/travel-du.de\/reiseshop\/produkt\/kompressionsbeutel-mit-zipverschluss\/","og_locale":"de_DE","og_type":"article","og_title":"5er-Set Kompressionsbeutel mit Zipverschluss &#8211; Reiseshop Travel-du.de","og_description":"Ideal f\u00fcr Reisen, Camping, Backpacking: Mit Kompressionsbeuteln k\u00f6nnt ihr nicht nur m\u00f6glichst viel auf wenig Raum verstauen, sondern sie sch\u00fctzen zudem vor Feuchtigkeit, Insekten, Schimmel und Ger\u00fcchen.  \u21d2 Direkt bei Amazon bestellen.","og_url":"https:\/\/travel-du.de\/reiseshop\/produkt\/kompressionsbeutel-mit-zipverschluss\/","og_site_name":"Reiseshop Travel-du.de","article_modified_time":"2017-02-04T14:36:30+00:00","og_image":[{"width":500,"height":500,"url":"https:\/\/travel-du.de\/reiseshop\/wp-content\/uploads\/2017\/02\/5er-Set-Kompressionsbeutel-mit-Zipverschluss-Platzsparende-Aufbewahrung-Ideal-fr-Reisen-Camping-Backpacking-Schtzt-vor-Feuchtigkeit-Insekten-Schimmel-und-Gerchen-0.jpg","type":"image\/jpeg"}],"twitter_card":"summary_large_image","schema":{"@context":"https:\/\/schema.org","@graph":[{"@type":"WebPage","@id":"https:\/\/travel-du.de\/reiseshop\/produkt\/kompressionsbeutel-mit-zipverschluss\/","url":"https:\/\/travel-du.de\/reiseshop\/produkt\/kompressionsbeutel-mit-zipverschluss\/","name":"5er-Set Kompressionsbeutel mit Zipverschluss &#8211; Reiseshop Travel-du.de","isPartOf":{"@id":"https:\/\/travel-du.de\/reiseshop\/#website"},"primaryImageOfPage":{"@id":"https:\/\/travel-du.de\/reiseshop\/produkt\/kompressionsbeutel-mit-zipverschluss\/#primaryimage"},"image":{"@id":"https:\/\/travel-du.de\/reiseshop\/produkt\/kompressionsbeutel-mit-zipverschluss\/#primaryimage"},"thumbnailUrl":"https:\/\/travel-du.de\/reiseshop\/wp-content\/uploads\/2017\/02\/5er-Set-Kompressionsbeutel-mit-Zipverschluss-Platzsparende-Aufbewahrung-Ideal-fr-Reisen-Camping-Backpacking-Schtzt-vor-Feuchtigkeit-Insekten-Schimmel-und-Gerchen-0.jpg","datePublished":"2017-02-04T14:30:44+00:00","dateModified":"2017-02-04T14:36:30+00:00","breadcrumb":{"@id":"https:\/\/travel-du.de\/reiseshop\/produkt\/kompressionsbeutel-mit-zipverschluss\/#breadcrumb"},"inLanguage":"de","potentialAction":[{"@type":"ReadAction","target":["https:\/\/travel-du.de\/reiseshop\/produkt\/kompressionsbeutel-mit-zipverschluss\/"]}]},{"@type":"ImageObject","inLanguage":"de","@id":"https:\/\/travel-du.de\/reiseshop\/produkt\/kompressionsbeutel-mit-zipverschluss\/#primaryimage","url":"https:\/\/travel-du.de\/reiseshop\/wp-content\/uploads\/2017\/02\/5er-Set-Kompressionsbeutel-mit-Zipverschluss-Platzsparende-Aufbewahrung-Ideal-fr-Reisen-Camping-Backpacking-Schtzt-vor-Feuchtigkeit-Insekten-Schimmel-und-Gerchen-0.jpg","contentUrl":"https:\/\/travel-du.de\/reiseshop\/wp-content\/uploads\/2017\/02\/5er-Set-Kompressionsbeutel-mit-Zipverschluss-Platzsparende-Aufbewahrung-Ideal-fr-Reisen-Camping-Backpacking-Schtzt-vor-Feuchtigkeit-Insekten-Schimmel-und-Gerchen-0.jpg","width":500,"height":500},{"@type":"BreadcrumbList","@id":"https:\/\/travel-du.de\/reiseshop\/produkt\/kompressionsbeutel-mit-zipverschluss\/#breadcrumb","itemListElement":[{"@type":"ListItem","position":1,"name":"Startseite","item":"https:\/\/travel-du.de\/reiseshop\/"},{"@type":"ListItem","position":2,"name":"Shop","item":"https:\/\/travel-du.de\/reiseshop\/shop\/"},{"@type":"ListItem","position":3,"name":"5er-Set Kompressionsbeutel mit Zipverschluss"}]},{"@type":"WebSite","@id":"https:\/\/travel-du.de\/reiseshop\/#website","url":"https:\/\/travel-du.de\/reiseshop\/","name":"Reiseshop Travel-du.de","description":"Der Shop f\u00fcr Reisende, Weltenbummler und Abenteurer","potentialAction":[{"@type":"SearchAction","target":{"@type":"EntryPoint","urlTemplate":"https:\/\/travel-du.de\/reiseshop\/?s={search_term_string}"},"query-input":{"@type":"PropertyValueSpecification","valueRequired":true,"valueName":"search_term_string"}}],"inLanguage":"de"}]}},"_links":{"self":[{"href":"https:\/\/travel-du.de\/reiseshop\/wp-json\/wp\/v2\/product\/941","targetHints":{"allow":["GET"]}}],"collection":[{"href":"https:\/\/travel-du.de\/reiseshop\/wp-json\/wp\/v2\/product"}],"about":[{"href":"https:\/\/travel-du.de\/reiseshop\/wp-json\/wp\/v2\/types\/product"}],"replies":[{"embeddable":true,"href":"https:\/\/travel-du.de\/reiseshop\/wp-json\/wp\/v2\/comments?post=941"}],"wp:featuredmedia":[{"embeddable":true,"href":"https:\/\/travel-du.de\/reiseshop\/wp-json\/wp\/v2\/media\/942"}],"wp:attachment":[{"href":"https:\/\/travel-du.de\/reiseshop\/wp-json\/wp\/v2\/media?parent=941"}],"wp:term":[{"taxonomy":"product_brand","embeddable":true,"href":"https:\/\/travel-du.de\/reiseshop\/wp-json\/wp\/v2\/product_brand?post=941"},{"taxonomy":"product_cat","embeddable":true,"href":"https:\/\/travel-du.de\/reiseshop\/wp-json\/wp\/v2\/product_cat?post=941"},{"taxonomy":"product_tag","embeddable":true,"href":"https:\/\/travel-du.de\/reiseshop\/wp-json\/wp\/v2\/product_tag?post=941"}],"curies":[{"name":"wp","href":"https:\/\/api.w.org\/{rel}","templated":true}]}}