{"id":799,"date":"2017-01-21T21:31:09","date_gmt":"2017-01-21T20:31:09","guid":{"rendered":"http:\/\/travel-du.de\/reiseshop\/produkt\/flagge-neuseeland-150x90cm-neuseelaendische-fahne-90-x-150-cm-flaggen-az-flag-top-qualitaet\/"},"modified":"2020-02-02T22:21:08","modified_gmt":"2020-02-02T21:21:08","slug":"flagge-neuseeland-150x90cm","status":"publish","type":"product","link":"https:\/\/travel-du.de\/reiseshop\/produkt\/flagge-neuseeland-150x90cm\/","title":{"rendered":"Neuseeland Flagge 150&#215;90 cm"},"content":{"rendered":"<p>Was mehr als eine Flagge aufzuh\u00e4ngen zeigt die Verbundenheit zu einem Land, das man besucht hat? Diese Neuseeland-Flagge Neuseeland ist mit zwei Metall\u00f6sen zum Aufziehen am Mast versehen und wurde aus rei\u00dffestem Polyester produziert.<\/p>\n<ul>\n<li>Gr\u00f6\u00dfe: 150 x 90 cm<\/li>\n<li>Veredelung: Doppelnaht und Ecken verst\u00e4rkt<\/li>\n<li>Aufh\u00e4ngung: 2 Metall\u00f6sen auf der linken Seite<\/li>\n<li>Material: Polyester 100D<\/li>\n<li>Anwendung: Innen &amp; Au\u00dfen<\/li>\n<li>Zustand: Neu und originalverpackt<\/li>\n<\/ul>\n<div class=\"main-cross-sell\" data-asin=\"B00AK8R8B6\">\n\n\t<div class=\"WooZone-cross-sell-loader\">\n\t\t<div>\n\t\t\t<div id=\"floatingBarsG\">\n\t\t\t\t<div class=\"blockG\" id=\"rotateG_01\"><\/div>\n\t\t\t\t<div class=\"blockG\" id=\"rotateG_02\"><\/div>\n\t\t\t\t<div class=\"blockG\" id=\"rotateG_03\"><\/div>\n\t\t\t\t<div class=\"blockG\" id=\"rotateG_04\"><\/div>\n\t\t\t\t<div class=\"blockG\" id=\"rotateG_05\"><\/div>\n\t\t\t\t<div class=\"blockG\" id=\"rotateG_06\"><\/div>\n\t\t\t\t<div class=\"blockG\" id=\"rotateG_07\"><\/div>\n\t\t\t\t<div class=\"blockG\" id=\"rotateG_08\"><\/div>\n\t\t\t<\/div>\n\t\t\t<div class=\"WooZone-cross-sell-loader-text\"><\/div>\n\t\t<\/div>\n\t<\/div>\n\n\t\t\n<\/div>\n<div style=\"clear:both;\"><\/div>\n","protected":false},"excerpt":{"rendered":"<p>Was mehr als eine Flagge aufzuh\u00e4ngen zeigt die Verbundenheit zu einem Land, das man besucht hat? Diese Neuseeland-Flagge Neuseeland ist mit zwei Metall\u00f6sen zum Aufziehen am Mast versehen und wurde aus rei\u00dffestem Polyester produziert.<\/p>\n<div class=\"amazon-button\" style=\"text-align: center;\">\u21d2 Direkt bei Amazon bestellen.<\/div>\n<p>&nbsp;<\/p>\n","protected":false},"featured_media":800,"comment_status":"open","ping_status":"closed","template":"","meta":[],"product_brand":[],"product_cat":[122],"product_tag":[],"class_list":{"0":"post-799","1":"product","2":"type-product","3":"status-publish","4":"has-post-thumbnail","6":"product_cat-geschenk-neuseeland","8":"first","9":"instock","10":"shipping-taxable","11":"product-type-external"},"yoast_head":"<!-- This site is optimized with the Yoast SEO plugin v26.2 - https:\/\/yoast.com\/wordpress\/plugins\/seo\/ -->\n<title>Neuseeland Flagge 150x90 cm &#8211; Reiseshop Travel-du.de<\/title>\n<meta name=\"description\" content=\"Was mehr als eine Neuseeland-Flagge aufzuh\u00e4ngen zeigt die Verbundenheit zu dem Land, das du besucht hast? Material: Polyester 100D (F\u00fcr Innen &amp; Au\u00dfen)\" \/>\n<meta name=\"robots\" content=\"index, follow, max-snippet:-1, max-image-preview:large, max-video-preview:-1\" \/>\n<link rel=\"canonical\" href=\"https:\/\/travel-du.de\/reiseshop\/produkt\/flagge-neuseeland-150x90cm\/\" \/>\n<meta property=\"og:locale\" content=\"de_DE\" \/>\n<meta property=\"og:type\" content=\"article\" \/>\n<meta property=\"og:title\" content=\"Neuseeland Flagge 150x90 cm &#8211; Reiseshop Travel-du.de\" \/>\n<meta property=\"og:description\" content=\"Was mehr als eine Neuseeland-Flagge aufzuh\u00e4ngen zeigt die Verbundenheit zu dem Land, das du besucht hast? Material: Polyester 100D (F\u00fcr Innen &amp; Au\u00dfen)\" \/>\n<meta property=\"og:url\" content=\"https:\/\/travel-du.de\/reiseshop\/produkt\/flagge-neuseeland-150x90cm\/\" \/>\n<meta property=\"og:site_name\" content=\"Reiseshop Travel-du.de\" \/>\n<meta property=\"article:modified_time\" content=\"2020-02-02T21:21:08+00:00\" \/>\n<meta property=\"og:image\" content=\"https:\/\/travel-du.de\/reiseshop\/wp-content\/uploads\/2017\/01\/FLAGGE-NEUSEELAND-150x90cm-NEUSEELNDISCHE-FAHNE-90-x-150-cm-flaggen-AZ-FLAG-Top-Qualitt-0.jpg\" \/>\n\t<meta property=\"og:image:width\" content=\"500\" \/>\n\t<meta property=\"og:image:height\" content=\"333\" \/>\n\t<meta property=\"og:image:type\" content=\"image\/jpeg\" \/>\n<meta name=\"twitter:card\" content=\"summary_large_image\" \/>\n<script type=\"application\/ld+json\" class=\"yoast-schema-graph\">{\"@context\":\"https:\/\/schema.org\",\"@graph\":[{\"@type\":\"WebPage\",\"@id\":\"https:\/\/travel-du.de\/reiseshop\/produkt\/flagge-neuseeland-150x90cm\/\",\"url\":\"https:\/\/travel-du.de\/reiseshop\/produkt\/flagge-neuseeland-150x90cm\/\",\"name\":\"Neuseeland Flagge 150x90 cm &#8211; Reiseshop Travel-du.de\",\"isPartOf\":{\"@id\":\"https:\/\/travel-du.de\/reiseshop\/#website\"},\"primaryImageOfPage\":{\"@id\":\"https:\/\/travel-du.de\/reiseshop\/produkt\/flagge-neuseeland-150x90cm\/#primaryimage\"},\"image\":{\"@id\":\"https:\/\/travel-du.de\/reiseshop\/produkt\/flagge-neuseeland-150x90cm\/#primaryimage\"},\"thumbnailUrl\":\"https:\/\/travel-du.de\/reiseshop\/wp-content\/uploads\/2017\/01\/FLAGGE-NEUSEELAND-150x90cm-NEUSEELNDISCHE-FAHNE-90-x-150-cm-flaggen-AZ-FLAG-Top-Qualitt-0.jpg\",\"datePublished\":\"2017-01-21T20:31:09+00:00\",\"dateModified\":\"2020-02-02T21:21:08+00:00\",\"description\":\"Was mehr als eine Neuseeland-Flagge aufzuh\u00e4ngen zeigt die Verbundenheit zu dem Land, das du besucht hast? Material: Polyester 100D (F\u00fcr Innen & Au\u00dfen)\",\"breadcrumb\":{\"@id\":\"https:\/\/travel-du.de\/reiseshop\/produkt\/flagge-neuseeland-150x90cm\/#breadcrumb\"},\"inLanguage\":\"de\",\"potentialAction\":[{\"@type\":\"ReadAction\",\"target\":[\"https:\/\/travel-du.de\/reiseshop\/produkt\/flagge-neuseeland-150x90cm\/\"]}]},{\"@type\":\"ImageObject\",\"inLanguage\":\"de\",\"@id\":\"https:\/\/travel-du.de\/reiseshop\/produkt\/flagge-neuseeland-150x90cm\/#primaryimage\",\"url\":\"https:\/\/travel-du.de\/reiseshop\/wp-content\/uploads\/2017\/01\/FLAGGE-NEUSEELAND-150x90cm-NEUSEELNDISCHE-FAHNE-90-x-150-cm-flaggen-AZ-FLAG-Top-Qualitt-0.jpg\",\"contentUrl\":\"https:\/\/travel-du.de\/reiseshop\/wp-content\/uploads\/2017\/01\/FLAGGE-NEUSEELAND-150x90cm-NEUSEELNDISCHE-FAHNE-90-x-150-cm-flaggen-AZ-FLAG-Top-Qualitt-0.jpg\",\"width\":500,\"height\":333},{\"@type\":\"BreadcrumbList\",\"@id\":\"https:\/\/travel-du.de\/reiseshop\/produkt\/flagge-neuseeland-150x90cm\/#breadcrumb\",\"itemListElement\":[{\"@type\":\"ListItem\",\"position\":1,\"name\":\"Startseite\",\"item\":\"https:\/\/travel-du.de\/reiseshop\/\"},{\"@type\":\"ListItem\",\"position\":2,\"name\":\"Shop\",\"item\":\"https:\/\/travel-du.de\/reiseshop\/shop\/\"},{\"@type\":\"ListItem\",\"position\":3,\"name\":\"Neuseeland Flagge 150&#215;90 cm\"}]},{\"@type\":\"WebSite\",\"@id\":\"https:\/\/travel-du.de\/reiseshop\/#website\",\"url\":\"https:\/\/travel-du.de\/reiseshop\/\",\"name\":\"Reiseshop Travel-du.de\",\"description\":\"Der Shop f\u00fcr Reisende, Weltenbummler und Abenteurer\",\"potentialAction\":[{\"@type\":\"SearchAction\",\"target\":{\"@type\":\"EntryPoint\",\"urlTemplate\":\"https:\/\/travel-du.de\/reiseshop\/?s={search_term_string}\"},\"query-input\":{\"@type\":\"PropertyValueSpecification\",\"valueRequired\":true,\"valueName\":\"search_term_string\"}}],\"inLanguage\":\"de\"}]}<\/script>\n<!-- \/ Yoast SEO plugin. -->","yoast_head_json":{"title":"Neuseeland Flagge 150x90 cm &#8211; Reiseshop Travel-du.de","description":"Was mehr als eine Neuseeland-Flagge aufzuh\u00e4ngen zeigt die Verbundenheit zu dem Land, das du besucht hast? Material: Polyester 100D (F\u00fcr Innen & Au\u00dfen)","robots":{"index":"index","follow":"follow","max-snippet":"max-snippet:-1","max-image-preview":"max-image-preview:large","max-video-preview":"max-video-preview:-1"},"canonical":"https:\/\/travel-du.de\/reiseshop\/produkt\/flagge-neuseeland-150x90cm\/","og_locale":"de_DE","og_type":"article","og_title":"Neuseeland Flagge 150x90 cm &#8211; Reiseshop Travel-du.de","og_description":"Was mehr als eine Neuseeland-Flagge aufzuh\u00e4ngen zeigt die Verbundenheit zu dem Land, das du besucht hast? Material: Polyester 100D (F\u00fcr Innen & Au\u00dfen)","og_url":"https:\/\/travel-du.de\/reiseshop\/produkt\/flagge-neuseeland-150x90cm\/","og_site_name":"Reiseshop Travel-du.de","article_modified_time":"2020-02-02T21:21:08+00:00","og_image":[{"width":500,"height":333,"url":"https:\/\/travel-du.de\/reiseshop\/wp-content\/uploads\/2017\/01\/FLAGGE-NEUSEELAND-150x90cm-NEUSEELNDISCHE-FAHNE-90-x-150-cm-flaggen-AZ-FLAG-Top-Qualitt-0.jpg","type":"image\/jpeg"}],"twitter_card":"summary_large_image","schema":{"@context":"https:\/\/schema.org","@graph":[{"@type":"WebPage","@id":"https:\/\/travel-du.de\/reiseshop\/produkt\/flagge-neuseeland-150x90cm\/","url":"https:\/\/travel-du.de\/reiseshop\/produkt\/flagge-neuseeland-150x90cm\/","name":"Neuseeland Flagge 150x90 cm &#8211; Reiseshop Travel-du.de","isPartOf":{"@id":"https:\/\/travel-du.de\/reiseshop\/#website"},"primaryImageOfPage":{"@id":"https:\/\/travel-du.de\/reiseshop\/produkt\/flagge-neuseeland-150x90cm\/#primaryimage"},"image":{"@id":"https:\/\/travel-du.de\/reiseshop\/produkt\/flagge-neuseeland-150x90cm\/#primaryimage"},"thumbnailUrl":"https:\/\/travel-du.de\/reiseshop\/wp-content\/uploads\/2017\/01\/FLAGGE-NEUSEELAND-150x90cm-NEUSEELNDISCHE-FAHNE-90-x-150-cm-flaggen-AZ-FLAG-Top-Qualitt-0.jpg","datePublished":"2017-01-21T20:31:09+00:00","dateModified":"2020-02-02T21:21:08+00:00","description":"Was mehr als eine Neuseeland-Flagge aufzuh\u00e4ngen zeigt die Verbundenheit zu dem Land, das du besucht hast? Material: Polyester 100D (F\u00fcr Innen & Au\u00dfen)","breadcrumb":{"@id":"https:\/\/travel-du.de\/reiseshop\/produkt\/flagge-neuseeland-150x90cm\/#breadcrumb"},"inLanguage":"de","potentialAction":[{"@type":"ReadAction","target":["https:\/\/travel-du.de\/reiseshop\/produkt\/flagge-neuseeland-150x90cm\/"]}]},{"@type":"ImageObject","inLanguage":"de","@id":"https:\/\/travel-du.de\/reiseshop\/produkt\/flagge-neuseeland-150x90cm\/#primaryimage","url":"https:\/\/travel-du.de\/reiseshop\/wp-content\/uploads\/2017\/01\/FLAGGE-NEUSEELAND-150x90cm-NEUSEELNDISCHE-FAHNE-90-x-150-cm-flaggen-AZ-FLAG-Top-Qualitt-0.jpg","contentUrl":"https:\/\/travel-du.de\/reiseshop\/wp-content\/uploads\/2017\/01\/FLAGGE-NEUSEELAND-150x90cm-NEUSEELNDISCHE-FAHNE-90-x-150-cm-flaggen-AZ-FLAG-Top-Qualitt-0.jpg","width":500,"height":333},{"@type":"BreadcrumbList","@id":"https:\/\/travel-du.de\/reiseshop\/produkt\/flagge-neuseeland-150x90cm\/#breadcrumb","itemListElement":[{"@type":"ListItem","position":1,"name":"Startseite","item":"https:\/\/travel-du.de\/reiseshop\/"},{"@type":"ListItem","position":2,"name":"Shop","item":"https:\/\/travel-du.de\/reiseshop\/shop\/"},{"@type":"ListItem","position":3,"name":"Neuseeland Flagge 150&#215;90 cm"}]},{"@type":"WebSite","@id":"https:\/\/travel-du.de\/reiseshop\/#website","url":"https:\/\/travel-du.de\/reiseshop\/","name":"Reiseshop Travel-du.de","description":"Der Shop f\u00fcr Reisende, Weltenbummler und Abenteurer","potentialAction":[{"@type":"SearchAction","target":{"@type":"EntryPoint","urlTemplate":"https:\/\/travel-du.de\/reiseshop\/?s={search_term_string}"},"query-input":{"@type":"PropertyValueSpecification","valueRequired":true,"valueName":"search_term_string"}}],"inLanguage":"de"}]}},"_links":{"self":[{"href":"https:\/\/travel-du.de\/reiseshop\/wp-json\/wp\/v2\/product\/799","targetHints":{"allow":["GET"]}}],"collection":[{"href":"https:\/\/travel-du.de\/reiseshop\/wp-json\/wp\/v2\/product"}],"about":[{"href":"https:\/\/travel-du.de\/reiseshop\/wp-json\/wp\/v2\/types\/product"}],"replies":[{"embeddable":true,"href":"https:\/\/travel-du.de\/reiseshop\/wp-json\/wp\/v2\/comments?post=799"}],"wp:featuredmedia":[{"embeddable":true,"href":"https:\/\/travel-du.de\/reiseshop\/wp-json\/wp\/v2\/media\/800"}],"wp:attachment":[{"href":"https:\/\/travel-du.de\/reiseshop\/wp-json\/wp\/v2\/media?parent=799"}],"wp:term":[{"taxonomy":"product_brand","embeddable":true,"href":"https:\/\/travel-du.de\/reiseshop\/wp-json\/wp\/v2\/product_brand?post=799"},{"taxonomy":"product_cat","embeddable":true,"href":"https:\/\/travel-du.de\/reiseshop\/wp-json\/wp\/v2\/product_cat?post=799"},{"taxonomy":"product_tag","embeddable":true,"href":"https:\/\/travel-du.de\/reiseshop\/wp-json\/wp\/v2\/product_tag?post=799"}],"curies":[{"name":"wp","href":"https:\/\/api.w.org\/{rel}","templated":true}]}}