{"id":690,"date":"2017-01-08T13:05:37","date_gmt":"2017-01-08T12:05:37","guid":{"rendered":"http:\/\/travel-du.de\/reiseshop\/produkt\/per-anhalter-durch-suedamerika-zwei-jahre-56000-kilometer-ein-kontinent\/"},"modified":"2025-08-11T17:05:24","modified_gmt":"2025-08-11T15:05:24","slug":"per-anhalter-durch-suedamerika-zwei-jahre-56000-kilometer-ein-kontinent","status":"publish","type":"product","link":"https:\/\/travel-du.de\/reiseshop\/produkt\/per-anhalter-durch-suedamerika-zwei-jahre-56000-kilometer-ein-kontinent\/","title":{"rendered":"Per Anhalter durch S\u00fcdamerika: Zwei Jahre, 56000 Kilometer, ein Kontinent"},"content":{"rendered":"<p>Morten H\u00fcbbe und\u00a0Rochssare Neromand-Soma bereisen zusammen die Welt \u2013 oft per Anhalter und couchsurfing. Auf\u00a0nuestra-america.de berichteten sie einst dar\u00fcber. Nun kannst du ihre Abenteuer im Buch nachlesen.<\/p>\n<p>Sie erz\u00e4hlen die Geschichten Ihrer abenteuerlichen Reise durch S\u00fcdamerika auf lebsame Weise. Das spannende daran: Sie interessieren sich f\u00fcr das lokale Leben in den einzelnen L\u00e4ndern und berichten sehr detailliert von den Begegnungen und der Lebensweise der Einheimischen. Als Leser bekommt man so einen sehr ausf\u00fchrlrichen Einblick, wie das Leben in S\u00fcdamerika wirklich abl\u00e4uft \u2013 Super geschrieben und sehr spannend.<\/p>\n<p>Vor kurzem trampten die beiden \u00fcbrigens nach Indien \u2013 wieder per Anhalter und wieder f\u00fcr 2 Jahre.<br \/>\n<div class=\"main-cross-sell\" data-asin=\"3492406114\">\n\n\t<div class=\"WooZone-cross-sell-loader\">\n\t\t<div>\n\t\t\t<div id=\"floatingBarsG\">\n\t\t\t\t<div class=\"blockG\" id=\"rotateG_01\"><\/div>\n\t\t\t\t<div class=\"blockG\" id=\"rotateG_02\"><\/div>\n\t\t\t\t<div class=\"blockG\" id=\"rotateG_03\"><\/div>\n\t\t\t\t<div class=\"blockG\" id=\"rotateG_04\"><\/div>\n\t\t\t\t<div class=\"blockG\" id=\"rotateG_05\"><\/div>\n\t\t\t\t<div class=\"blockG\" id=\"rotateG_06\"><\/div>\n\t\t\t\t<div class=\"blockG\" id=\"rotateG_07\"><\/div>\n\t\t\t\t<div class=\"blockG\" id=\"rotateG_08\"><\/div>\n\t\t\t<\/div>\n\t\t\t<div class=\"WooZone-cross-sell-loader-text\"><\/div>\n\t\t<\/div>\n\t<\/div>\n\n\t\t\n<\/div>\n<div style=\"clear:both;\"><\/div><\/p>\n","protected":false},"excerpt":{"rendered":"<p>Morten H\u00fcbbe und\u00a0Rochssare Neromand-Soma bereisen zusammen die Welt \u2013 oft per Anhalter und couchsurfing. Auf\u00a0nuestra-america.de berichteten sie einst dar\u00fcber. Nun kannst du ihre Abenteuer im Buch nachlesen.<\/p>\n<p>Sie erz\u00e4hlen die Geschichten Ihrer abenteuerlichen Reise durch S\u00fcdamerika auf lebsame Weise. Das spannende daran: Sie interessieren sich f\u00fcr das lokale Leben in den einzelnen L\u00e4ndern und berichten sehr detailliert von den Begegnungen und der Lebensweise der Einheimischen. Als Leser bekommt man so einen sehr ausf\u00fchrlrichen Einblick, wie das Leben in S\u00fcdamerika wirklich abl\u00e4uft \u2013 Super geschrieben und sehr spannend.<\/p>\n","protected":false},"featured_media":691,"comment_status":"open","ping_status":"closed","template":"","meta":[],"product_brand":[],"product_cat":[87,101],"product_tag":[],"class_list":{"0":"post-690","1":"product","2":"type-product","3":"status-publish","4":"has-post-thumbnail","6":"product_cat-zu-hause","7":"product_cat-reiseliteratur","9":"first","10":"instock","11":"shipping-taxable","12":"product-type-external"},"yoast_head":"<!-- This site is optimized with the Yoast SEO plugin v26.2 - https:\/\/yoast.com\/wordpress\/plugins\/seo\/ -->\n<title>Per Anhalter durch S\u00fcdamerika: Zwei Jahre, 56000 Kilometer, ein Kontinent &#8211; Reiseshop Travel-du.de<\/title>\n<meta name=\"robots\" content=\"index, follow, max-snippet:-1, max-image-preview:large, max-video-preview:-1\" \/>\n<link rel=\"canonical\" href=\"https:\/\/travel-du.de\/reiseshop\/produkt\/per-anhalter-durch-suedamerika-zwei-jahre-56000-kilometer-ein-kontinent\/\" \/>\n<meta property=\"og:locale\" content=\"de_DE\" \/>\n<meta property=\"og:type\" content=\"article\" \/>\n<meta property=\"og:title\" content=\"Per Anhalter durch S\u00fcdamerika: Zwei Jahre, 56000 Kilometer, ein Kontinent &#8211; Reiseshop Travel-du.de\" \/>\n<meta property=\"og:description\" content=\"Morten H\u00fcbbe und\u00a0Rochssare Neromand-Soma bereisen zusammen die Welt \u2013 oft per Anhalter und couchsurfing. Auf\u00a0nuestra-america.de berichteten sie einst dar\u00fcber. Nun kannst du ihre Abenteuer im Buch nachlesen.  Sie erz\u00e4hlen die Geschichten Ihrer abenteuerlichen Reise durch S\u00fcdamerika auf lebsame Weise. Das spannende daran: Sie interessieren sich f\u00fcr das lokale Leben in den einzelnen L\u00e4ndern und berichten sehr detailliert von den Begegnungen und der Lebensweise der Einheimischen. Als Leser bekommt man so einen sehr ausf\u00fchrlrichen Einblick, wie das Leben in S\u00fcdamerika wirklich abl\u00e4uft \u2013 Super geschrieben und sehr spannend.\" \/>\n<meta property=\"og:url\" content=\"https:\/\/travel-du.de\/reiseshop\/produkt\/per-anhalter-durch-suedamerika-zwei-jahre-56000-kilometer-ein-kontinent\/\" \/>\n<meta property=\"og:site_name\" content=\"Reiseshop Travel-du.de\" \/>\n<meta property=\"article:modified_time\" content=\"2025-08-11T15:05:24+00:00\" \/>\n<meta property=\"og:image\" content=\"https:\/\/travel-du.de\/reiseshop\/wp-content\/uploads\/2017\/01\/Per-Anhalter-durch-Sdamerika-Zwei-Jahre-56000-Kilometer-ein-Kontinent-0.jpg\" \/>\n\t<meta property=\"og:image:width\" content=\"337\" \/>\n\t<meta property=\"og:image:height\" content=\"500\" \/>\n\t<meta property=\"og:image:type\" content=\"image\/jpeg\" \/>\n<meta name=\"twitter:card\" content=\"summary_large_image\" \/>\n<meta name=\"twitter:label1\" content=\"Gesch\u00e4tzte Lesezeit\" \/>\n\t<meta name=\"twitter:data1\" content=\"1\u00a0Minute\" \/>\n<script type=\"application\/ld+json\" class=\"yoast-schema-graph\">{\"@context\":\"https:\/\/schema.org\",\"@graph\":[{\"@type\":\"WebPage\",\"@id\":\"https:\/\/travel-du.de\/reiseshop\/produkt\/per-anhalter-durch-suedamerika-zwei-jahre-56000-kilometer-ein-kontinent\/\",\"url\":\"https:\/\/travel-du.de\/reiseshop\/produkt\/per-anhalter-durch-suedamerika-zwei-jahre-56000-kilometer-ein-kontinent\/\",\"name\":\"Per Anhalter durch S\u00fcdamerika: Zwei Jahre, 56000 Kilometer, ein Kontinent &#8211; Reiseshop Travel-du.de\",\"isPartOf\":{\"@id\":\"https:\/\/travel-du.de\/reiseshop\/#website\"},\"primaryImageOfPage\":{\"@id\":\"https:\/\/travel-du.de\/reiseshop\/produkt\/per-anhalter-durch-suedamerika-zwei-jahre-56000-kilometer-ein-kontinent\/#primaryimage\"},\"image\":{\"@id\":\"https:\/\/travel-du.de\/reiseshop\/produkt\/per-anhalter-durch-suedamerika-zwei-jahre-56000-kilometer-ein-kontinent\/#primaryimage\"},\"thumbnailUrl\":\"https:\/\/travel-du.de\/reiseshop\/wp-content\/uploads\/2017\/01\/Per-Anhalter-durch-Sdamerika-Zwei-Jahre-56000-Kilometer-ein-Kontinent-0.jpg\",\"datePublished\":\"2017-01-08T12:05:37+00:00\",\"dateModified\":\"2025-08-11T15:05:24+00:00\",\"breadcrumb\":{\"@id\":\"https:\/\/travel-du.de\/reiseshop\/produkt\/per-anhalter-durch-suedamerika-zwei-jahre-56000-kilometer-ein-kontinent\/#breadcrumb\"},\"inLanguage\":\"de\",\"potentialAction\":[{\"@type\":\"ReadAction\",\"target\":[\"https:\/\/travel-du.de\/reiseshop\/produkt\/per-anhalter-durch-suedamerika-zwei-jahre-56000-kilometer-ein-kontinent\/\"]}]},{\"@type\":\"ImageObject\",\"inLanguage\":\"de\",\"@id\":\"https:\/\/travel-du.de\/reiseshop\/produkt\/per-anhalter-durch-suedamerika-zwei-jahre-56000-kilometer-ein-kontinent\/#primaryimage\",\"url\":\"https:\/\/travel-du.de\/reiseshop\/wp-content\/uploads\/2017\/01\/Per-Anhalter-durch-Sdamerika-Zwei-Jahre-56000-Kilometer-ein-Kontinent-0.jpg\",\"contentUrl\":\"https:\/\/travel-du.de\/reiseshop\/wp-content\/uploads\/2017\/01\/Per-Anhalter-durch-Sdamerika-Zwei-Jahre-56000-Kilometer-ein-Kontinent-0.jpg\",\"width\":337,\"height\":500},{\"@type\":\"BreadcrumbList\",\"@id\":\"https:\/\/travel-du.de\/reiseshop\/produkt\/per-anhalter-durch-suedamerika-zwei-jahre-56000-kilometer-ein-kontinent\/#breadcrumb\",\"itemListElement\":[{\"@type\":\"ListItem\",\"position\":1,\"name\":\"Startseite\",\"item\":\"https:\/\/travel-du.de\/reiseshop\/\"},{\"@type\":\"ListItem\",\"position\":2,\"name\":\"Shop\",\"item\":\"https:\/\/travel-du.de\/reiseshop\/shop\/\"},{\"@type\":\"ListItem\",\"position\":3,\"name\":\"Per Anhalter durch S\u00fcdamerika: Zwei Jahre, 56000 Kilometer, ein Kontinent\"}]},{\"@type\":\"WebSite\",\"@id\":\"https:\/\/travel-du.de\/reiseshop\/#website\",\"url\":\"https:\/\/travel-du.de\/reiseshop\/\",\"name\":\"Reiseshop Travel-du.de\",\"description\":\"Der Shop f\u00fcr Reisende, Weltenbummler und Abenteurer\",\"potentialAction\":[{\"@type\":\"SearchAction\",\"target\":{\"@type\":\"EntryPoint\",\"urlTemplate\":\"https:\/\/travel-du.de\/reiseshop\/?s={search_term_string}\"},\"query-input\":{\"@type\":\"PropertyValueSpecification\",\"valueRequired\":true,\"valueName\":\"search_term_string\"}}],\"inLanguage\":\"de\"}]}<\/script>\n<!-- \/ Yoast SEO plugin. -->","yoast_head_json":{"title":"Per Anhalter durch S\u00fcdamerika: Zwei Jahre, 56000 Kilometer, ein Kontinent &#8211; Reiseshop Travel-du.de","robots":{"index":"index","follow":"follow","max-snippet":"max-snippet:-1","max-image-preview":"max-image-preview:large","max-video-preview":"max-video-preview:-1"},"canonical":"https:\/\/travel-du.de\/reiseshop\/produkt\/per-anhalter-durch-suedamerika-zwei-jahre-56000-kilometer-ein-kontinent\/","og_locale":"de_DE","og_type":"article","og_title":"Per Anhalter durch S\u00fcdamerika: Zwei Jahre, 56000 Kilometer, ein Kontinent &#8211; Reiseshop Travel-du.de","og_description":"Morten H\u00fcbbe und\u00a0Rochssare Neromand-Soma bereisen zusammen die Welt \u2013 oft per Anhalter und couchsurfing. Auf\u00a0nuestra-america.de berichteten sie einst dar\u00fcber. Nun kannst du ihre Abenteuer im Buch nachlesen.  Sie erz\u00e4hlen die Geschichten Ihrer abenteuerlichen Reise durch S\u00fcdamerika auf lebsame Weise. Das spannende daran: Sie interessieren sich f\u00fcr das lokale Leben in den einzelnen L\u00e4ndern und berichten sehr detailliert von den Begegnungen und der Lebensweise der Einheimischen. Als Leser bekommt man so einen sehr ausf\u00fchrlrichen Einblick, wie das Leben in S\u00fcdamerika wirklich abl\u00e4uft \u2013 Super geschrieben und sehr spannend.","og_url":"https:\/\/travel-du.de\/reiseshop\/produkt\/per-anhalter-durch-suedamerika-zwei-jahre-56000-kilometer-ein-kontinent\/","og_site_name":"Reiseshop Travel-du.de","article_modified_time":"2025-08-11T15:05:24+00:00","og_image":[{"width":337,"height":500,"url":"https:\/\/travel-du.de\/reiseshop\/wp-content\/uploads\/2017\/01\/Per-Anhalter-durch-Sdamerika-Zwei-Jahre-56000-Kilometer-ein-Kontinent-0.jpg","type":"image\/jpeg"}],"twitter_card":"summary_large_image","twitter_misc":{"Gesch\u00e4tzte Lesezeit":"1\u00a0Minute"},"schema":{"@context":"https:\/\/schema.org","@graph":[{"@type":"WebPage","@id":"https:\/\/travel-du.de\/reiseshop\/produkt\/per-anhalter-durch-suedamerika-zwei-jahre-56000-kilometer-ein-kontinent\/","url":"https:\/\/travel-du.de\/reiseshop\/produkt\/per-anhalter-durch-suedamerika-zwei-jahre-56000-kilometer-ein-kontinent\/","name":"Per Anhalter durch S\u00fcdamerika: Zwei Jahre, 56000 Kilometer, ein Kontinent &#8211; Reiseshop Travel-du.de","isPartOf":{"@id":"https:\/\/travel-du.de\/reiseshop\/#website"},"primaryImageOfPage":{"@id":"https:\/\/travel-du.de\/reiseshop\/produkt\/per-anhalter-durch-suedamerika-zwei-jahre-56000-kilometer-ein-kontinent\/#primaryimage"},"image":{"@id":"https:\/\/travel-du.de\/reiseshop\/produkt\/per-anhalter-durch-suedamerika-zwei-jahre-56000-kilometer-ein-kontinent\/#primaryimage"},"thumbnailUrl":"https:\/\/travel-du.de\/reiseshop\/wp-content\/uploads\/2017\/01\/Per-Anhalter-durch-Sdamerika-Zwei-Jahre-56000-Kilometer-ein-Kontinent-0.jpg","datePublished":"2017-01-08T12:05:37+00:00","dateModified":"2025-08-11T15:05:24+00:00","breadcrumb":{"@id":"https:\/\/travel-du.de\/reiseshop\/produkt\/per-anhalter-durch-suedamerika-zwei-jahre-56000-kilometer-ein-kontinent\/#breadcrumb"},"inLanguage":"de","potentialAction":[{"@type":"ReadAction","target":["https:\/\/travel-du.de\/reiseshop\/produkt\/per-anhalter-durch-suedamerika-zwei-jahre-56000-kilometer-ein-kontinent\/"]}]},{"@type":"ImageObject","inLanguage":"de","@id":"https:\/\/travel-du.de\/reiseshop\/produkt\/per-anhalter-durch-suedamerika-zwei-jahre-56000-kilometer-ein-kontinent\/#primaryimage","url":"https:\/\/travel-du.de\/reiseshop\/wp-content\/uploads\/2017\/01\/Per-Anhalter-durch-Sdamerika-Zwei-Jahre-56000-Kilometer-ein-Kontinent-0.jpg","contentUrl":"https:\/\/travel-du.de\/reiseshop\/wp-content\/uploads\/2017\/01\/Per-Anhalter-durch-Sdamerika-Zwei-Jahre-56000-Kilometer-ein-Kontinent-0.jpg","width":337,"height":500},{"@type":"BreadcrumbList","@id":"https:\/\/travel-du.de\/reiseshop\/produkt\/per-anhalter-durch-suedamerika-zwei-jahre-56000-kilometer-ein-kontinent\/#breadcrumb","itemListElement":[{"@type":"ListItem","position":1,"name":"Startseite","item":"https:\/\/travel-du.de\/reiseshop\/"},{"@type":"ListItem","position":2,"name":"Shop","item":"https:\/\/travel-du.de\/reiseshop\/shop\/"},{"@type":"ListItem","position":3,"name":"Per Anhalter durch S\u00fcdamerika: Zwei Jahre, 56000 Kilometer, ein Kontinent"}]},{"@type":"WebSite","@id":"https:\/\/travel-du.de\/reiseshop\/#website","url":"https:\/\/travel-du.de\/reiseshop\/","name":"Reiseshop Travel-du.de","description":"Der Shop f\u00fcr Reisende, Weltenbummler und Abenteurer","potentialAction":[{"@type":"SearchAction","target":{"@type":"EntryPoint","urlTemplate":"https:\/\/travel-du.de\/reiseshop\/?s={search_term_string}"},"query-input":{"@type":"PropertyValueSpecification","valueRequired":true,"valueName":"search_term_string"}}],"inLanguage":"de"}]}},"_links":{"self":[{"href":"https:\/\/travel-du.de\/reiseshop\/wp-json\/wp\/v2\/product\/690","targetHints":{"allow":["GET"]}}],"collection":[{"href":"https:\/\/travel-du.de\/reiseshop\/wp-json\/wp\/v2\/product"}],"about":[{"href":"https:\/\/travel-du.de\/reiseshop\/wp-json\/wp\/v2\/types\/product"}],"replies":[{"embeddable":true,"href":"https:\/\/travel-du.de\/reiseshop\/wp-json\/wp\/v2\/comments?post=690"}],"wp:featuredmedia":[{"embeddable":true,"href":"https:\/\/travel-du.de\/reiseshop\/wp-json\/wp\/v2\/media\/691"}],"wp:attachment":[{"href":"https:\/\/travel-du.de\/reiseshop\/wp-json\/wp\/v2\/media?parent=690"}],"wp:term":[{"taxonomy":"product_brand","embeddable":true,"href":"https:\/\/travel-du.de\/reiseshop\/wp-json\/wp\/v2\/product_brand?post=690"},{"taxonomy":"product_cat","embeddable":true,"href":"https:\/\/travel-du.de\/reiseshop\/wp-json\/wp\/v2\/product_cat?post=690"},{"taxonomy":"product_tag","embeddable":true,"href":"https:\/\/travel-du.de\/reiseshop\/wp-json\/wp\/v2\/product_tag?post=690"}],"curies":[{"name":"wp","href":"https:\/\/api.w.org\/{rel}","templated":true}]}}