{"id":681,"date":"2016-12-29T23:11:29","date_gmt":"2016-12-29T22:11:29","guid":{"rendered":"http:\/\/travel-du.de\/reiseshop\/produkt\/relags-scrubba-wash-bag-waschsack-gruen-one-size\/"},"modified":"2025-08-17T19:07:55","modified_gmt":"2025-08-17T17:07:55","slug":"mobile-waschmaschine-scrubba-waschsack","status":"publish","type":"product","link":"https:\/\/travel-du.de\/reiseshop\/produkt\/mobile-waschmaschine-scrubba-waschsack\/","title":{"rendered":"Mobile Waschmaschine: Scrubba &#8218;Wash Bag&#8216;"},"content":{"rendered":"<p>&nbsp;<\/p>\n<p>Der\u00a0Scrubba Wash Bag, ist die weltweit kleinste Waschmaschine. Sie wiegt weniger als 145 g. Mit dem Waschsack kannst du deine W\u00e4sche in\u00a0wenigen Minuten waschen \u2013 wann und wo immer du m\u00f6chtest. Vor allem praktisch beim Campen: Packe weniger Kleidung ein und reise mit einem leichteren Rucksack.<\/p>\n<h2>Wie funktioniert das Ganze?<\/h2>\n<p>Die Funktionsweise ist auf dem Wash Bag aufgedruckt. Es ist ganz einfach: Packe deine W\u00e4sche in den Waschsack, dazu etwas fl\u00fcssiges Waschmittel und kaltes Wasser. Dann hei\u00dft es kr\u00e4ftig sch\u00fctteln und kneten, wie bei einem normalen Waschbrett. Der Scrubba Wash Bag hat eingebaute Noppen, ein Sichtfenster, F\u00fcllmarken und einen Rollverschluss.<\/p>\n<p>Hier ein kurzes Video:<br \/>\n<iframe loading=\"lazy\" src=\"https:\/\/www.youtube.com\/embed\/KZNkTfIAp2I?rel=0&amp;showinfo=0\" width=\"640\" height=\"360\" frameborder=\"0\" allowfullscreen=\"allowfullscreen\"><\/iframe><\/p>\n<p>Er\u00a0ist Wasser sparend und \u00e4u\u00dferst effizient. Das verwendete Material ist haltbar und so gew\u00e4hlt, dass die volle Funktion \u00fcber lange Zeit erhalten bleibt.<\/p>\n<p>Umfang: 6 Liter<\/p>\n<div class=\"main-cross-sell\" data-asin=\"B00BUI7HFC\">\n\n\t<div class=\"WooZone-cross-sell-loader\">\n\t\t<div>\n\t\t\t<div id=\"floatingBarsG\">\n\t\t\t\t<div class=\"blockG\" id=\"rotateG_01\"><\/div>\n\t\t\t\t<div class=\"blockG\" id=\"rotateG_02\"><\/div>\n\t\t\t\t<div class=\"blockG\" id=\"rotateG_03\"><\/div>\n\t\t\t\t<div class=\"blockG\" id=\"rotateG_04\"><\/div>\n\t\t\t\t<div class=\"blockG\" id=\"rotateG_05\"><\/div>\n\t\t\t\t<div class=\"blockG\" id=\"rotateG_06\"><\/div>\n\t\t\t\t<div class=\"blockG\" id=\"rotateG_07\"><\/div>\n\t\t\t\t<div class=\"blockG\" id=\"rotateG_08\"><\/div>\n\t\t\t<\/div>\n\t\t\t<div class=\"WooZone-cross-sell-loader-text\"><\/div>\n\t\t<\/div>\n\t<\/div>\n\n\t\t\n<\/div>\n<div style=\"clear:both;\"><\/div>\n","protected":false},"excerpt":{"rendered":"<p>Der Scrubba Wash Bag, ist die weltweit kleinste Waschmaschine. Sie wiegt weniger als 145 g. Mit dem Waschsack kannst du deine W\u00e4sche in wenigen Minuten waschen \u2013 wann und wo immer du m\u00f6chtest. Vor allem praktisch beim Campen: Packe weniger Kleidung ein und reise mit einem leichteren Rucksack.<\/p>\n<div class=\"amazon-button\" style=\"text-align: center;\">\u21d2 Direkt bei Amazon bestellen.<\/div>\n<p>&nbsp;<\/p>\n","protected":false},"featured_media":682,"comment_status":"open","ping_status":"closed","template":"","meta":[],"product_brand":[],"product_cat":[86,185],"product_tag":[],"class_list":{"0":"post-681","1":"product","2":"type-product","3":"status-publish","4":"has-post-thumbnail","6":"product_cat-unterwegs","7":"product_cat-nuetzliches-fuer-unterwegs-reisen","9":"first","10":"instock","11":"shipping-taxable","12":"product-type-external"},"yoast_head":"<!-- This site is optimized with the Yoast SEO plugin v26.2 - https:\/\/yoast.com\/wordpress\/plugins\/seo\/ -->\n<title>Mobile Waschmaschine: Scrubba &#039;Wash Bag&#039; &#8211; Reiseshop Travel-du.de<\/title>\n<meta name=\"robots\" content=\"index, follow, max-snippet:-1, max-image-preview:large, max-video-preview:-1\" \/>\n<link rel=\"canonical\" href=\"https:\/\/travel-du.de\/reiseshop\/produkt\/mobile-waschmaschine-scrubba-waschsack\/\" \/>\n<meta property=\"og:locale\" content=\"de_DE\" \/>\n<meta property=\"og:type\" content=\"article\" \/>\n<meta property=\"og:title\" content=\"Mobile Waschmaschine: Scrubba &#039;Wash Bag&#039; &#8211; Reiseshop Travel-du.de\" \/>\n<meta property=\"og:description\" content=\"Der Scrubba Wash Bag, ist die weltweit kleinste Waschmaschine. Sie wiegt weniger als 145 g. Mit dem Waschsack kannst du deine W\u00e4sche in wenigen Minuten waschen \u2013 wann und wo immer du m\u00f6chtest. Vor allem praktisch beim Campen: Packe weniger Kleidung ein und reise mit einem leichteren Rucksack. \u21d2 Direkt bei Amazon bestellen. &nbsp;\" \/>\n<meta property=\"og:url\" content=\"https:\/\/travel-du.de\/reiseshop\/produkt\/mobile-waschmaschine-scrubba-waschsack\/\" \/>\n<meta property=\"og:site_name\" content=\"Reiseshop Travel-du.de\" \/>\n<meta property=\"article:modified_time\" content=\"2025-08-17T17:07:55+00:00\" \/>\n<meta property=\"og:image\" content=\"https:\/\/travel-du.de\/reiseshop\/wp-content\/uploads\/2016\/12\/Relags-Scrubba-Wash-Bag-Waschsack-Grn-One-Size-0.jpg\" \/>\n\t<meta property=\"og:image:width\" content=\"500\" \/>\n\t<meta property=\"og:image:height\" content=\"396\" \/>\n\t<meta property=\"og:image:type\" content=\"image\/jpeg\" \/>\n<meta name=\"twitter:card\" content=\"summary_large_image\" \/>\n<meta name=\"twitter:label1\" content=\"Gesch\u00e4tzte Lesezeit\" \/>\n\t<meta name=\"twitter:data1\" content=\"1\u00a0Minute\" \/>\n<script type=\"application\/ld+json\" class=\"yoast-schema-graph\">{\"@context\":\"https:\/\/schema.org\",\"@graph\":[{\"@type\":\"WebPage\",\"@id\":\"https:\/\/travel-du.de\/reiseshop\/produkt\/mobile-waschmaschine-scrubba-waschsack\/\",\"url\":\"https:\/\/travel-du.de\/reiseshop\/produkt\/mobile-waschmaschine-scrubba-waschsack\/\",\"name\":\"Mobile Waschmaschine: Scrubba 'Wash Bag' &#8211; Reiseshop Travel-du.de\",\"isPartOf\":{\"@id\":\"https:\/\/travel-du.de\/reiseshop\/#website\"},\"primaryImageOfPage\":{\"@id\":\"https:\/\/travel-du.de\/reiseshop\/produkt\/mobile-waschmaschine-scrubba-waschsack\/#primaryimage\"},\"image\":{\"@id\":\"https:\/\/travel-du.de\/reiseshop\/produkt\/mobile-waschmaschine-scrubba-waschsack\/#primaryimage\"},\"thumbnailUrl\":\"https:\/\/travel-du.de\/reiseshop\/wp-content\/uploads\/2016\/12\/Relags-Scrubba-Wash-Bag-Waschsack-Grn-One-Size-0.jpg\",\"datePublished\":\"2016-12-29T22:11:29+00:00\",\"dateModified\":\"2025-08-17T17:07:55+00:00\",\"breadcrumb\":{\"@id\":\"https:\/\/travel-du.de\/reiseshop\/produkt\/mobile-waschmaschine-scrubba-waschsack\/#breadcrumb\"},\"inLanguage\":\"de\",\"potentialAction\":[{\"@type\":\"ReadAction\",\"target\":[\"https:\/\/travel-du.de\/reiseshop\/produkt\/mobile-waschmaschine-scrubba-waschsack\/\"]}]},{\"@type\":\"ImageObject\",\"inLanguage\":\"de\",\"@id\":\"https:\/\/travel-du.de\/reiseshop\/produkt\/mobile-waschmaschine-scrubba-waschsack\/#primaryimage\",\"url\":\"https:\/\/travel-du.de\/reiseshop\/wp-content\/uploads\/2016\/12\/Relags-Scrubba-Wash-Bag-Waschsack-Grn-One-Size-0.jpg\",\"contentUrl\":\"https:\/\/travel-du.de\/reiseshop\/wp-content\/uploads\/2016\/12\/Relags-Scrubba-Wash-Bag-Waschsack-Grn-One-Size-0.jpg\",\"width\":500,\"height\":396},{\"@type\":\"BreadcrumbList\",\"@id\":\"https:\/\/travel-du.de\/reiseshop\/produkt\/mobile-waschmaschine-scrubba-waschsack\/#breadcrumb\",\"itemListElement\":[{\"@type\":\"ListItem\",\"position\":1,\"name\":\"Startseite\",\"item\":\"https:\/\/travel-du.de\/reiseshop\/\"},{\"@type\":\"ListItem\",\"position\":2,\"name\":\"Shop\",\"item\":\"https:\/\/travel-du.de\/reiseshop\/shop\/\"},{\"@type\":\"ListItem\",\"position\":3,\"name\":\"Mobile Waschmaschine: Scrubba &#8218;Wash Bag&#8216;\"}]},{\"@type\":\"WebSite\",\"@id\":\"https:\/\/travel-du.de\/reiseshop\/#website\",\"url\":\"https:\/\/travel-du.de\/reiseshop\/\",\"name\":\"Reiseshop Travel-du.de\",\"description\":\"Der Shop f\u00fcr Reisende, Weltenbummler und Abenteurer\",\"potentialAction\":[{\"@type\":\"SearchAction\",\"target\":{\"@type\":\"EntryPoint\",\"urlTemplate\":\"https:\/\/travel-du.de\/reiseshop\/?s={search_term_string}\"},\"query-input\":{\"@type\":\"PropertyValueSpecification\",\"valueRequired\":true,\"valueName\":\"search_term_string\"}}],\"inLanguage\":\"de\"}]}<\/script>\n<!-- \/ Yoast SEO plugin. -->","yoast_head_json":{"title":"Mobile Waschmaschine: Scrubba 'Wash Bag' &#8211; Reiseshop Travel-du.de","robots":{"index":"index","follow":"follow","max-snippet":"max-snippet:-1","max-image-preview":"max-image-preview:large","max-video-preview":"max-video-preview:-1"},"canonical":"https:\/\/travel-du.de\/reiseshop\/produkt\/mobile-waschmaschine-scrubba-waschsack\/","og_locale":"de_DE","og_type":"article","og_title":"Mobile Waschmaschine: Scrubba 'Wash Bag' &#8211; Reiseshop Travel-du.de","og_description":"Der Scrubba Wash Bag, ist die weltweit kleinste Waschmaschine. Sie wiegt weniger als 145 g. Mit dem Waschsack kannst du deine W\u00e4sche in wenigen Minuten waschen \u2013 wann und wo immer du m\u00f6chtest. Vor allem praktisch beim Campen: Packe weniger Kleidung ein und reise mit einem leichteren Rucksack. \u21d2 Direkt bei Amazon bestellen. &nbsp;","og_url":"https:\/\/travel-du.de\/reiseshop\/produkt\/mobile-waschmaschine-scrubba-waschsack\/","og_site_name":"Reiseshop Travel-du.de","article_modified_time":"2025-08-17T17:07:55+00:00","og_image":[{"width":500,"height":396,"url":"https:\/\/travel-du.de\/reiseshop\/wp-content\/uploads\/2016\/12\/Relags-Scrubba-Wash-Bag-Waschsack-Grn-One-Size-0.jpg","type":"image\/jpeg"}],"twitter_card":"summary_large_image","twitter_misc":{"Gesch\u00e4tzte Lesezeit":"1\u00a0Minute"},"schema":{"@context":"https:\/\/schema.org","@graph":[{"@type":"WebPage","@id":"https:\/\/travel-du.de\/reiseshop\/produkt\/mobile-waschmaschine-scrubba-waschsack\/","url":"https:\/\/travel-du.de\/reiseshop\/produkt\/mobile-waschmaschine-scrubba-waschsack\/","name":"Mobile Waschmaschine: Scrubba 'Wash Bag' &#8211; Reiseshop Travel-du.de","isPartOf":{"@id":"https:\/\/travel-du.de\/reiseshop\/#website"},"primaryImageOfPage":{"@id":"https:\/\/travel-du.de\/reiseshop\/produkt\/mobile-waschmaschine-scrubba-waschsack\/#primaryimage"},"image":{"@id":"https:\/\/travel-du.de\/reiseshop\/produkt\/mobile-waschmaschine-scrubba-waschsack\/#primaryimage"},"thumbnailUrl":"https:\/\/travel-du.de\/reiseshop\/wp-content\/uploads\/2016\/12\/Relags-Scrubba-Wash-Bag-Waschsack-Grn-One-Size-0.jpg","datePublished":"2016-12-29T22:11:29+00:00","dateModified":"2025-08-17T17:07:55+00:00","breadcrumb":{"@id":"https:\/\/travel-du.de\/reiseshop\/produkt\/mobile-waschmaschine-scrubba-waschsack\/#breadcrumb"},"inLanguage":"de","potentialAction":[{"@type":"ReadAction","target":["https:\/\/travel-du.de\/reiseshop\/produkt\/mobile-waschmaschine-scrubba-waschsack\/"]}]},{"@type":"ImageObject","inLanguage":"de","@id":"https:\/\/travel-du.de\/reiseshop\/produkt\/mobile-waschmaschine-scrubba-waschsack\/#primaryimage","url":"https:\/\/travel-du.de\/reiseshop\/wp-content\/uploads\/2016\/12\/Relags-Scrubba-Wash-Bag-Waschsack-Grn-One-Size-0.jpg","contentUrl":"https:\/\/travel-du.de\/reiseshop\/wp-content\/uploads\/2016\/12\/Relags-Scrubba-Wash-Bag-Waschsack-Grn-One-Size-0.jpg","width":500,"height":396},{"@type":"BreadcrumbList","@id":"https:\/\/travel-du.de\/reiseshop\/produkt\/mobile-waschmaschine-scrubba-waschsack\/#breadcrumb","itemListElement":[{"@type":"ListItem","position":1,"name":"Startseite","item":"https:\/\/travel-du.de\/reiseshop\/"},{"@type":"ListItem","position":2,"name":"Shop","item":"https:\/\/travel-du.de\/reiseshop\/shop\/"},{"@type":"ListItem","position":3,"name":"Mobile Waschmaschine: Scrubba &#8218;Wash Bag&#8216;"}]},{"@type":"WebSite","@id":"https:\/\/travel-du.de\/reiseshop\/#website","url":"https:\/\/travel-du.de\/reiseshop\/","name":"Reiseshop Travel-du.de","description":"Der Shop f\u00fcr Reisende, Weltenbummler und Abenteurer","potentialAction":[{"@type":"SearchAction","target":{"@type":"EntryPoint","urlTemplate":"https:\/\/travel-du.de\/reiseshop\/?s={search_term_string}"},"query-input":{"@type":"PropertyValueSpecification","valueRequired":true,"valueName":"search_term_string"}}],"inLanguage":"de"}]}},"_links":{"self":[{"href":"https:\/\/travel-du.de\/reiseshop\/wp-json\/wp\/v2\/product\/681","targetHints":{"allow":["GET"]}}],"collection":[{"href":"https:\/\/travel-du.de\/reiseshop\/wp-json\/wp\/v2\/product"}],"about":[{"href":"https:\/\/travel-du.de\/reiseshop\/wp-json\/wp\/v2\/types\/product"}],"replies":[{"embeddable":true,"href":"https:\/\/travel-du.de\/reiseshop\/wp-json\/wp\/v2\/comments?post=681"}],"wp:featuredmedia":[{"embeddable":true,"href":"https:\/\/travel-du.de\/reiseshop\/wp-json\/wp\/v2\/media\/682"}],"wp:attachment":[{"href":"https:\/\/travel-du.de\/reiseshop\/wp-json\/wp\/v2\/media?parent=681"}],"wp:term":[{"taxonomy":"product_brand","embeddable":true,"href":"https:\/\/travel-du.de\/reiseshop\/wp-json\/wp\/v2\/product_brand?post=681"},{"taxonomy":"product_cat","embeddable":true,"href":"https:\/\/travel-du.de\/reiseshop\/wp-json\/wp\/v2\/product_cat?post=681"},{"taxonomy":"product_tag","embeddable":true,"href":"https:\/\/travel-du.de\/reiseshop\/wp-json\/wp\/v2\/product_tag?post=681"}],"curies":[{"name":"wp","href":"https:\/\/api.w.org\/{rel}","templated":true}]}}