{"id":6522,"date":"2025-10-28T12:25:37","date_gmt":"2025-10-28T11:25:37","guid":{"rendered":"https:\/\/travel-du.de\/reiseshop\/produkt\/geschenkset-weisswurst-2x-weisswurst-im-glas-4-stueck-1-glas-suesser-senf-a-120g-original-muenchner-weisswurst-nach-uropa-johann-diems-rezept-langes-mhd-220g-abtropfgewicht-40\/"},"modified":"2025-10-28T16:15:52","modified_gmt":"2025-10-28T15:15:52","slug":"geschenkset-weisswurst","status":"publish","type":"product","link":"https:\/\/travel-du.de\/reiseshop\/produkt\/geschenkset-weisswurst\/","title":{"rendered":"Geschenkset Wei\u00dfwurst + 1 Glas s\u00fc\u00dfer Senf, Original M\u00fcnchner Rezept"},"content":{"rendered":"<p class=\"my-2 [&amp;+p]:mt-4 [&amp;_strong:has(+br)]:inline-block [&amp;_strong:has(+br)]:pb-2\"><strong>Produktdetails:<\/strong><\/p>\n<ul class=\"marker:text-quiet list-disc\">\n<li class=\"py-0 my-0 prose-p:pt-0 prose-p:mb-2 prose-p:my-0 [&amp;&gt;p]:pt-0 [&amp;&gt;p]:mb-2 [&amp;&gt;p]:my-0\">\n<p class=\"my-2 [&amp;+p]:mt-4 [&amp;_strong:has(+br)]:inline-block [&amp;_strong:has(+br)]:pb-2\"><strong>Feinste Zutaten:<\/strong>\u00a072% Schweine- und Kalbfleisch, hochwertiger Schweinedarm, Petersilie und ausgew\u00e4hlte Gew\u00fcrze sorgen f\u00fcr authentischen Geschmack.<\/p>\n<\/li>\n<li class=\"py-0 my-0 prose-p:pt-0 prose-p:mb-2 prose-p:my-0 [&amp;&gt;p]:pt-0 [&amp;&gt;p]:mb-2 [&amp;&gt;p]:my-0\">\n<p class=\"my-2 [&amp;+p]:mt-4 [&amp;_strong:has(+br)]:inline-block [&amp;_strong:has(+br)]:pb-2\"><strong>Schonend im Glas konserviert:<\/strong>\u00a0Langes MHD (mind. 24 Monate), k\u00fchl und trocken lagern, einfach warm machen und genie\u00dfen \u2013 ideal als Vorrat oder Geschenk.<\/p>\n<\/li>\n<li class=\"py-0 my-0 prose-p:pt-0 prose-p:mb-2 prose-p:my-0 [&amp;&gt;p]:pt-0 [&amp;&gt;p]:mb-2 [&amp;&gt;p]:my-0\">\n<p class=\"my-2 [&amp;+p]:mt-4 [&amp;_strong:has(+br)]:inline-block [&amp;_strong:has(+br)]:pb-2\"><strong>Herzhaft &amp; mild:<\/strong>\u00a0Die Wei\u00dfw\u00fcrste \u00fcberzeugen durch zarte Konsistenz und fein abgestimmte W\u00fcrze, erg\u00e4nzt durch klassischen s\u00fc\u00dfen Senf im Glas.<\/p>\n<\/li>\n<li class=\"py-0 my-0 prose-p:pt-0 prose-p:mb-2 prose-p:my-0 [&amp;&gt;p]:pt-0 [&amp;&gt;p]:mb-2 [&amp;&gt;p]:my-0\">\n<p class=\"my-2 [&amp;+p]:mt-4 [&amp;_strong:has(+br)]:inline-block [&amp;_strong:has(+br)]:pb-2\"><strong>Originalrezept:<\/strong>\u00a0Nach traditionellem Hausrezept des Gasthof Diem \u2013 bekannt aus M\u00fcnchen und Umgebung.\u200b<\/p>\n<\/li>\n<li class=\"py-0 my-0 prose-p:pt-0 prose-p:mb-2 prose-p:my-0 [&amp;&gt;p]:pt-0 [&amp;&gt;p]:mb-2 [&amp;&gt;p]:my-0\">\n<p class=\"my-2 [&amp;+p]:mt-4 [&amp;_strong:has(+br)]:inline-block [&amp;_strong:has(+br)]:pb-2\"><strong>Bayerischer Genuss zu Hause:<\/strong>\u00a0Perfekt zusammen mit Laugenbrezeln und einem k\u00fchlen Wei\u00dfbier \u2013 wie im Wirtshaus!<\/p>\n<\/li>\n<\/ul>\n<p class=\"my-2 [&amp;+p]:mt-4 [&amp;_strong:has(+br)]:inline-block [&amp;_strong:has(+br)]:pb-2\"><strong>N\u00e4hrwerte pro 100g (abgetropft):<\/strong><\/p>\n<ul class=\"marker:text-quiet list-disc\">\n<li class=\"py-0 my-0 prose-p:pt-0 prose-p:mb-2 prose-p:my-0 [&amp;&gt;p]:pt-0 [&amp;&gt;p]:mb-2 [&amp;&gt;p]:my-0\">\n<p class=\"my-2 [&amp;+p]:mt-4 [&amp;_strong:has(+br)]:inline-block [&amp;_strong:has(+br)]:pb-2\">Energie: 975 kJ \/ 236 kcal<\/p>\n<\/li>\n<li class=\"py-0 my-0 prose-p:pt-0 prose-p:mb-2 prose-p:my-0 [&amp;&gt;p]:pt-0 [&amp;&gt;p]:mb-2 [&amp;&gt;p]:my-0\">\n<p class=\"my-2 [&amp;+p]:mt-4 [&amp;_strong:has(+br)]:inline-block [&amp;_strong:has(+br)]:pb-2\">Fett: 20,9 g (ges\u00e4ttigte Fetts\u00e4uren: 8,6g)<\/p>\n<\/li>\n<li class=\"py-0 my-0 prose-p:pt-0 prose-p:mb-2 prose-p:my-0 [&amp;&gt;p]:pt-0 [&amp;&gt;p]:mb-2 [&amp;&gt;p]:my-0\">\n<p class=\"my-2 [&amp;+p]:mt-4 [&amp;_strong:has(+br)]:inline-block [&amp;_strong:has(+br)]:pb-2\">Kohlenhydrate: 1,0 g (davon Zucker: 0,5g)<\/p>\n<\/li>\n<li class=\"py-0 my-0 prose-p:pt-0 prose-p:mb-2 prose-p:my-0 [&amp;&gt;p]:pt-0 [&amp;&gt;p]:mb-2 [&amp;&gt;p]:my-0\">\n<p class=\"my-2 [&amp;+p]:mt-4 [&amp;_strong:has(+br)]:inline-block [&amp;_strong:has(+br)]:pb-2\">Eiwei\u00df: 11,2 g<\/p>\n<\/li>\n<li class=\"py-0 my-0 prose-p:pt-0 prose-p:mb-2 prose-p:my-0 [&amp;&gt;p]:pt-0 [&amp;&gt;p]:mb-2 [&amp;&gt;p]:my-0\">\n<p class=\"my-2 [&amp;+p]:mt-4 [&amp;_strong:has(+br)]:inline-block [&amp;_strong:has(+br)]:pb-2\">Salz: 1,6 g<\/p>\n<\/li>\n<\/ul>\n<p class=\"my-2 [&amp;+p]:mt-4 [&amp;_strong:has(+br)]:inline-block [&amp;_strong:has(+br)]:pb-2\"><strong>Senf-N\u00e4hrwerte pro 100g:<\/strong><\/p>\n<ul class=\"marker:text-quiet list-disc\">\n<li class=\"py-0 my-0 prose-p:pt-0 prose-p:mb-2 prose-p:my-0 [&amp;&gt;p]:pt-0 [&amp;&gt;p]:mb-2 [&amp;&gt;p]:my-0\">\n<p class=\"my-2 [&amp;+p]:mt-4 [&amp;_strong:has(+br)]:inline-block [&amp;_strong:has(+br)]:pb-2\">Energie: 225 kcal \/ 942 kJ<\/p>\n<\/li>\n<li class=\"py-0 my-0 prose-p:pt-0 prose-p:mb-2 prose-p:my-0 [&amp;&gt;p]:pt-0 [&amp;&gt;p]:mb-2 [&amp;&gt;p]:my-0\">\n<p class=\"my-2 [&amp;+p]:mt-4 [&amp;_strong:has(+br)]:inline-block [&amp;_strong:has(+br)]:pb-2\">Fett: 2,8 g (davon ges\u00e4ttigte Fetts\u00e4uren: 1g)<\/p>\n<\/li>\n<li class=\"py-0 my-0 prose-p:pt-0 prose-p:mb-2 prose-p:my-0 [&amp;&gt;p]:pt-0 [&amp;&gt;p]:mb-2 [&amp;&gt;p]:my-0\">\n<p class=\"my-2 [&amp;+p]:mt-4 [&amp;_strong:has(+br)]:inline-block [&amp;_strong:has(+br)]:pb-2\">Kohlenhydrate: 39,3 g (davon Zucker: 38,2g)<\/p>\n<\/li>\n<li class=\"py-0 my-0 prose-p:pt-0 prose-p:mb-2 prose-p:my-0 [&amp;&gt;p]:pt-0 [&amp;&gt;p]:mb-2 [&amp;&gt;p]:my-0\">\n<p class=\"my-2 [&amp;+p]:mt-4 [&amp;_strong:has(+br)]:inline-block [&amp;_strong:has(+br)]:pb-2\">Eiwei\u00df: 7g<\/p>\n<\/li>\n<li class=\"py-0 my-0 prose-p:pt-0 prose-p:mb-2 prose-p:my-0 [&amp;&gt;p]:pt-0 [&amp;&gt;p]:mb-2 [&amp;&gt;p]:my-0\">\n<p class=\"my-2 [&amp;+p]:mt-4 [&amp;_strong:has(+br)]:inline-block [&amp;_strong:has(+br)]:pb-2\">Salz: 3g<\/p>\n<\/li>\n<\/ul>\n<p class=\"my-2 [&amp;+p]:mt-4 [&amp;_strong:has(+br)]:inline-block [&amp;_strong:has(+br)]:pb-2\"><strong>Lagerung:<\/strong><br \/>\nK\u00fchl und trocken aufbewahren, vor Sonne sch\u00fctzen; mindestens 24 Monate haltbar.<\/p>\n<div class=\"main-cross-sell\" data-asin=\"B09DYRXPRQ\">\n\n\t<div class=\"WooZone-cross-sell-loader\">\n\t\t<div>\n\t\t\t<div id=\"floatingBarsG\">\n\t\t\t\t<div class=\"blockG\" id=\"rotateG_01\"><\/div>\n\t\t\t\t<div class=\"blockG\" id=\"rotateG_02\"><\/div>\n\t\t\t\t<div class=\"blockG\" id=\"rotateG_03\"><\/div>\n\t\t\t\t<div class=\"blockG\" id=\"rotateG_04\"><\/div>\n\t\t\t\t<div class=\"blockG\" id=\"rotateG_05\"><\/div>\n\t\t\t\t<div class=\"blockG\" id=\"rotateG_06\"><\/div>\n\t\t\t\t<div class=\"blockG\" id=\"rotateG_07\"><\/div>\n\t\t\t\t<div class=\"blockG\" id=\"rotateG_08\"><\/div>\n\t\t\t<\/div>\n\t\t\t<div class=\"WooZone-cross-sell-loader-text\"><\/div>\n\t\t<\/div>\n\t<\/div>\n\n\t\t\n<\/div>\n<div style=\"clear:both;\"><\/div>\n","protected":false},"excerpt":{"rendered":"<p>Genie\u00dfe echte M\u00fcnchner Wei\u00dfwursttradition wie im Biergarten: Das Set enth\u00e4lt 2 Gl\u00e4ser Wei\u00dfw\u00fcrste (je 4 St\u00fcck, insgesamt 8, 220g Abtropfgewicht pro Glas) nach dem Originalrezept von Uropa Johann Diem sowie ein Glas s\u00fc\u00dfer Senf (120g) \u2013 f\u00fcr das perfekte bayerische Fr\u00fchst\u00fcck!<\/p>\n","protected":false},"featured_media":6523,"comment_status":"closed","ping_status":"closed","template":"","meta":[],"product_brand":[],"product_cat":[4031,120],"product_tag":[],"class_list":{"0":"post-6522","1":"product","2":"type-product","3":"status-publish","4":"has-post-thumbnail","6":"product_cat-deutschland-geschenkideen","7":"product_cat-reise-geschenke","9":"first","10":"instock","11":"shipping-taxable","12":"product-type-external"},"yoast_head":"<!-- This site is optimized with the Yoast SEO plugin v26.2 - https:\/\/yoast.com\/wordpress\/plugins\/seo\/ -->\n<title>Geschenkset Wei\u00dfwurst + 1 Glas s\u00fc\u00dfer Senf<\/title>\n<meta name=\"description\" content=\"Deutschland Geschenkidee: Genie\u00dfe echte M\u00fcnchner Wei\u00dfwursttradition wie im Biergarten \u2013 f\u00fcr das perfekte bayerische Fr\u00fchst\u00fcck!\" \/>\n<meta name=\"robots\" content=\"index, follow, max-snippet:-1, max-image-preview:large, max-video-preview:-1\" \/>\n<link rel=\"canonical\" href=\"https:\/\/travel-du.de\/reiseshop\/produkt\/geschenkset-weisswurst\/\" \/>\n<meta property=\"og:locale\" content=\"de_DE\" \/>\n<meta property=\"og:type\" content=\"article\" \/>\n<meta property=\"og:title\" content=\"Geschenkset Wei\u00dfwurst + 1 Glas s\u00fc\u00dfer Senf\" \/>\n<meta property=\"og:description\" content=\"Deutschland Geschenkidee: Genie\u00dfe echte M\u00fcnchner Wei\u00dfwursttradition wie im Biergarten \u2013 f\u00fcr das perfekte bayerische Fr\u00fchst\u00fcck!\" \/>\n<meta property=\"og:url\" content=\"https:\/\/travel-du.de\/reiseshop\/produkt\/geschenkset-weisswurst\/\" \/>\n<meta property=\"og:site_name\" content=\"Reiseshop Travel-du.de\" \/>\n<meta property=\"article:modified_time\" content=\"2025-10-28T15:15:52+00:00\" \/>\n<meta property=\"og:image\" content=\"https:\/\/travel-du.de\/reiseshop\/wp-content\/uploads\/2025\/10\/Geschenkset-Weisswurst-2x-Weisswurst-im-Glas-4-Stueck-1-Glas-Suesser-Senf-a-120g-Original-Muenchner-Weisswurst--nach-Uropa-Johann-Diems-Rezept-langes-MHD-220G-Abtropfgewicht-400g-Glas-0.jpg\" \/>\n\t<meta property=\"og:image:width\" content=\"500\" \/>\n\t<meta property=\"og:image:height\" content=\"500\" \/>\n\t<meta property=\"og:image:type\" content=\"image\/jpeg\" \/>\n<meta name=\"twitter:card\" content=\"summary_large_image\" \/>\n<meta name=\"twitter:label1\" content=\"Gesch\u00e4tzte Lesezeit\" \/>\n\t<meta name=\"twitter:data1\" content=\"2\u00a0Minuten\" \/>\n<script type=\"application\/ld+json\" class=\"yoast-schema-graph\">{\"@context\":\"https:\/\/schema.org\",\"@graph\":[{\"@type\":\"WebPage\",\"@id\":\"https:\/\/travel-du.de\/reiseshop\/produkt\/geschenkset-weisswurst\/\",\"url\":\"https:\/\/travel-du.de\/reiseshop\/produkt\/geschenkset-weisswurst\/\",\"name\":\"Geschenkset Wei\u00dfwurst + 1 Glas s\u00fc\u00dfer Senf\",\"isPartOf\":{\"@id\":\"https:\/\/travel-du.de\/reiseshop\/#website\"},\"primaryImageOfPage\":{\"@id\":\"https:\/\/travel-du.de\/reiseshop\/produkt\/geschenkset-weisswurst\/#primaryimage\"},\"image\":{\"@id\":\"https:\/\/travel-du.de\/reiseshop\/produkt\/geschenkset-weisswurst\/#primaryimage\"},\"thumbnailUrl\":\"https:\/\/travel-du.de\/reiseshop\/wp-content\/uploads\/2025\/10\/Geschenkset-Weisswurst-2x-Weisswurst-im-Glas-4-Stueck-1-Glas-Suesser-Senf-a-120g-Original-Muenchner-Weisswurst--nach-Uropa-Johann-Diems-Rezept-langes-MHD-220G-Abtropfgewicht-400g-Glas-0.jpg\",\"datePublished\":\"2025-10-28T11:25:37+00:00\",\"dateModified\":\"2025-10-28T15:15:52+00:00\",\"description\":\"Deutschland Geschenkidee: Genie\u00dfe echte M\u00fcnchner Wei\u00dfwursttradition wie im Biergarten \u2013 f\u00fcr das perfekte bayerische Fr\u00fchst\u00fcck!\",\"breadcrumb\":{\"@id\":\"https:\/\/travel-du.de\/reiseshop\/produkt\/geschenkset-weisswurst\/#breadcrumb\"},\"inLanguage\":\"de\",\"potentialAction\":[{\"@type\":\"ReadAction\",\"target\":[\"https:\/\/travel-du.de\/reiseshop\/produkt\/geschenkset-weisswurst\/\"]}]},{\"@type\":\"ImageObject\",\"inLanguage\":\"de\",\"@id\":\"https:\/\/travel-du.de\/reiseshop\/produkt\/geschenkset-weisswurst\/#primaryimage\",\"url\":\"https:\/\/travel-du.de\/reiseshop\/wp-content\/uploads\/2025\/10\/Geschenkset-Weisswurst-2x-Weisswurst-im-Glas-4-Stueck-1-Glas-Suesser-Senf-a-120g-Original-Muenchner-Weisswurst--nach-Uropa-Johann-Diems-Rezept-langes-MHD-220G-Abtropfgewicht-400g-Glas-0.jpg\",\"contentUrl\":\"https:\/\/travel-du.de\/reiseshop\/wp-content\/uploads\/2025\/10\/Geschenkset-Weisswurst-2x-Weisswurst-im-Glas-4-Stueck-1-Glas-Suesser-Senf-a-120g-Original-Muenchner-Weisswurst--nach-Uropa-Johann-Diems-Rezept-langes-MHD-220G-Abtropfgewicht-400g-Glas-0.jpg\",\"width\":500,\"height\":500},{\"@type\":\"BreadcrumbList\",\"@id\":\"https:\/\/travel-du.de\/reiseshop\/produkt\/geschenkset-weisswurst\/#breadcrumb\",\"itemListElement\":[{\"@type\":\"ListItem\",\"position\":1,\"name\":\"Startseite\",\"item\":\"https:\/\/travel-du.de\/reiseshop\/\"},{\"@type\":\"ListItem\",\"position\":2,\"name\":\"Shop\",\"item\":\"https:\/\/travel-du.de\/reiseshop\/shop\/\"},{\"@type\":\"ListItem\",\"position\":3,\"name\":\"Geschenkset Wei\u00dfwurst + 1 Glas s\u00fc\u00dfer Senf, Original M\u00fcnchner Rezept\"}]},{\"@type\":\"WebSite\",\"@id\":\"https:\/\/travel-du.de\/reiseshop\/#website\",\"url\":\"https:\/\/travel-du.de\/reiseshop\/\",\"name\":\"Reiseshop Travel-du.de\",\"description\":\"Der Shop f\u00fcr Reisende, Weltenbummler und Abenteurer\",\"potentialAction\":[{\"@type\":\"SearchAction\",\"target\":{\"@type\":\"EntryPoint\",\"urlTemplate\":\"https:\/\/travel-du.de\/reiseshop\/?s={search_term_string}\"},\"query-input\":{\"@type\":\"PropertyValueSpecification\",\"valueRequired\":true,\"valueName\":\"search_term_string\"}}],\"inLanguage\":\"de\"}]}<\/script>\n<!-- \/ Yoast SEO plugin. -->","yoast_head_json":{"title":"Geschenkset Wei\u00dfwurst + 1 Glas s\u00fc\u00dfer Senf","description":"Deutschland Geschenkidee: Genie\u00dfe echte M\u00fcnchner Wei\u00dfwursttradition wie im Biergarten \u2013 f\u00fcr das perfekte bayerische Fr\u00fchst\u00fcck!","robots":{"index":"index","follow":"follow","max-snippet":"max-snippet:-1","max-image-preview":"max-image-preview:large","max-video-preview":"max-video-preview:-1"},"canonical":"https:\/\/travel-du.de\/reiseshop\/produkt\/geschenkset-weisswurst\/","og_locale":"de_DE","og_type":"article","og_title":"Geschenkset Wei\u00dfwurst + 1 Glas s\u00fc\u00dfer Senf","og_description":"Deutschland Geschenkidee: Genie\u00dfe echte M\u00fcnchner Wei\u00dfwursttradition wie im Biergarten \u2013 f\u00fcr das perfekte bayerische Fr\u00fchst\u00fcck!","og_url":"https:\/\/travel-du.de\/reiseshop\/produkt\/geschenkset-weisswurst\/","og_site_name":"Reiseshop Travel-du.de","article_modified_time":"2025-10-28T15:15:52+00:00","og_image":[{"width":500,"height":500,"url":"https:\/\/travel-du.de\/reiseshop\/wp-content\/uploads\/2025\/10\/Geschenkset-Weisswurst-2x-Weisswurst-im-Glas-4-Stueck-1-Glas-Suesser-Senf-a-120g-Original-Muenchner-Weisswurst--nach-Uropa-Johann-Diems-Rezept-langes-MHD-220G-Abtropfgewicht-400g-Glas-0.jpg","type":"image\/jpeg"}],"twitter_card":"summary_large_image","twitter_misc":{"Gesch\u00e4tzte Lesezeit":"2\u00a0Minuten"},"schema":{"@context":"https:\/\/schema.org","@graph":[{"@type":"WebPage","@id":"https:\/\/travel-du.de\/reiseshop\/produkt\/geschenkset-weisswurst\/","url":"https:\/\/travel-du.de\/reiseshop\/produkt\/geschenkset-weisswurst\/","name":"Geschenkset Wei\u00dfwurst + 1 Glas s\u00fc\u00dfer Senf","isPartOf":{"@id":"https:\/\/travel-du.de\/reiseshop\/#website"},"primaryImageOfPage":{"@id":"https:\/\/travel-du.de\/reiseshop\/produkt\/geschenkset-weisswurst\/#primaryimage"},"image":{"@id":"https:\/\/travel-du.de\/reiseshop\/produkt\/geschenkset-weisswurst\/#primaryimage"},"thumbnailUrl":"https:\/\/travel-du.de\/reiseshop\/wp-content\/uploads\/2025\/10\/Geschenkset-Weisswurst-2x-Weisswurst-im-Glas-4-Stueck-1-Glas-Suesser-Senf-a-120g-Original-Muenchner-Weisswurst--nach-Uropa-Johann-Diems-Rezept-langes-MHD-220G-Abtropfgewicht-400g-Glas-0.jpg","datePublished":"2025-10-28T11:25:37+00:00","dateModified":"2025-10-28T15:15:52+00:00","description":"Deutschland Geschenkidee: Genie\u00dfe echte M\u00fcnchner Wei\u00dfwursttradition wie im Biergarten \u2013 f\u00fcr das perfekte bayerische Fr\u00fchst\u00fcck!","breadcrumb":{"@id":"https:\/\/travel-du.de\/reiseshop\/produkt\/geschenkset-weisswurst\/#breadcrumb"},"inLanguage":"de","potentialAction":[{"@type":"ReadAction","target":["https:\/\/travel-du.de\/reiseshop\/produkt\/geschenkset-weisswurst\/"]}]},{"@type":"ImageObject","inLanguage":"de","@id":"https:\/\/travel-du.de\/reiseshop\/produkt\/geschenkset-weisswurst\/#primaryimage","url":"https:\/\/travel-du.de\/reiseshop\/wp-content\/uploads\/2025\/10\/Geschenkset-Weisswurst-2x-Weisswurst-im-Glas-4-Stueck-1-Glas-Suesser-Senf-a-120g-Original-Muenchner-Weisswurst--nach-Uropa-Johann-Diems-Rezept-langes-MHD-220G-Abtropfgewicht-400g-Glas-0.jpg","contentUrl":"https:\/\/travel-du.de\/reiseshop\/wp-content\/uploads\/2025\/10\/Geschenkset-Weisswurst-2x-Weisswurst-im-Glas-4-Stueck-1-Glas-Suesser-Senf-a-120g-Original-Muenchner-Weisswurst--nach-Uropa-Johann-Diems-Rezept-langes-MHD-220G-Abtropfgewicht-400g-Glas-0.jpg","width":500,"height":500},{"@type":"BreadcrumbList","@id":"https:\/\/travel-du.de\/reiseshop\/produkt\/geschenkset-weisswurst\/#breadcrumb","itemListElement":[{"@type":"ListItem","position":1,"name":"Startseite","item":"https:\/\/travel-du.de\/reiseshop\/"},{"@type":"ListItem","position":2,"name":"Shop","item":"https:\/\/travel-du.de\/reiseshop\/shop\/"},{"@type":"ListItem","position":3,"name":"Geschenkset Wei\u00dfwurst + 1 Glas s\u00fc\u00dfer Senf, Original M\u00fcnchner Rezept"}]},{"@type":"WebSite","@id":"https:\/\/travel-du.de\/reiseshop\/#website","url":"https:\/\/travel-du.de\/reiseshop\/","name":"Reiseshop Travel-du.de","description":"Der Shop f\u00fcr Reisende, Weltenbummler und Abenteurer","potentialAction":[{"@type":"SearchAction","target":{"@type":"EntryPoint","urlTemplate":"https:\/\/travel-du.de\/reiseshop\/?s={search_term_string}"},"query-input":{"@type":"PropertyValueSpecification","valueRequired":true,"valueName":"search_term_string"}}],"inLanguage":"de"}]}},"_links":{"self":[{"href":"https:\/\/travel-du.de\/reiseshop\/wp-json\/wp\/v2\/product\/6522","targetHints":{"allow":["GET"]}}],"collection":[{"href":"https:\/\/travel-du.de\/reiseshop\/wp-json\/wp\/v2\/product"}],"about":[{"href":"https:\/\/travel-du.de\/reiseshop\/wp-json\/wp\/v2\/types\/product"}],"replies":[{"embeddable":true,"href":"https:\/\/travel-du.de\/reiseshop\/wp-json\/wp\/v2\/comments?post=6522"}],"wp:featuredmedia":[{"embeddable":true,"href":"https:\/\/travel-du.de\/reiseshop\/wp-json\/wp\/v2\/media\/6523"}],"wp:attachment":[{"href":"https:\/\/travel-du.de\/reiseshop\/wp-json\/wp\/v2\/media?parent=6522"}],"wp:term":[{"taxonomy":"product_brand","embeddable":true,"href":"https:\/\/travel-du.de\/reiseshop\/wp-json\/wp\/v2\/product_brand?post=6522"},{"taxonomy":"product_cat","embeddable":true,"href":"https:\/\/travel-du.de\/reiseshop\/wp-json\/wp\/v2\/product_cat?post=6522"},{"taxonomy":"product_tag","embeddable":true,"href":"https:\/\/travel-du.de\/reiseshop\/wp-json\/wp\/v2\/product_tag?post=6522"}],"curies":[{"name":"wp","href":"https:\/\/api.w.org\/{rel}","templated":true}]}}