{"id":6508,"date":"2025-10-28T12:24:45","date_gmt":"2025-10-28T11:24:45","guid":{"rendered":"https:\/\/travel-du.de\/reiseshop\/produkt\/schwarzwald-metzgerei-geschenkset-dosenwurst-und-mehr-mit-verschiedenen-wurtsspezialitaeten-altbadischem-senf-schinken-und-speck-10-teilig\/"},"modified":"2025-10-28T16:22:43","modified_gmt":"2025-10-28T15:22:43","slug":"schwarzwald-metzgerei-geschenkset","status":"publish","type":"product","link":"https:\/\/travel-du.de\/reiseshop\/produkt\/schwarzwald-metzgerei-geschenkset\/","title":{"rendered":"Schwarzwald-Geschenkset: Dosenwurst &#038; Spezialit\u00e4ten in Holzkorb \u2013 10-teilig"},"content":{"rendered":"<p>&nbsp;<\/p>\n<p class=\"my-2 [&amp;+p]:mt-4 [&amp;_strong:has(+br)]:inline-block [&amp;_strong:has(+br)]:pb-2\">\ud83c\udf32\u00a0<strong>Vielseitigkeit pur:<\/strong><br \/>\nDas Set besteht aus 5 Dosenwurst \u00e0 200g (Lyoner, Bauenrwurst, Leberwurst, Bierwurst, Schinkenwurst), 2 Paar Bauernw\u00fcrsten, Bauchspeck, Landj\u00e4gern, einem gro\u00dfen Schinkenst\u00fcck (500g) und einem s\u00fc\u00dfen Altbadischen Senf. Damit hast du alles, was das Herz eines Fleischkenners begehrt, in einem schicken Fresskorb.<\/p>\n<p class=\"my-2 [&amp;+p]:mt-4 [&amp;_strong:has(+br)]:inline-block [&amp;_strong:has(+br)]:pb-2\">\ud83c\udf56\u00a0<strong>Hochwertige Tradition:<\/strong><br \/>\nAlle Produkte sind Vollkonserven, lang haltbar (mindestens 12 Monate), und durch traditionelle Herstellung nach Schwarzw\u00e4lder Rezepten besonders aromatisch. Ideal auch zum Verschenken \u2013 der Korb macht sich wunderbar auf jedem Festtagstisch.<\/p>\n<p class=\"my-2 [&amp;+p]:mt-4 [&amp;_strong:has(+br)]:inline-block [&amp;_strong:has(+br)]:pb-2\">\ud83c\udf81\u00a0<strong>Perfektes Geschenk:<\/strong><br \/>\nOb Geburtstag, Weihnachten oder Jubil\u00e4um \u2013 in diesem gro\u00dfen Korb steckt viel Liebe, Geschmack und Handwerkskunst. Ob f\u00fcr Fleischliebhaber oder regionale Feinschmecker, hier kommt garantiert Freude auf.<\/p>\n<p class=\"my-2 [&amp;+p]:mt-4 [&amp;_strong:has(+br)]:inline-block [&amp;_strong:has(+br)]:pb-2\">\ud83d\udc8c\u00a0<strong>Pers\u00f6nliche Note:<\/strong><br \/>\nAuf Wunsch schicken wir eine Gru\u00dfkarte mit deiner pers\u00f6nlichen Nachricht direkt mit. Einfach bei der Bestellung Wunschtext angeben!<\/p>\n<div class=\"main-cross-sell\" data-asin=\"B01HLH2XHW\">\n\n\t<div class=\"WooZone-cross-sell-loader\">\n\t\t<div>\n\t\t\t<div id=\"floatingBarsG\">\n\t\t\t\t<div class=\"blockG\" id=\"rotateG_01\"><\/div>\n\t\t\t\t<div class=\"blockG\" id=\"rotateG_02\"><\/div>\n\t\t\t\t<div class=\"blockG\" id=\"rotateG_03\"><\/div>\n\t\t\t\t<div class=\"blockG\" id=\"rotateG_04\"><\/div>\n\t\t\t\t<div class=\"blockG\" id=\"rotateG_05\"><\/div>\n\t\t\t\t<div class=\"blockG\" id=\"rotateG_06\"><\/div>\n\t\t\t\t<div class=\"blockG\" id=\"rotateG_07\"><\/div>\n\t\t\t\t<div class=\"blockG\" id=\"rotateG_08\"><\/div>\n\t\t\t<\/div>\n\t\t\t<div class=\"WooZone-cross-sell-loader-text\"><\/div>\n\t\t<\/div>\n\t<\/div>\n\n\t\t\n<\/div>\n<div style=\"clear:both;\"><\/div>\n","protected":false},"excerpt":{"rendered":"<p class=\"my-2 [&amp;+p]:mt-4 [&amp;_strong:has(+br)]:inline-block [&amp;_strong:has(+br)]:pb-2\">Warum nur eine Wurst, wenn man alles haben kann? Dieses Geschenkset bringt dir eine bunte Auswahl an Schwarzw\u00e4lder Wurstklassikern, Schinken, Senf und mehr \u2013 perfekt f\u00fcr Feiertage, Geburtstage oder einfach als kulinarische \u00dcberraschung.<\/p>\n","protected":false},"featured_media":6509,"comment_status":"closed","ping_status":"closed","template":"","meta":[],"product_brand":[],"product_cat":[4031,120],"product_tag":[],"class_list":{"0":"post-6508","1":"product","2":"type-product","3":"status-publish","4":"has-post-thumbnail","6":"product_cat-deutschland-geschenkideen","7":"product_cat-reise-geschenke","9":"first","10":"instock","11":"shipping-taxable","12":"product-type-external"},"yoast_head":"<!-- This site is optimized with the Yoast SEO plugin v26.2 - https:\/\/yoast.com\/wordpress\/plugins\/seo\/ -->\n<title>Schwarzwald Geschenkset \u2013 Dosenwurst, Schinken &amp; Senf im Korb<\/title>\n<meta name=\"description\" content=\"Leckere Schwarzwald Spezialit\u00e4ten im gro\u00dfen Geschenkset: Wurst, Schinken, Senf &amp; mehr. Perfekt f\u00fcr Zuhause, Feiern oder als Geschenk! 10-teilig, lang haltbar.\" \/>\n<meta name=\"robots\" content=\"index, follow, max-snippet:-1, max-image-preview:large, max-video-preview:-1\" \/>\n<link rel=\"canonical\" href=\"https:\/\/travel-du.de\/reiseshop\/produkt\/schwarzwald-metzgerei-geschenkset\/\" \/>\n<meta property=\"og:locale\" content=\"de_DE\" \/>\n<meta property=\"og:type\" content=\"article\" \/>\n<meta property=\"og:title\" content=\"Schwarzwald Geschenkset \u2013 Dosenwurst, Schinken &amp; Senf im Korb\" \/>\n<meta property=\"og:description\" content=\"Leckere Schwarzwald Spezialit\u00e4ten im gro\u00dfen Geschenkset: Wurst, Schinken, Senf &amp; mehr. Perfekt f\u00fcr Zuhause, Feiern oder als Geschenk! 10-teilig, lang haltbar.\" \/>\n<meta property=\"og:url\" content=\"https:\/\/travel-du.de\/reiseshop\/produkt\/schwarzwald-metzgerei-geschenkset\/\" \/>\n<meta property=\"og:site_name\" content=\"Reiseshop Travel-du.de\" \/>\n<meta property=\"article:modified_time\" content=\"2025-10-28T15:22:43+00:00\" \/>\n<meta property=\"og:image\" content=\"https:\/\/travel-du.de\/reiseshop\/wp-content\/uploads\/2025\/10\/Schwarzwald-Metzgerei-Geschenkset-Dosenwurst-und-mehr-mit-verschiedenen-Wurtsspezialitaeten-Altbadischem-Senf-Schinken-und-Speck-10-teilig-0.jpg\" \/>\n\t<meta property=\"og:image:width\" content=\"500\" \/>\n\t<meta property=\"og:image:height\" content=\"500\" \/>\n\t<meta property=\"og:image:type\" content=\"image\/jpeg\" \/>\n<meta name=\"twitter:card\" content=\"summary_large_image\" \/>\n<meta name=\"twitter:label1\" content=\"Gesch\u00e4tzte Lesezeit\" \/>\n\t<meta name=\"twitter:data1\" content=\"1\u00a0Minute\" \/>\n<script type=\"application\/ld+json\" class=\"yoast-schema-graph\">{\"@context\":\"https:\/\/schema.org\",\"@graph\":[{\"@type\":\"WebPage\",\"@id\":\"https:\/\/travel-du.de\/reiseshop\/produkt\/schwarzwald-metzgerei-geschenkset\/\",\"url\":\"https:\/\/travel-du.de\/reiseshop\/produkt\/schwarzwald-metzgerei-geschenkset\/\",\"name\":\"Schwarzwald Geschenkset \u2013 Dosenwurst, Schinken & Senf im Korb\",\"isPartOf\":{\"@id\":\"https:\/\/travel-du.de\/reiseshop\/#website\"},\"primaryImageOfPage\":{\"@id\":\"https:\/\/travel-du.de\/reiseshop\/produkt\/schwarzwald-metzgerei-geschenkset\/#primaryimage\"},\"image\":{\"@id\":\"https:\/\/travel-du.de\/reiseshop\/produkt\/schwarzwald-metzgerei-geschenkset\/#primaryimage\"},\"thumbnailUrl\":\"https:\/\/travel-du.de\/reiseshop\/wp-content\/uploads\/2025\/10\/Schwarzwald-Metzgerei-Geschenkset-Dosenwurst-und-mehr-mit-verschiedenen-Wurtsspezialitaeten-Altbadischem-Senf-Schinken-und-Speck-10-teilig-0.jpg\",\"datePublished\":\"2025-10-28T11:24:45+00:00\",\"dateModified\":\"2025-10-28T15:22:43+00:00\",\"description\":\"Leckere Schwarzwald Spezialit\u00e4ten im gro\u00dfen Geschenkset: Wurst, Schinken, Senf & mehr. Perfekt f\u00fcr Zuhause, Feiern oder als Geschenk! 10-teilig, lang haltbar.\",\"breadcrumb\":{\"@id\":\"https:\/\/travel-du.de\/reiseshop\/produkt\/schwarzwald-metzgerei-geschenkset\/#breadcrumb\"},\"inLanguage\":\"de\",\"potentialAction\":[{\"@type\":\"ReadAction\",\"target\":[\"https:\/\/travel-du.de\/reiseshop\/produkt\/schwarzwald-metzgerei-geschenkset\/\"]}]},{\"@type\":\"ImageObject\",\"inLanguage\":\"de\",\"@id\":\"https:\/\/travel-du.de\/reiseshop\/produkt\/schwarzwald-metzgerei-geschenkset\/#primaryimage\",\"url\":\"https:\/\/travel-du.de\/reiseshop\/wp-content\/uploads\/2025\/10\/Schwarzwald-Metzgerei-Geschenkset-Dosenwurst-und-mehr-mit-verschiedenen-Wurtsspezialitaeten-Altbadischem-Senf-Schinken-und-Speck-10-teilig-0.jpg\",\"contentUrl\":\"https:\/\/travel-du.de\/reiseshop\/wp-content\/uploads\/2025\/10\/Schwarzwald-Metzgerei-Geschenkset-Dosenwurst-und-mehr-mit-verschiedenen-Wurtsspezialitaeten-Altbadischem-Senf-Schinken-und-Speck-10-teilig-0.jpg\",\"width\":500,\"height\":500},{\"@type\":\"BreadcrumbList\",\"@id\":\"https:\/\/travel-du.de\/reiseshop\/produkt\/schwarzwald-metzgerei-geschenkset\/#breadcrumb\",\"itemListElement\":[{\"@type\":\"ListItem\",\"position\":1,\"name\":\"Startseite\",\"item\":\"https:\/\/travel-du.de\/reiseshop\/\"},{\"@type\":\"ListItem\",\"position\":2,\"name\":\"Shop\",\"item\":\"https:\/\/travel-du.de\/reiseshop\/shop\/\"},{\"@type\":\"ListItem\",\"position\":3,\"name\":\"Schwarzwald-Geschenkset: Dosenwurst &#038; Spezialit\u00e4ten in Holzkorb \u2013 10-teilig\"}]},{\"@type\":\"WebSite\",\"@id\":\"https:\/\/travel-du.de\/reiseshop\/#website\",\"url\":\"https:\/\/travel-du.de\/reiseshop\/\",\"name\":\"Reiseshop Travel-du.de\",\"description\":\"Der Shop f\u00fcr Reisende, Weltenbummler und Abenteurer\",\"potentialAction\":[{\"@type\":\"SearchAction\",\"target\":{\"@type\":\"EntryPoint\",\"urlTemplate\":\"https:\/\/travel-du.de\/reiseshop\/?s={search_term_string}\"},\"query-input\":{\"@type\":\"PropertyValueSpecification\",\"valueRequired\":true,\"valueName\":\"search_term_string\"}}],\"inLanguage\":\"de\"}]}<\/script>\n<!-- \/ Yoast SEO plugin. -->","yoast_head_json":{"title":"Schwarzwald Geschenkset \u2013 Dosenwurst, Schinken & Senf im Korb","description":"Leckere Schwarzwald Spezialit\u00e4ten im gro\u00dfen Geschenkset: Wurst, Schinken, Senf & mehr. Perfekt f\u00fcr Zuhause, Feiern oder als Geschenk! 10-teilig, lang haltbar.","robots":{"index":"index","follow":"follow","max-snippet":"max-snippet:-1","max-image-preview":"max-image-preview:large","max-video-preview":"max-video-preview:-1"},"canonical":"https:\/\/travel-du.de\/reiseshop\/produkt\/schwarzwald-metzgerei-geschenkset\/","og_locale":"de_DE","og_type":"article","og_title":"Schwarzwald Geschenkset \u2013 Dosenwurst, Schinken & Senf im Korb","og_description":"Leckere Schwarzwald Spezialit\u00e4ten im gro\u00dfen Geschenkset: Wurst, Schinken, Senf & mehr. Perfekt f\u00fcr Zuhause, Feiern oder als Geschenk! 10-teilig, lang haltbar.","og_url":"https:\/\/travel-du.de\/reiseshop\/produkt\/schwarzwald-metzgerei-geschenkset\/","og_site_name":"Reiseshop Travel-du.de","article_modified_time":"2025-10-28T15:22:43+00:00","og_image":[{"width":500,"height":500,"url":"https:\/\/travel-du.de\/reiseshop\/wp-content\/uploads\/2025\/10\/Schwarzwald-Metzgerei-Geschenkset-Dosenwurst-und-mehr-mit-verschiedenen-Wurtsspezialitaeten-Altbadischem-Senf-Schinken-und-Speck-10-teilig-0.jpg","type":"image\/jpeg"}],"twitter_card":"summary_large_image","twitter_misc":{"Gesch\u00e4tzte Lesezeit":"1\u00a0Minute"},"schema":{"@context":"https:\/\/schema.org","@graph":[{"@type":"WebPage","@id":"https:\/\/travel-du.de\/reiseshop\/produkt\/schwarzwald-metzgerei-geschenkset\/","url":"https:\/\/travel-du.de\/reiseshop\/produkt\/schwarzwald-metzgerei-geschenkset\/","name":"Schwarzwald Geschenkset \u2013 Dosenwurst, Schinken & Senf im Korb","isPartOf":{"@id":"https:\/\/travel-du.de\/reiseshop\/#website"},"primaryImageOfPage":{"@id":"https:\/\/travel-du.de\/reiseshop\/produkt\/schwarzwald-metzgerei-geschenkset\/#primaryimage"},"image":{"@id":"https:\/\/travel-du.de\/reiseshop\/produkt\/schwarzwald-metzgerei-geschenkset\/#primaryimage"},"thumbnailUrl":"https:\/\/travel-du.de\/reiseshop\/wp-content\/uploads\/2025\/10\/Schwarzwald-Metzgerei-Geschenkset-Dosenwurst-und-mehr-mit-verschiedenen-Wurtsspezialitaeten-Altbadischem-Senf-Schinken-und-Speck-10-teilig-0.jpg","datePublished":"2025-10-28T11:24:45+00:00","dateModified":"2025-10-28T15:22:43+00:00","description":"Leckere Schwarzwald Spezialit\u00e4ten im gro\u00dfen Geschenkset: Wurst, Schinken, Senf & mehr. Perfekt f\u00fcr Zuhause, Feiern oder als Geschenk! 10-teilig, lang haltbar.","breadcrumb":{"@id":"https:\/\/travel-du.de\/reiseshop\/produkt\/schwarzwald-metzgerei-geschenkset\/#breadcrumb"},"inLanguage":"de","potentialAction":[{"@type":"ReadAction","target":["https:\/\/travel-du.de\/reiseshop\/produkt\/schwarzwald-metzgerei-geschenkset\/"]}]},{"@type":"ImageObject","inLanguage":"de","@id":"https:\/\/travel-du.de\/reiseshop\/produkt\/schwarzwald-metzgerei-geschenkset\/#primaryimage","url":"https:\/\/travel-du.de\/reiseshop\/wp-content\/uploads\/2025\/10\/Schwarzwald-Metzgerei-Geschenkset-Dosenwurst-und-mehr-mit-verschiedenen-Wurtsspezialitaeten-Altbadischem-Senf-Schinken-und-Speck-10-teilig-0.jpg","contentUrl":"https:\/\/travel-du.de\/reiseshop\/wp-content\/uploads\/2025\/10\/Schwarzwald-Metzgerei-Geschenkset-Dosenwurst-und-mehr-mit-verschiedenen-Wurtsspezialitaeten-Altbadischem-Senf-Schinken-und-Speck-10-teilig-0.jpg","width":500,"height":500},{"@type":"BreadcrumbList","@id":"https:\/\/travel-du.de\/reiseshop\/produkt\/schwarzwald-metzgerei-geschenkset\/#breadcrumb","itemListElement":[{"@type":"ListItem","position":1,"name":"Startseite","item":"https:\/\/travel-du.de\/reiseshop\/"},{"@type":"ListItem","position":2,"name":"Shop","item":"https:\/\/travel-du.de\/reiseshop\/shop\/"},{"@type":"ListItem","position":3,"name":"Schwarzwald-Geschenkset: Dosenwurst &#038; Spezialit\u00e4ten in Holzkorb \u2013 10-teilig"}]},{"@type":"WebSite","@id":"https:\/\/travel-du.de\/reiseshop\/#website","url":"https:\/\/travel-du.de\/reiseshop\/","name":"Reiseshop Travel-du.de","description":"Der Shop f\u00fcr Reisende, Weltenbummler und Abenteurer","potentialAction":[{"@type":"SearchAction","target":{"@type":"EntryPoint","urlTemplate":"https:\/\/travel-du.de\/reiseshop\/?s={search_term_string}"},"query-input":{"@type":"PropertyValueSpecification","valueRequired":true,"valueName":"search_term_string"}}],"inLanguage":"de"}]}},"_links":{"self":[{"href":"https:\/\/travel-du.de\/reiseshop\/wp-json\/wp\/v2\/product\/6508","targetHints":{"allow":["GET"]}}],"collection":[{"href":"https:\/\/travel-du.de\/reiseshop\/wp-json\/wp\/v2\/product"}],"about":[{"href":"https:\/\/travel-du.de\/reiseshop\/wp-json\/wp\/v2\/types\/product"}],"replies":[{"embeddable":true,"href":"https:\/\/travel-du.de\/reiseshop\/wp-json\/wp\/v2\/comments?post=6508"}],"wp:featuredmedia":[{"embeddable":true,"href":"https:\/\/travel-du.de\/reiseshop\/wp-json\/wp\/v2\/media\/6509"}],"wp:attachment":[{"href":"https:\/\/travel-du.de\/reiseshop\/wp-json\/wp\/v2\/media?parent=6508"}],"wp:term":[{"taxonomy":"product_brand","embeddable":true,"href":"https:\/\/travel-du.de\/reiseshop\/wp-json\/wp\/v2\/product_brand?post=6508"},{"taxonomy":"product_cat","embeddable":true,"href":"https:\/\/travel-du.de\/reiseshop\/wp-json\/wp\/v2\/product_cat?post=6508"},{"taxonomy":"product_tag","embeddable":true,"href":"https:\/\/travel-du.de\/reiseshop\/wp-json\/wp\/v2\/product_tag?post=6508"}],"curies":[{"name":"wp","href":"https:\/\/api.w.org\/{rel}","templated":true}]}}