{"id":6477,"date":"2025-10-28T12:22:37","date_gmt":"2025-10-28T11:22:37","guid":{"rendered":"https:\/\/travel-du.de\/reiseshop\/produkt\/norddeutsche-spezialitaeten-die-leckersten-rezepte-aus-norddeutschland-fuer-jeden-geschmack-und-anlass-inkl-fingerfood-desserts-getraenken\/"},"modified":"2025-10-28T16:36:25","modified_gmt":"2025-10-28T15:36:25","slug":"norddeutsche-spezialitaeten-kochbuch","status":"publish","type":"product","link":"https:\/\/travel-du.de\/reiseshop\/produkt\/norddeutsche-spezialitaeten-kochbuch\/","title":{"rendered":"Norddeutsche Spezialit\u00e4ten \u2013 K\u00f6stliche Rezepte aus dem Norden"},"content":{"rendered":"<p class=\"my-2 [&amp;+p]:mt-4 [&amp;_strong:has(+br)]:inline-block [&amp;_strong:has(+br)]:pb-2\">\u2693\u00a0<strong>Nordsee-Flair f\u00fcr die eigene K\u00fcche:<\/strong><br \/>\nOb Fischbr\u00f6tchen, Gr\u00fcnkohl oder Pannfisch \u2013 mit diesem Buch holst du dir die Vielfalt und Tradition der norddeutschen K\u00fcche direkt auf den Teller. Die Rezepte sind leicht verst\u00e4ndlich, mit Schritt-f\u00fcr-Schritt-Anleitungen, sodass auch Koch-Anf\u00e4nger garantiert Erfolg haben.<\/p>\n<p class=\"my-2 [&amp;+p]:mt-4 [&amp;_strong:has(+br)]:inline-block [&amp;_strong:has(+br)]:pb-2\">\ud83c\udf7d\ufe0f\u00a0<strong>Vielfalt f\u00fcr jede Jahreszeit &amp; jeden Geschmack:<\/strong><br \/>\nVon deftigen Seelenw\u00e4rmern f\u00fcr st\u00fcrmische Tage \u00fcber frische Sommersalate bis hin zu s\u00fc\u00dfen friesischen Leckereien und erfrischenden Drinks \u2013 hier finden Fischfans, Fleischliebhaber und Vegetarier die passende K\u00fcche.<\/p>\n<p class=\"my-2 [&amp;+p]:mt-4 [&amp;_strong:has(+br)]:inline-block [&amp;_strong:has(+br)]:pb-2\">\ud83e\udd50\u00a0<strong>Startklar in den Tag:<\/strong><br \/>\nMit nordischen Fr\u00fchst\u00fccksideen wie saurer Krabbenstulle oder Buchweizenpfannkuchen bist du fit f\u00fcr lange Strandspazierg\u00e4nge \u2013 nat\u00fcrlich mit reichlich Energie!<\/p>\n<p class=\"my-2 [&amp;+p]:mt-4 [&amp;_strong:has(+br)]:inline-block [&amp;_strong:has(+br)]:pb-2\">\ud83c\udf89\u00a0<strong>Mehr als nur Rezepte:<\/strong><br \/>\nEntdecke Geschichten, regionale Hintergr\u00fcnde und n\u00fctzliche Tipps rund um die norddeutsche Esskultur. Ein echtes Erlebnisbuch f\u00fcr alle, die das Besondere sch\u00e4tzen.<\/p>\n<p class=\"my-2 [&amp;+p]:mt-4 [&amp;_strong:has(+br)]:inline-block [&amp;_strong:has(+br)]:pb-2\"><div class=\"main-cross-sell\" data-asin=\"3989100343\">\n\n\t<div class=\"WooZone-cross-sell-loader\">\n\t\t<div>\n\t\t\t<div id=\"floatingBarsG\">\n\t\t\t\t<div class=\"blockG\" id=\"rotateG_01\"><\/div>\n\t\t\t\t<div class=\"blockG\" id=\"rotateG_02\"><\/div>\n\t\t\t\t<div class=\"blockG\" id=\"rotateG_03\"><\/div>\n\t\t\t\t<div class=\"blockG\" id=\"rotateG_04\"><\/div>\n\t\t\t\t<div class=\"blockG\" id=\"rotateG_05\"><\/div>\n\t\t\t\t<div class=\"blockG\" id=\"rotateG_06\"><\/div>\n\t\t\t\t<div class=\"blockG\" id=\"rotateG_07\"><\/div>\n\t\t\t\t<div class=\"blockG\" id=\"rotateG_08\"><\/div>\n\t\t\t<\/div>\n\t\t\t<div class=\"WooZone-cross-sell-loader-text\"><\/div>\n\t\t<\/div>\n\t<\/div>\n\n\t\t\n<\/div>\n<div style=\"clear:both;\"><\/div><\/p>\n","protected":false},"excerpt":{"rendered":"<p class=\"my-2 [&amp;+p]:mt-4 [&amp;_strong:has(+br)]:inline-block [&amp;_strong:has(+br)]:pb-2\">\ud83c\udf0a Lust auf Urlaubsfeeling an der K\u00fcste? Dieses Kochbuch bringt dir die besten norddeutschen Rezepte f\u00fcr jeden Anlass \u2013 von herzhaften Klassikern bis zu frischen Snacks, Desserts &amp; Getr\u00e4nken. Einfach kochen, genie\u00dfen und den Norden schmecken!<\/p>\n","protected":false},"featured_media":6480,"comment_status":"closed","ping_status":"closed","template":"","meta":[],"product_brand":[],"product_cat":[4031,120],"product_tag":[],"class_list":{"0":"post-6477","1":"product","2":"type-product","3":"status-publish","4":"has-post-thumbnail","6":"product_cat-deutschland-geschenkideen","7":"product_cat-reise-geschenke","9":"first","10":"instock","11":"shipping-taxable","12":"product-type-external"},"yoast_head":"<!-- This site is optimized with the Yoast SEO plugin v26.2 - https:\/\/yoast.com\/wordpress\/plugins\/seo\/ -->\n<title>Norddeutsche K\u00fcche \u2013 Rezepte &amp; Spezialit\u00e4ten aus dem Norden<\/title>\n<meta name=\"description\" content=\"Das Kochbuch f\u00fcr norddeutsche Spezialit\u00e4ten: Einfache Rezepte von Fisch bis Dessert. Urlaubsfeeling f\u00fcr zuhause mit traditionellen und modernen Gerichten!\" \/>\n<meta name=\"robots\" content=\"index, follow, max-snippet:-1, max-image-preview:large, max-video-preview:-1\" \/>\n<link rel=\"canonical\" href=\"https:\/\/travel-du.de\/reiseshop\/produkt\/norddeutsche-spezialitaeten-kochbuch\/\" \/>\n<meta property=\"og:locale\" content=\"de_DE\" \/>\n<meta property=\"og:type\" content=\"article\" \/>\n<meta property=\"og:title\" content=\"Norddeutsche K\u00fcche \u2013 Rezepte &amp; Spezialit\u00e4ten aus dem Norden\" \/>\n<meta property=\"og:description\" content=\"Das Kochbuch f\u00fcr norddeutsche Spezialit\u00e4ten: Einfache Rezepte von Fisch bis Dessert. Urlaubsfeeling f\u00fcr zuhause mit traditionellen und modernen Gerichten!\" \/>\n<meta property=\"og:url\" content=\"https:\/\/travel-du.de\/reiseshop\/produkt\/norddeutsche-spezialitaeten-kochbuch\/\" \/>\n<meta property=\"og:site_name\" content=\"Reiseshop Travel-du.de\" \/>\n<meta property=\"article:modified_time\" content=\"2025-10-28T15:36:25+00:00\" \/>\n<meta property=\"og:image\" content=\"https:\/\/travel-du.de\/reiseshop\/wp-content\/uploads\/2025\/10\/Norddeutsche-Spezialitaeten-Die-leckersten-Rezepte-aus-Norddeutschland-fuer-jeden-Geschmack-und-Anlass-inkl-Fingerfood-Desserts-Getraenken-0.jpg\" \/>\n\t<meta property=\"og:image:width\" content=\"376\" \/>\n\t<meta property=\"og:image:height\" content=\"500\" \/>\n\t<meta property=\"og:image:type\" content=\"image\/jpeg\" \/>\n<meta name=\"twitter:card\" content=\"summary_large_image\" \/>\n<meta name=\"twitter:label1\" content=\"Gesch\u00e4tzte Lesezeit\" \/>\n\t<meta name=\"twitter:data1\" content=\"1\u00a0Minute\" \/>\n<script type=\"application\/ld+json\" class=\"yoast-schema-graph\">{\"@context\":\"https:\/\/schema.org\",\"@graph\":[{\"@type\":\"WebPage\",\"@id\":\"https:\/\/travel-du.de\/reiseshop\/produkt\/norddeutsche-spezialitaeten-kochbuch\/\",\"url\":\"https:\/\/travel-du.de\/reiseshop\/produkt\/norddeutsche-spezialitaeten-kochbuch\/\",\"name\":\"Norddeutsche K\u00fcche \u2013 Rezepte & Spezialit\u00e4ten aus dem Norden\",\"isPartOf\":{\"@id\":\"https:\/\/travel-du.de\/reiseshop\/#website\"},\"primaryImageOfPage\":{\"@id\":\"https:\/\/travel-du.de\/reiseshop\/produkt\/norddeutsche-spezialitaeten-kochbuch\/#primaryimage\"},\"image\":{\"@id\":\"https:\/\/travel-du.de\/reiseshop\/produkt\/norddeutsche-spezialitaeten-kochbuch\/#primaryimage\"},\"thumbnailUrl\":\"https:\/\/travel-du.de\/reiseshop\/wp-content\/uploads\/2025\/10\/Norddeutsche-Spezialitaeten-Die-leckersten-Rezepte-aus-Norddeutschland-fuer-jeden-Geschmack-und-Anlass-inkl-Fingerfood-Desserts-Getraenken-0.jpg\",\"datePublished\":\"2025-10-28T11:22:37+00:00\",\"dateModified\":\"2025-10-28T15:36:25+00:00\",\"description\":\"Das Kochbuch f\u00fcr norddeutsche Spezialit\u00e4ten: Einfache Rezepte von Fisch bis Dessert. Urlaubsfeeling f\u00fcr zuhause mit traditionellen und modernen Gerichten!\",\"breadcrumb\":{\"@id\":\"https:\/\/travel-du.de\/reiseshop\/produkt\/norddeutsche-spezialitaeten-kochbuch\/#breadcrumb\"},\"inLanguage\":\"de\",\"potentialAction\":[{\"@type\":\"ReadAction\",\"target\":[\"https:\/\/travel-du.de\/reiseshop\/produkt\/norddeutsche-spezialitaeten-kochbuch\/\"]}]},{\"@type\":\"ImageObject\",\"inLanguage\":\"de\",\"@id\":\"https:\/\/travel-du.de\/reiseshop\/produkt\/norddeutsche-spezialitaeten-kochbuch\/#primaryimage\",\"url\":\"https:\/\/travel-du.de\/reiseshop\/wp-content\/uploads\/2025\/10\/Norddeutsche-Spezialitaeten-Die-leckersten-Rezepte-aus-Norddeutschland-fuer-jeden-Geschmack-und-Anlass-inkl-Fingerfood-Desserts-Getraenken-0.jpg\",\"contentUrl\":\"https:\/\/travel-du.de\/reiseshop\/wp-content\/uploads\/2025\/10\/Norddeutsche-Spezialitaeten-Die-leckersten-Rezepte-aus-Norddeutschland-fuer-jeden-Geschmack-und-Anlass-inkl-Fingerfood-Desserts-Getraenken-0.jpg\",\"width\":376,\"height\":500},{\"@type\":\"BreadcrumbList\",\"@id\":\"https:\/\/travel-du.de\/reiseshop\/produkt\/norddeutsche-spezialitaeten-kochbuch\/#breadcrumb\",\"itemListElement\":[{\"@type\":\"ListItem\",\"position\":1,\"name\":\"Startseite\",\"item\":\"https:\/\/travel-du.de\/reiseshop\/\"},{\"@type\":\"ListItem\",\"position\":2,\"name\":\"Shop\",\"item\":\"https:\/\/travel-du.de\/reiseshop\/shop\/\"},{\"@type\":\"ListItem\",\"position\":3,\"name\":\"Norddeutsche Spezialit\u00e4ten \u2013 K\u00f6stliche Rezepte aus dem Norden\"}]},{\"@type\":\"WebSite\",\"@id\":\"https:\/\/travel-du.de\/reiseshop\/#website\",\"url\":\"https:\/\/travel-du.de\/reiseshop\/\",\"name\":\"Reiseshop Travel-du.de\",\"description\":\"Der Shop f\u00fcr Reisende, Weltenbummler und Abenteurer\",\"potentialAction\":[{\"@type\":\"SearchAction\",\"target\":{\"@type\":\"EntryPoint\",\"urlTemplate\":\"https:\/\/travel-du.de\/reiseshop\/?s={search_term_string}\"},\"query-input\":{\"@type\":\"PropertyValueSpecification\",\"valueRequired\":true,\"valueName\":\"search_term_string\"}}],\"inLanguage\":\"de\"}]}<\/script>\n<!-- \/ Yoast SEO plugin. -->","yoast_head_json":{"title":"Norddeutsche K\u00fcche \u2013 Rezepte & Spezialit\u00e4ten aus dem Norden","description":"Das Kochbuch f\u00fcr norddeutsche Spezialit\u00e4ten: Einfache Rezepte von Fisch bis Dessert. Urlaubsfeeling f\u00fcr zuhause mit traditionellen und modernen Gerichten!","robots":{"index":"index","follow":"follow","max-snippet":"max-snippet:-1","max-image-preview":"max-image-preview:large","max-video-preview":"max-video-preview:-1"},"canonical":"https:\/\/travel-du.de\/reiseshop\/produkt\/norddeutsche-spezialitaeten-kochbuch\/","og_locale":"de_DE","og_type":"article","og_title":"Norddeutsche K\u00fcche \u2013 Rezepte & Spezialit\u00e4ten aus dem Norden","og_description":"Das Kochbuch f\u00fcr norddeutsche Spezialit\u00e4ten: Einfache Rezepte von Fisch bis Dessert. Urlaubsfeeling f\u00fcr zuhause mit traditionellen und modernen Gerichten!","og_url":"https:\/\/travel-du.de\/reiseshop\/produkt\/norddeutsche-spezialitaeten-kochbuch\/","og_site_name":"Reiseshop Travel-du.de","article_modified_time":"2025-10-28T15:36:25+00:00","og_image":[{"width":376,"height":500,"url":"https:\/\/travel-du.de\/reiseshop\/wp-content\/uploads\/2025\/10\/Norddeutsche-Spezialitaeten-Die-leckersten-Rezepte-aus-Norddeutschland-fuer-jeden-Geschmack-und-Anlass-inkl-Fingerfood-Desserts-Getraenken-0.jpg","type":"image\/jpeg"}],"twitter_card":"summary_large_image","twitter_misc":{"Gesch\u00e4tzte Lesezeit":"1\u00a0Minute"},"schema":{"@context":"https:\/\/schema.org","@graph":[{"@type":"WebPage","@id":"https:\/\/travel-du.de\/reiseshop\/produkt\/norddeutsche-spezialitaeten-kochbuch\/","url":"https:\/\/travel-du.de\/reiseshop\/produkt\/norddeutsche-spezialitaeten-kochbuch\/","name":"Norddeutsche K\u00fcche \u2013 Rezepte & Spezialit\u00e4ten aus dem Norden","isPartOf":{"@id":"https:\/\/travel-du.de\/reiseshop\/#website"},"primaryImageOfPage":{"@id":"https:\/\/travel-du.de\/reiseshop\/produkt\/norddeutsche-spezialitaeten-kochbuch\/#primaryimage"},"image":{"@id":"https:\/\/travel-du.de\/reiseshop\/produkt\/norddeutsche-spezialitaeten-kochbuch\/#primaryimage"},"thumbnailUrl":"https:\/\/travel-du.de\/reiseshop\/wp-content\/uploads\/2025\/10\/Norddeutsche-Spezialitaeten-Die-leckersten-Rezepte-aus-Norddeutschland-fuer-jeden-Geschmack-und-Anlass-inkl-Fingerfood-Desserts-Getraenken-0.jpg","datePublished":"2025-10-28T11:22:37+00:00","dateModified":"2025-10-28T15:36:25+00:00","description":"Das Kochbuch f\u00fcr norddeutsche Spezialit\u00e4ten: Einfache Rezepte von Fisch bis Dessert. Urlaubsfeeling f\u00fcr zuhause mit traditionellen und modernen Gerichten!","breadcrumb":{"@id":"https:\/\/travel-du.de\/reiseshop\/produkt\/norddeutsche-spezialitaeten-kochbuch\/#breadcrumb"},"inLanguage":"de","potentialAction":[{"@type":"ReadAction","target":["https:\/\/travel-du.de\/reiseshop\/produkt\/norddeutsche-spezialitaeten-kochbuch\/"]}]},{"@type":"ImageObject","inLanguage":"de","@id":"https:\/\/travel-du.de\/reiseshop\/produkt\/norddeutsche-spezialitaeten-kochbuch\/#primaryimage","url":"https:\/\/travel-du.de\/reiseshop\/wp-content\/uploads\/2025\/10\/Norddeutsche-Spezialitaeten-Die-leckersten-Rezepte-aus-Norddeutschland-fuer-jeden-Geschmack-und-Anlass-inkl-Fingerfood-Desserts-Getraenken-0.jpg","contentUrl":"https:\/\/travel-du.de\/reiseshop\/wp-content\/uploads\/2025\/10\/Norddeutsche-Spezialitaeten-Die-leckersten-Rezepte-aus-Norddeutschland-fuer-jeden-Geschmack-und-Anlass-inkl-Fingerfood-Desserts-Getraenken-0.jpg","width":376,"height":500},{"@type":"BreadcrumbList","@id":"https:\/\/travel-du.de\/reiseshop\/produkt\/norddeutsche-spezialitaeten-kochbuch\/#breadcrumb","itemListElement":[{"@type":"ListItem","position":1,"name":"Startseite","item":"https:\/\/travel-du.de\/reiseshop\/"},{"@type":"ListItem","position":2,"name":"Shop","item":"https:\/\/travel-du.de\/reiseshop\/shop\/"},{"@type":"ListItem","position":3,"name":"Norddeutsche Spezialit\u00e4ten \u2013 K\u00f6stliche Rezepte aus dem Norden"}]},{"@type":"WebSite","@id":"https:\/\/travel-du.de\/reiseshop\/#website","url":"https:\/\/travel-du.de\/reiseshop\/","name":"Reiseshop Travel-du.de","description":"Der Shop f\u00fcr Reisende, Weltenbummler und Abenteurer","potentialAction":[{"@type":"SearchAction","target":{"@type":"EntryPoint","urlTemplate":"https:\/\/travel-du.de\/reiseshop\/?s={search_term_string}"},"query-input":{"@type":"PropertyValueSpecification","valueRequired":true,"valueName":"search_term_string"}}],"inLanguage":"de"}]}},"_links":{"self":[{"href":"https:\/\/travel-du.de\/reiseshop\/wp-json\/wp\/v2\/product\/6477","targetHints":{"allow":["GET"]}}],"collection":[{"href":"https:\/\/travel-du.de\/reiseshop\/wp-json\/wp\/v2\/product"}],"about":[{"href":"https:\/\/travel-du.de\/reiseshop\/wp-json\/wp\/v2\/types\/product"}],"replies":[{"embeddable":true,"href":"https:\/\/travel-du.de\/reiseshop\/wp-json\/wp\/v2\/comments?post=6477"}],"wp:featuredmedia":[{"embeddable":true,"href":"https:\/\/travel-du.de\/reiseshop\/wp-json\/wp\/v2\/media\/6480"}],"wp:attachment":[{"href":"https:\/\/travel-du.de\/reiseshop\/wp-json\/wp\/v2\/media?parent=6477"}],"wp:term":[{"taxonomy":"product_brand","embeddable":true,"href":"https:\/\/travel-du.de\/reiseshop\/wp-json\/wp\/v2\/product_brand?post=6477"},{"taxonomy":"product_cat","embeddable":true,"href":"https:\/\/travel-du.de\/reiseshop\/wp-json\/wp\/v2\/product_cat?post=6477"},{"taxonomy":"product_tag","embeddable":true,"href":"https:\/\/travel-du.de\/reiseshop\/wp-json\/wp\/v2\/product_tag?post=6477"}],"curies":[{"name":"wp","href":"https:\/\/api.w.org\/{rel}","templated":true}]}}