{"id":6471,"date":"2025-10-28T12:22:06","date_gmt":"2025-10-28T11:22:06","guid":{"rendered":"https:\/\/travel-du.de\/reiseshop\/produkt\/deutsches-kochbuch-fuer-anfaenger-200-schnelle-und-authentische-rezepte-um-deutsche-klassiker-entspannt-zuzubereiten-die-kochkompetenz-zu-staerken-und-koestliche-traditionelle-speisen-zu-geniessen\/"},"modified":"2025-10-28T16:38:39","modified_gmt":"2025-10-28T15:38:39","slug":"deutsches-kochbuch-fuer-anfaenger","status":"publish","type":"product","link":"https:\/\/travel-du.de\/reiseshop\/produkt\/deutsches-kochbuch-fuer-anfaenger\/","title":{"rendered":"Deutsches Kochbuch f\u00fcr Einsteiger \u2013 200 schnelle &#038; authentische Rezepte"},"content":{"rendered":"<p>\ud83e\udd68 Tradition trifft Alltag:<br \/>\nDieses Kochbuch ist dein pers\u00f6nliche K\u00fcchenhilfe f\u00fcr authentische deutsche K\u00fcche. Es vereint Rezepte aus allen Regionen: Von Schnitzeln \u00fcber W\u00fcrste bis zu deftigen Eint\u00f6pfen und s\u00fc\u00dfen Desserts. Alles Schritt-f\u00fcr-Schritt erkl\u00e4rt, auch f\u00fcr Koch-Neulinge \u2013 kein Vorwissen n\u00f6tig.<\/p>\n<p>\ud83e\uddd1\u200d\ud83c\udf73 Einfach &amp; unkompliziert:<br \/>\nDie Rezepte sind mit wenigen Zutaten und klaren Anleitungen ausgestattet. Ob klassische Wurstgerichte, hausgemachte Brote oder regionale Spezialit\u00e4ten \u2013 hier wird jeder schnell zum K\u00fcchenprofi. Perfekt auch f\u00fcr die schnelle Woche und den Feierabend.<\/p>\n<p>\ud83c\udf3f Regionale Vielfalt:<br \/>\nErkunde die kulinarischen Highlights aus dem ganzen Land: Bayerisches, Schw\u00e4bisches, Heidelberger, Nord- und Ostdeutsches \u2013 alles, was die deutsche Esskultur so facettenreich macht. Mit Tipps zum Backen, Braten und Mixen.<\/p>\n<p>\ud83c\udf81 Ideal zum Verschenken:<br \/>\nDieses Kochbuch ist der perfekte Einstieg f\u00fcr alle, die ihre Kochf\u00e4higkeiten verbessern oder ihre Familie mit echten deutschen Gerichten \u00fcberraschen wollen. Auch als Mitbringsel f\u00fcr Freunde bestens geeignet.<\/p>\n<div class=\"main-cross-sell\" data-asin=\"B0FK9YRM51\">\n\n\t<div class=\"WooZone-cross-sell-loader\">\n\t\t<div>\n\t\t\t<div id=\"floatingBarsG\">\n\t\t\t\t<div class=\"blockG\" id=\"rotateG_01\"><\/div>\n\t\t\t\t<div class=\"blockG\" id=\"rotateG_02\"><\/div>\n\t\t\t\t<div class=\"blockG\" id=\"rotateG_03\"><\/div>\n\t\t\t\t<div class=\"blockG\" id=\"rotateG_04\"><\/div>\n\t\t\t\t<div class=\"blockG\" id=\"rotateG_05\"><\/div>\n\t\t\t\t<div class=\"blockG\" id=\"rotateG_06\"><\/div>\n\t\t\t\t<div class=\"blockG\" id=\"rotateG_07\"><\/div>\n\t\t\t\t<div class=\"blockG\" id=\"rotateG_08\"><\/div>\n\t\t\t<\/div>\n\t\t\t<div class=\"WooZone-cross-sell-loader-text\"><\/div>\n\t\t<\/div>\n\t<\/div>\n\n\t\t\n<\/div>\n<div style=\"clear:both;\"><\/div>\n","protected":false},"excerpt":{"rendered":"<p class=\"my-2 [&amp;+p]:mt-4 [&amp;_strong:has(+br)]:inline-block [&amp;_strong:has(+br)]:pb-2\">\ud83c\udf7d\ufe0f Dein Einstieg in die deutsche K\u00fcche: \u00dcber 200 einfache Rezepte von Klassikern bis zu modernen Gerichten. Perfekt f\u00fcr Anf\u00e4nger, die entspannt kochen und traditionell genie\u00dfen wollen.<\/p>\n","protected":false},"featured_media":6474,"comment_status":"closed","ping_status":"closed","template":"","meta":[],"product_brand":[],"product_cat":[4031,120],"product_tag":[],"class_list":{"0":"post-6471","1":"product","2":"type-product","3":"status-publish","4":"has-post-thumbnail","6":"product_cat-deutschland-geschenkideen","7":"product_cat-reise-geschenke","9":"first","10":"instock","11":"shipping-taxable","12":"product-type-external"},"yoast_head":"<!-- This site is optimized with the Yoast SEO plugin v26.2 - https:\/\/yoast.com\/wordpress\/plugins\/seo\/ -->\n<title>Deutsches Kochbuch f\u00fcr Anf\u00e4nger \u2013 200 schnelle &amp; authentische Rezepte<\/title>\n<meta name=\"description\" content=\"Starte deine Reise durch die deutsche K\u00fcche! Das Kochbuch liefert 200 einfache Rezepte von Klassikern bis zu modernen Gerichten \u2013 perfekt f\u00fcr Einsteiger.\" \/>\n<meta name=\"robots\" content=\"index, follow, max-snippet:-1, max-image-preview:large, max-video-preview:-1\" \/>\n<link rel=\"canonical\" href=\"https:\/\/travel-du.de\/reiseshop\/produkt\/deutsches-kochbuch-fuer-anfaenger\/\" \/>\n<meta property=\"og:locale\" content=\"de_DE\" \/>\n<meta property=\"og:type\" content=\"article\" \/>\n<meta property=\"og:title\" content=\"Deutsches Kochbuch f\u00fcr Anf\u00e4nger \u2013 200 schnelle &amp; authentische Rezepte\" \/>\n<meta property=\"og:description\" content=\"Starte deine Reise durch die deutsche K\u00fcche! Das Kochbuch liefert 200 einfache Rezepte von Klassikern bis zu modernen Gerichten \u2013 perfekt f\u00fcr Einsteiger.\" \/>\n<meta property=\"og:url\" content=\"https:\/\/travel-du.de\/reiseshop\/produkt\/deutsches-kochbuch-fuer-anfaenger\/\" \/>\n<meta property=\"og:site_name\" content=\"Reiseshop Travel-du.de\" \/>\n<meta property=\"article:modified_time\" content=\"2025-10-28T15:38:39+00:00\" \/>\n<meta property=\"og:image\" content=\"https:\/\/travel-du.de\/reiseshop\/wp-content\/uploads\/2025\/10\/DEUTSCHES-Kochbuch-fuer-Anfaenger-200-Schnelle-und-authentische-Rezepte-um-deutsche-Klassiker-entspannt-zuzubereiten-die-Kochkompetenz-zu-staerken-und-koestliche-traditionelle-Speisen-zu-geniessen-0.jpg\" \/>\n\t<meta property=\"og:image:width\" content=\"387\" \/>\n\t<meta property=\"og:image:height\" content=\"500\" \/>\n\t<meta property=\"og:image:type\" content=\"image\/jpeg\" \/>\n<meta name=\"twitter:card\" content=\"summary_large_image\" \/>\n<meta name=\"twitter:label1\" content=\"Gesch\u00e4tzte Lesezeit\" \/>\n\t<meta name=\"twitter:data1\" content=\"1\u00a0Minute\" \/>\n<script type=\"application\/ld+json\" class=\"yoast-schema-graph\">{\"@context\":\"https:\/\/schema.org\",\"@graph\":[{\"@type\":\"WebPage\",\"@id\":\"https:\/\/travel-du.de\/reiseshop\/produkt\/deutsches-kochbuch-fuer-anfaenger\/\",\"url\":\"https:\/\/travel-du.de\/reiseshop\/produkt\/deutsches-kochbuch-fuer-anfaenger\/\",\"name\":\"Deutsches Kochbuch f\u00fcr Anf\u00e4nger \u2013 200 schnelle & authentische Rezepte\",\"isPartOf\":{\"@id\":\"https:\/\/travel-du.de\/reiseshop\/#website\"},\"primaryImageOfPage\":{\"@id\":\"https:\/\/travel-du.de\/reiseshop\/produkt\/deutsches-kochbuch-fuer-anfaenger\/#primaryimage\"},\"image\":{\"@id\":\"https:\/\/travel-du.de\/reiseshop\/produkt\/deutsches-kochbuch-fuer-anfaenger\/#primaryimage\"},\"thumbnailUrl\":\"https:\/\/travel-du.de\/reiseshop\/wp-content\/uploads\/2025\/10\/DEUTSCHES-Kochbuch-fuer-Anfaenger-200-Schnelle-und-authentische-Rezepte-um-deutsche-Klassiker-entspannt-zuzubereiten-die-Kochkompetenz-zu-staerken-und-koestliche-traditionelle-Speisen-zu-geniessen-0.jpg\",\"datePublished\":\"2025-10-28T11:22:06+00:00\",\"dateModified\":\"2025-10-28T15:38:39+00:00\",\"description\":\"Starte deine Reise durch die deutsche K\u00fcche! Das Kochbuch liefert 200 einfache Rezepte von Klassikern bis zu modernen Gerichten \u2013 perfekt f\u00fcr Einsteiger.\",\"breadcrumb\":{\"@id\":\"https:\/\/travel-du.de\/reiseshop\/produkt\/deutsches-kochbuch-fuer-anfaenger\/#breadcrumb\"},\"inLanguage\":\"de\",\"potentialAction\":[{\"@type\":\"ReadAction\",\"target\":[\"https:\/\/travel-du.de\/reiseshop\/produkt\/deutsches-kochbuch-fuer-anfaenger\/\"]}]},{\"@type\":\"ImageObject\",\"inLanguage\":\"de\",\"@id\":\"https:\/\/travel-du.de\/reiseshop\/produkt\/deutsches-kochbuch-fuer-anfaenger\/#primaryimage\",\"url\":\"https:\/\/travel-du.de\/reiseshop\/wp-content\/uploads\/2025\/10\/DEUTSCHES-Kochbuch-fuer-Anfaenger-200-Schnelle-und-authentische-Rezepte-um-deutsche-Klassiker-entspannt-zuzubereiten-die-Kochkompetenz-zu-staerken-und-koestliche-traditionelle-Speisen-zu-geniessen-0.jpg\",\"contentUrl\":\"https:\/\/travel-du.de\/reiseshop\/wp-content\/uploads\/2025\/10\/DEUTSCHES-Kochbuch-fuer-Anfaenger-200-Schnelle-und-authentische-Rezepte-um-deutsche-Klassiker-entspannt-zuzubereiten-die-Kochkompetenz-zu-staerken-und-koestliche-traditionelle-Speisen-zu-geniessen-0.jpg\",\"width\":387,\"height\":500},{\"@type\":\"BreadcrumbList\",\"@id\":\"https:\/\/travel-du.de\/reiseshop\/produkt\/deutsches-kochbuch-fuer-anfaenger\/#breadcrumb\",\"itemListElement\":[{\"@type\":\"ListItem\",\"position\":1,\"name\":\"Startseite\",\"item\":\"https:\/\/travel-du.de\/reiseshop\/\"},{\"@type\":\"ListItem\",\"position\":2,\"name\":\"Shop\",\"item\":\"https:\/\/travel-du.de\/reiseshop\/shop\/\"},{\"@type\":\"ListItem\",\"position\":3,\"name\":\"Deutsches Kochbuch f\u00fcr Einsteiger \u2013 200 schnelle &#038; authentische Rezepte\"}]},{\"@type\":\"WebSite\",\"@id\":\"https:\/\/travel-du.de\/reiseshop\/#website\",\"url\":\"https:\/\/travel-du.de\/reiseshop\/\",\"name\":\"Reiseshop Travel-du.de\",\"description\":\"Der Shop f\u00fcr Reisende, Weltenbummler und Abenteurer\",\"potentialAction\":[{\"@type\":\"SearchAction\",\"target\":{\"@type\":\"EntryPoint\",\"urlTemplate\":\"https:\/\/travel-du.de\/reiseshop\/?s={search_term_string}\"},\"query-input\":{\"@type\":\"PropertyValueSpecification\",\"valueRequired\":true,\"valueName\":\"search_term_string\"}}],\"inLanguage\":\"de\"}]}<\/script>\n<!-- \/ Yoast SEO plugin. -->","yoast_head_json":{"title":"Deutsches Kochbuch f\u00fcr Anf\u00e4nger \u2013 200 schnelle & authentische Rezepte","description":"Starte deine Reise durch die deutsche K\u00fcche! Das Kochbuch liefert 200 einfache Rezepte von Klassikern bis zu modernen Gerichten \u2013 perfekt f\u00fcr Einsteiger.","robots":{"index":"index","follow":"follow","max-snippet":"max-snippet:-1","max-image-preview":"max-image-preview:large","max-video-preview":"max-video-preview:-1"},"canonical":"https:\/\/travel-du.de\/reiseshop\/produkt\/deutsches-kochbuch-fuer-anfaenger\/","og_locale":"de_DE","og_type":"article","og_title":"Deutsches Kochbuch f\u00fcr Anf\u00e4nger \u2013 200 schnelle & authentische Rezepte","og_description":"Starte deine Reise durch die deutsche K\u00fcche! Das Kochbuch liefert 200 einfache Rezepte von Klassikern bis zu modernen Gerichten \u2013 perfekt f\u00fcr Einsteiger.","og_url":"https:\/\/travel-du.de\/reiseshop\/produkt\/deutsches-kochbuch-fuer-anfaenger\/","og_site_name":"Reiseshop Travel-du.de","article_modified_time":"2025-10-28T15:38:39+00:00","og_image":[{"width":387,"height":500,"url":"https:\/\/travel-du.de\/reiseshop\/wp-content\/uploads\/2025\/10\/DEUTSCHES-Kochbuch-fuer-Anfaenger-200-Schnelle-und-authentische-Rezepte-um-deutsche-Klassiker-entspannt-zuzubereiten-die-Kochkompetenz-zu-staerken-und-koestliche-traditionelle-Speisen-zu-geniessen-0.jpg","type":"image\/jpeg"}],"twitter_card":"summary_large_image","twitter_misc":{"Gesch\u00e4tzte Lesezeit":"1\u00a0Minute"},"schema":{"@context":"https:\/\/schema.org","@graph":[{"@type":"WebPage","@id":"https:\/\/travel-du.de\/reiseshop\/produkt\/deutsches-kochbuch-fuer-anfaenger\/","url":"https:\/\/travel-du.de\/reiseshop\/produkt\/deutsches-kochbuch-fuer-anfaenger\/","name":"Deutsches Kochbuch f\u00fcr Anf\u00e4nger \u2013 200 schnelle & authentische Rezepte","isPartOf":{"@id":"https:\/\/travel-du.de\/reiseshop\/#website"},"primaryImageOfPage":{"@id":"https:\/\/travel-du.de\/reiseshop\/produkt\/deutsches-kochbuch-fuer-anfaenger\/#primaryimage"},"image":{"@id":"https:\/\/travel-du.de\/reiseshop\/produkt\/deutsches-kochbuch-fuer-anfaenger\/#primaryimage"},"thumbnailUrl":"https:\/\/travel-du.de\/reiseshop\/wp-content\/uploads\/2025\/10\/DEUTSCHES-Kochbuch-fuer-Anfaenger-200-Schnelle-und-authentische-Rezepte-um-deutsche-Klassiker-entspannt-zuzubereiten-die-Kochkompetenz-zu-staerken-und-koestliche-traditionelle-Speisen-zu-geniessen-0.jpg","datePublished":"2025-10-28T11:22:06+00:00","dateModified":"2025-10-28T15:38:39+00:00","description":"Starte deine Reise durch die deutsche K\u00fcche! Das Kochbuch liefert 200 einfache Rezepte von Klassikern bis zu modernen Gerichten \u2013 perfekt f\u00fcr Einsteiger.","breadcrumb":{"@id":"https:\/\/travel-du.de\/reiseshop\/produkt\/deutsches-kochbuch-fuer-anfaenger\/#breadcrumb"},"inLanguage":"de","potentialAction":[{"@type":"ReadAction","target":["https:\/\/travel-du.de\/reiseshop\/produkt\/deutsches-kochbuch-fuer-anfaenger\/"]}]},{"@type":"ImageObject","inLanguage":"de","@id":"https:\/\/travel-du.de\/reiseshop\/produkt\/deutsches-kochbuch-fuer-anfaenger\/#primaryimage","url":"https:\/\/travel-du.de\/reiseshop\/wp-content\/uploads\/2025\/10\/DEUTSCHES-Kochbuch-fuer-Anfaenger-200-Schnelle-und-authentische-Rezepte-um-deutsche-Klassiker-entspannt-zuzubereiten-die-Kochkompetenz-zu-staerken-und-koestliche-traditionelle-Speisen-zu-geniessen-0.jpg","contentUrl":"https:\/\/travel-du.de\/reiseshop\/wp-content\/uploads\/2025\/10\/DEUTSCHES-Kochbuch-fuer-Anfaenger-200-Schnelle-und-authentische-Rezepte-um-deutsche-Klassiker-entspannt-zuzubereiten-die-Kochkompetenz-zu-staerken-und-koestliche-traditionelle-Speisen-zu-geniessen-0.jpg","width":387,"height":500},{"@type":"BreadcrumbList","@id":"https:\/\/travel-du.de\/reiseshop\/produkt\/deutsches-kochbuch-fuer-anfaenger\/#breadcrumb","itemListElement":[{"@type":"ListItem","position":1,"name":"Startseite","item":"https:\/\/travel-du.de\/reiseshop\/"},{"@type":"ListItem","position":2,"name":"Shop","item":"https:\/\/travel-du.de\/reiseshop\/shop\/"},{"@type":"ListItem","position":3,"name":"Deutsches Kochbuch f\u00fcr Einsteiger \u2013 200 schnelle &#038; authentische Rezepte"}]},{"@type":"WebSite","@id":"https:\/\/travel-du.de\/reiseshop\/#website","url":"https:\/\/travel-du.de\/reiseshop\/","name":"Reiseshop Travel-du.de","description":"Der Shop f\u00fcr Reisende, Weltenbummler und Abenteurer","potentialAction":[{"@type":"SearchAction","target":{"@type":"EntryPoint","urlTemplate":"https:\/\/travel-du.de\/reiseshop\/?s={search_term_string}"},"query-input":{"@type":"PropertyValueSpecification","valueRequired":true,"valueName":"search_term_string"}}],"inLanguage":"de"}]}},"_links":{"self":[{"href":"https:\/\/travel-du.de\/reiseshop\/wp-json\/wp\/v2\/product\/6471","targetHints":{"allow":["GET"]}}],"collection":[{"href":"https:\/\/travel-du.de\/reiseshop\/wp-json\/wp\/v2\/product"}],"about":[{"href":"https:\/\/travel-du.de\/reiseshop\/wp-json\/wp\/v2\/types\/product"}],"replies":[{"embeddable":true,"href":"https:\/\/travel-du.de\/reiseshop\/wp-json\/wp\/v2\/comments?post=6471"}],"wp:featuredmedia":[{"embeddable":true,"href":"https:\/\/travel-du.de\/reiseshop\/wp-json\/wp\/v2\/media\/6474"}],"wp:attachment":[{"href":"https:\/\/travel-du.de\/reiseshop\/wp-json\/wp\/v2\/media?parent=6471"}],"wp:term":[{"taxonomy":"product_brand","embeddable":true,"href":"https:\/\/travel-du.de\/reiseshop\/wp-json\/wp\/v2\/product_brand?post=6471"},{"taxonomy":"product_cat","embeddable":true,"href":"https:\/\/travel-du.de\/reiseshop\/wp-json\/wp\/v2\/product_cat?post=6471"},{"taxonomy":"product_tag","embeddable":true,"href":"https:\/\/travel-du.de\/reiseshop\/wp-json\/wp\/v2\/product_tag?post=6471"}],"curies":[{"name":"wp","href":"https:\/\/api.w.org\/{rel}","templated":true}]}}