{"id":5618,"date":"2025-08-11T16:28:36","date_gmt":"2025-08-11T14:28:36","guid":{"rendered":"https:\/\/travel-du.de\/reiseshop\/produkt\/fernweh-die-ultimative-bucket-list-fuer-weltenbummler-reisefuehrer-fuer-besondere-momente-und-gluecksgefuehle-mit-den-schoensten-reisezielen-in-europa-und-auf-der-welt-die-man-gesehen-haben-muss\/"},"modified":"2025-08-11T16:28:36","modified_gmt":"2025-08-11T14:28:36","slug":"fernweh-die-ultimative-bucket-list-fuer-weltenbummler-reisefuehrer-fuer-besondere-momente-und-gluecksgefuehle-mit-den-schoensten-reisezielen-in-europa-und-auf-der-welt-die-man-gesehen-haben-muss","status":"publish","type":"product","link":"https:\/\/travel-du.de\/reiseshop\/produkt\/fernweh-die-ultimative-bucket-list-fuer-weltenbummler-reisefuehrer-fuer-besondere-momente-und-gluecksgefuehle-mit-den-schoensten-reisezielen-in-europa-und-auf-der-welt-die-man-gesehen-haben-muss\/","title":{"rendered":"Fernweh: Die ultimative Bucket List f\u00fcr Weltenbummler. Reisef\u00fchrer f\u00fcr besondere Momente und Gl\u00fccksgef\u00fchle. Mit den sch\u00f6nsten Reisezielen in Europa und auf der Welt, die man gesehen haben muss."},"content":{"rendered":"<div class=\"main-cross-sell\" data-asin=\"3734310830\">\n\n\t<div class=\"WooZone-cross-sell-loader\">\n\t\t<div>\n\t\t\t<div id=\"floatingBarsG\">\n\t\t\t\t<div class=\"blockG\" id=\"rotateG_01\"><\/div>\n\t\t\t\t<div class=\"blockG\" id=\"rotateG_02\"><\/div>\n\t\t\t\t<div class=\"blockG\" id=\"rotateG_03\"><\/div>\n\t\t\t\t<div class=\"blockG\" id=\"rotateG_04\"><\/div>\n\t\t\t\t<div class=\"blockG\" id=\"rotateG_05\"><\/div>\n\t\t\t\t<div class=\"blockG\" id=\"rotateG_06\"><\/div>\n\t\t\t\t<div class=\"blockG\" id=\"rotateG_07\"><\/div>\n\t\t\t\t<div class=\"blockG\" id=\"rotateG_08\"><\/div>\n\t\t\t<\/div>\n\t\t\t<div class=\"WooZone-cross-sell-loader-text\"><\/div>\n\t\t<\/div>\n\t<\/div>\n\n\t\t\n<\/div>\n<div style=\"clear:both;\"><\/div>\n","protected":false},"excerpt":{"rendered":"","protected":false},"featured_media":5619,"comment_status":"","ping_status":"closed","template":"","meta":[],"product_brand":[],"product_cat":[87,101],"product_tag":[],"class_list":{"0":"post-5618","1":"product","2":"type-product","3":"status-publish","4":"has-post-thumbnail","6":"product_cat-zu-hause","7":"product_cat-reiseliteratur","9":"first","10":"instock","11":"shipping-taxable","12":"product-type-external"},"yoast_head":"<!-- This site is optimized with the Yoast SEO plugin v26.2 - https:\/\/yoast.com\/wordpress\/plugins\/seo\/ -->\n<title>Fernweh: Die ultimative Bucket List f\u00fcr Weltenbummler. Reisef\u00fchrer f\u00fcr besondere Momente und Gl\u00fccksgef\u00fchle. Mit den sch\u00f6nsten Reisezielen in Europa und auf der Welt, die man gesehen haben muss. &#8211; Reiseshop Travel-du.de<\/title>\n<meta name=\"robots\" content=\"index, follow, max-snippet:-1, max-image-preview:large, max-video-preview:-1\" \/>\n<link rel=\"canonical\" href=\"https:\/\/travel-du.de\/reiseshop\/produkt\/fernweh-die-ultimative-bucket-list-fuer-weltenbummler-reisefuehrer-fuer-besondere-momente-und-gluecksgefuehle-mit-den-schoensten-reisezielen-in-europa-und-auf-der-welt-die-man-gesehen-haben-muss\/\" \/>\n<meta property=\"og:locale\" content=\"de_DE\" \/>\n<meta property=\"og:type\" content=\"article\" \/>\n<meta property=\"og:title\" content=\"Fernweh: Die ultimative Bucket List f\u00fcr Weltenbummler. Reisef\u00fchrer f\u00fcr besondere Momente und Gl\u00fccksgef\u00fchle. Mit den sch\u00f6nsten Reisezielen in Europa und auf der Welt, die man gesehen haben muss. &#8211; Reiseshop Travel-du.de\" \/>\n<meta property=\"og:url\" content=\"https:\/\/travel-du.de\/reiseshop\/produkt\/fernweh-die-ultimative-bucket-list-fuer-weltenbummler-reisefuehrer-fuer-besondere-momente-und-gluecksgefuehle-mit-den-schoensten-reisezielen-in-europa-und-auf-der-welt-die-man-gesehen-haben-muss\/\" \/>\n<meta property=\"og:site_name\" content=\"Reiseshop Travel-du.de\" \/>\n<meta name=\"twitter:card\" content=\"summary_large_image\" \/>\n<script type=\"application\/ld+json\" class=\"yoast-schema-graph\">{\"@context\":\"https:\/\/schema.org\",\"@graph\":[{\"@type\":\"WebPage\",\"@id\":\"https:\/\/travel-du.de\/reiseshop\/produkt\/fernweh-die-ultimative-bucket-list-fuer-weltenbummler-reisefuehrer-fuer-besondere-momente-und-gluecksgefuehle-mit-den-schoensten-reisezielen-in-europa-und-auf-der-welt-die-man-gesehen-haben-muss\/\",\"url\":\"https:\/\/travel-du.de\/reiseshop\/produkt\/fernweh-die-ultimative-bucket-list-fuer-weltenbummler-reisefuehrer-fuer-besondere-momente-und-gluecksgefuehle-mit-den-schoensten-reisezielen-in-europa-und-auf-der-welt-die-man-gesehen-haben-muss\/\",\"name\":\"Fernweh: Die ultimative Bucket List f\u00fcr Weltenbummler. Reisef\u00fchrer f\u00fcr besondere Momente und Gl\u00fccksgef\u00fchle. Mit den sch\u00f6nsten Reisezielen in Europa und auf der Welt, die man gesehen haben muss. &#8211; Reiseshop Travel-du.de\",\"isPartOf\":{\"@id\":\"https:\/\/travel-du.de\/reiseshop\/#website\"},\"primaryImageOfPage\":{\"@id\":\"https:\/\/travel-du.de\/reiseshop\/produkt\/fernweh-die-ultimative-bucket-list-fuer-weltenbummler-reisefuehrer-fuer-besondere-momente-und-gluecksgefuehle-mit-den-schoensten-reisezielen-in-europa-und-auf-der-welt-die-man-gesehen-haben-muss\/#primaryimage\"},\"image\":{\"@id\":\"https:\/\/travel-du.de\/reiseshop\/produkt\/fernweh-die-ultimative-bucket-list-fuer-weltenbummler-reisefuehrer-fuer-besondere-momente-und-gluecksgefuehle-mit-den-schoensten-reisezielen-in-europa-und-auf-der-welt-die-man-gesehen-haben-muss\/#primaryimage\"},\"thumbnailUrl\":\"https:\/\/travel-du.de\/reiseshop\/wp-content\/uploads\/2025\/08\/Fernweh-Die-ultimative-Bucket-List-fuer-Weltenbummler-Reisefuehrer-fuer-besondere-Momente-und-Gluecksgefuehle-Mit-den-schoensten-Reisezielen-in-Europa-und-auf-der-Welt-die-man-gesehen-haben-muss-0.jpg\",\"datePublished\":\"2025-08-11T14:28:36+00:00\",\"breadcrumb\":{\"@id\":\"https:\/\/travel-du.de\/reiseshop\/produkt\/fernweh-die-ultimative-bucket-list-fuer-weltenbummler-reisefuehrer-fuer-besondere-momente-und-gluecksgefuehle-mit-den-schoensten-reisezielen-in-europa-und-auf-der-welt-die-man-gesehen-haben-muss\/#breadcrumb\"},\"inLanguage\":\"de\",\"potentialAction\":[{\"@type\":\"ReadAction\",\"target\":[\"https:\/\/travel-du.de\/reiseshop\/produkt\/fernweh-die-ultimative-bucket-list-fuer-weltenbummler-reisefuehrer-fuer-besondere-momente-und-gluecksgefuehle-mit-den-schoensten-reisezielen-in-europa-und-auf-der-welt-die-man-gesehen-haben-muss\/\"]}]},{\"@type\":\"ImageObject\",\"inLanguage\":\"de\",\"@id\":\"https:\/\/travel-du.de\/reiseshop\/produkt\/fernweh-die-ultimative-bucket-list-fuer-weltenbummler-reisefuehrer-fuer-besondere-momente-und-gluecksgefuehle-mit-den-schoensten-reisezielen-in-europa-und-auf-der-welt-die-man-gesehen-haben-muss\/#primaryimage\",\"url\":\"https:\/\/travel-du.de\/reiseshop\/wp-content\/uploads\/2025\/08\/Fernweh-Die-ultimative-Bucket-List-fuer-Weltenbummler-Reisefuehrer-fuer-besondere-Momente-und-Gluecksgefuehle-Mit-den-schoensten-Reisezielen-in-Europa-und-auf-der-Welt-die-man-gesehen-haben-muss-0.jpg\",\"contentUrl\":\"https:\/\/travel-du.de\/reiseshop\/wp-content\/uploads\/2025\/08\/Fernweh-Die-ultimative-Bucket-List-fuer-Weltenbummler-Reisefuehrer-fuer-besondere-Momente-und-Gluecksgefuehle-Mit-den-schoensten-Reisezielen-in-Europa-und-auf-der-Welt-die-man-gesehen-haben-muss-0.jpg\",\"width\":350,\"height\":500},{\"@type\":\"BreadcrumbList\",\"@id\":\"https:\/\/travel-du.de\/reiseshop\/produkt\/fernweh-die-ultimative-bucket-list-fuer-weltenbummler-reisefuehrer-fuer-besondere-momente-und-gluecksgefuehle-mit-den-schoensten-reisezielen-in-europa-und-auf-der-welt-die-man-gesehen-haben-muss\/#breadcrumb\",\"itemListElement\":[{\"@type\":\"ListItem\",\"position\":1,\"name\":\"Startseite\",\"item\":\"https:\/\/travel-du.de\/reiseshop\/\"},{\"@type\":\"ListItem\",\"position\":2,\"name\":\"Shop\",\"item\":\"https:\/\/travel-du.de\/reiseshop\/shop\/\"},{\"@type\":\"ListItem\",\"position\":3,\"name\":\"Fernweh: Die ultimative Bucket List f\u00fcr Weltenbummler. Reisef\u00fchrer f\u00fcr besondere Momente und Gl\u00fccksgef\u00fchle. Mit den sch\u00f6nsten Reisezielen in Europa und auf der Welt, die man gesehen haben muss.\"}]},{\"@type\":\"WebSite\",\"@id\":\"https:\/\/travel-du.de\/reiseshop\/#website\",\"url\":\"https:\/\/travel-du.de\/reiseshop\/\",\"name\":\"Reiseshop Travel-du.de\",\"description\":\"Der Shop f\u00fcr Reisende, Weltenbummler und Abenteurer\",\"potentialAction\":[{\"@type\":\"SearchAction\",\"target\":{\"@type\":\"EntryPoint\",\"urlTemplate\":\"https:\/\/travel-du.de\/reiseshop\/?s={search_term_string}\"},\"query-input\":{\"@type\":\"PropertyValueSpecification\",\"valueRequired\":true,\"valueName\":\"search_term_string\"}}],\"inLanguage\":\"de\"}]}<\/script>\n<!-- \/ Yoast SEO plugin. -->","yoast_head_json":{"title":"Fernweh: Die ultimative Bucket List f\u00fcr Weltenbummler. Reisef\u00fchrer f\u00fcr besondere Momente und Gl\u00fccksgef\u00fchle. Mit den sch\u00f6nsten Reisezielen in Europa und auf der Welt, die man gesehen haben muss. &#8211; Reiseshop Travel-du.de","robots":{"index":"index","follow":"follow","max-snippet":"max-snippet:-1","max-image-preview":"max-image-preview:large","max-video-preview":"max-video-preview:-1"},"canonical":"https:\/\/travel-du.de\/reiseshop\/produkt\/fernweh-die-ultimative-bucket-list-fuer-weltenbummler-reisefuehrer-fuer-besondere-momente-und-gluecksgefuehle-mit-den-schoensten-reisezielen-in-europa-und-auf-der-welt-die-man-gesehen-haben-muss\/","og_locale":"de_DE","og_type":"article","og_title":"Fernweh: Die ultimative Bucket List f\u00fcr Weltenbummler. Reisef\u00fchrer f\u00fcr besondere Momente und Gl\u00fccksgef\u00fchle. Mit den sch\u00f6nsten Reisezielen in Europa und auf der Welt, die man gesehen haben muss. &#8211; Reiseshop Travel-du.de","og_url":"https:\/\/travel-du.de\/reiseshop\/produkt\/fernweh-die-ultimative-bucket-list-fuer-weltenbummler-reisefuehrer-fuer-besondere-momente-und-gluecksgefuehle-mit-den-schoensten-reisezielen-in-europa-und-auf-der-welt-die-man-gesehen-haben-muss\/","og_site_name":"Reiseshop Travel-du.de","twitter_card":"summary_large_image","schema":{"@context":"https:\/\/schema.org","@graph":[{"@type":"WebPage","@id":"https:\/\/travel-du.de\/reiseshop\/produkt\/fernweh-die-ultimative-bucket-list-fuer-weltenbummler-reisefuehrer-fuer-besondere-momente-und-gluecksgefuehle-mit-den-schoensten-reisezielen-in-europa-und-auf-der-welt-die-man-gesehen-haben-muss\/","url":"https:\/\/travel-du.de\/reiseshop\/produkt\/fernweh-die-ultimative-bucket-list-fuer-weltenbummler-reisefuehrer-fuer-besondere-momente-und-gluecksgefuehle-mit-den-schoensten-reisezielen-in-europa-und-auf-der-welt-die-man-gesehen-haben-muss\/","name":"Fernweh: Die ultimative Bucket List f\u00fcr Weltenbummler. Reisef\u00fchrer f\u00fcr besondere Momente und Gl\u00fccksgef\u00fchle. Mit den sch\u00f6nsten Reisezielen in Europa und auf der Welt, die man gesehen haben muss. &#8211; Reiseshop Travel-du.de","isPartOf":{"@id":"https:\/\/travel-du.de\/reiseshop\/#website"},"primaryImageOfPage":{"@id":"https:\/\/travel-du.de\/reiseshop\/produkt\/fernweh-die-ultimative-bucket-list-fuer-weltenbummler-reisefuehrer-fuer-besondere-momente-und-gluecksgefuehle-mit-den-schoensten-reisezielen-in-europa-und-auf-der-welt-die-man-gesehen-haben-muss\/#primaryimage"},"image":{"@id":"https:\/\/travel-du.de\/reiseshop\/produkt\/fernweh-die-ultimative-bucket-list-fuer-weltenbummler-reisefuehrer-fuer-besondere-momente-und-gluecksgefuehle-mit-den-schoensten-reisezielen-in-europa-und-auf-der-welt-die-man-gesehen-haben-muss\/#primaryimage"},"thumbnailUrl":"https:\/\/travel-du.de\/reiseshop\/wp-content\/uploads\/2025\/08\/Fernweh-Die-ultimative-Bucket-List-fuer-Weltenbummler-Reisefuehrer-fuer-besondere-Momente-und-Gluecksgefuehle-Mit-den-schoensten-Reisezielen-in-Europa-und-auf-der-Welt-die-man-gesehen-haben-muss-0.jpg","datePublished":"2025-08-11T14:28:36+00:00","breadcrumb":{"@id":"https:\/\/travel-du.de\/reiseshop\/produkt\/fernweh-die-ultimative-bucket-list-fuer-weltenbummler-reisefuehrer-fuer-besondere-momente-und-gluecksgefuehle-mit-den-schoensten-reisezielen-in-europa-und-auf-der-welt-die-man-gesehen-haben-muss\/#breadcrumb"},"inLanguage":"de","potentialAction":[{"@type":"ReadAction","target":["https:\/\/travel-du.de\/reiseshop\/produkt\/fernweh-die-ultimative-bucket-list-fuer-weltenbummler-reisefuehrer-fuer-besondere-momente-und-gluecksgefuehle-mit-den-schoensten-reisezielen-in-europa-und-auf-der-welt-die-man-gesehen-haben-muss\/"]}]},{"@type":"ImageObject","inLanguage":"de","@id":"https:\/\/travel-du.de\/reiseshop\/produkt\/fernweh-die-ultimative-bucket-list-fuer-weltenbummler-reisefuehrer-fuer-besondere-momente-und-gluecksgefuehle-mit-den-schoensten-reisezielen-in-europa-und-auf-der-welt-die-man-gesehen-haben-muss\/#primaryimage","url":"https:\/\/travel-du.de\/reiseshop\/wp-content\/uploads\/2025\/08\/Fernweh-Die-ultimative-Bucket-List-fuer-Weltenbummler-Reisefuehrer-fuer-besondere-Momente-und-Gluecksgefuehle-Mit-den-schoensten-Reisezielen-in-Europa-und-auf-der-Welt-die-man-gesehen-haben-muss-0.jpg","contentUrl":"https:\/\/travel-du.de\/reiseshop\/wp-content\/uploads\/2025\/08\/Fernweh-Die-ultimative-Bucket-List-fuer-Weltenbummler-Reisefuehrer-fuer-besondere-Momente-und-Gluecksgefuehle-Mit-den-schoensten-Reisezielen-in-Europa-und-auf-der-Welt-die-man-gesehen-haben-muss-0.jpg","width":350,"height":500},{"@type":"BreadcrumbList","@id":"https:\/\/travel-du.de\/reiseshop\/produkt\/fernweh-die-ultimative-bucket-list-fuer-weltenbummler-reisefuehrer-fuer-besondere-momente-und-gluecksgefuehle-mit-den-schoensten-reisezielen-in-europa-und-auf-der-welt-die-man-gesehen-haben-muss\/#breadcrumb","itemListElement":[{"@type":"ListItem","position":1,"name":"Startseite","item":"https:\/\/travel-du.de\/reiseshop\/"},{"@type":"ListItem","position":2,"name":"Shop","item":"https:\/\/travel-du.de\/reiseshop\/shop\/"},{"@type":"ListItem","position":3,"name":"Fernweh: Die ultimative Bucket List f\u00fcr Weltenbummler. Reisef\u00fchrer f\u00fcr besondere Momente und Gl\u00fccksgef\u00fchle. Mit den sch\u00f6nsten Reisezielen in Europa und auf der Welt, die man gesehen haben muss."}]},{"@type":"WebSite","@id":"https:\/\/travel-du.de\/reiseshop\/#website","url":"https:\/\/travel-du.de\/reiseshop\/","name":"Reiseshop Travel-du.de","description":"Der Shop f\u00fcr Reisende, Weltenbummler und Abenteurer","potentialAction":[{"@type":"SearchAction","target":{"@type":"EntryPoint","urlTemplate":"https:\/\/travel-du.de\/reiseshop\/?s={search_term_string}"},"query-input":{"@type":"PropertyValueSpecification","valueRequired":true,"valueName":"search_term_string"}}],"inLanguage":"de"}]}},"_links":{"self":[{"href":"https:\/\/travel-du.de\/reiseshop\/wp-json\/wp\/v2\/product\/5618","targetHints":{"allow":["GET"]}}],"collection":[{"href":"https:\/\/travel-du.de\/reiseshop\/wp-json\/wp\/v2\/product"}],"about":[{"href":"https:\/\/travel-du.de\/reiseshop\/wp-json\/wp\/v2\/types\/product"}],"replies":[{"embeddable":true,"href":"https:\/\/travel-du.de\/reiseshop\/wp-json\/wp\/v2\/comments?post=5618"}],"wp:featuredmedia":[{"embeddable":true,"href":"https:\/\/travel-du.de\/reiseshop\/wp-json\/wp\/v2\/media\/5619"}],"wp:attachment":[{"href":"https:\/\/travel-du.de\/reiseshop\/wp-json\/wp\/v2\/media?parent=5618"}],"wp:term":[{"taxonomy":"product_brand","embeddable":true,"href":"https:\/\/travel-du.de\/reiseshop\/wp-json\/wp\/v2\/product_brand?post=5618"},{"taxonomy":"product_cat","embeddable":true,"href":"https:\/\/travel-du.de\/reiseshop\/wp-json\/wp\/v2\/product_cat?post=5618"},{"taxonomy":"product_tag","embeddable":true,"href":"https:\/\/travel-du.de\/reiseshop\/wp-json\/wp\/v2\/product_tag?post=5618"}],"curies":[{"name":"wp","href":"https:\/\/api.w.org\/{rel}","templated":true}]}}