{"id":5568,"date":"2025-08-11T16:18:06","date_gmt":"2025-08-11T14:18:06","guid":{"rendered":"https:\/\/travel-du.de\/reiseshop\/produkt\/ancllo-5-x-erdkugel-ballons-559-cm-grosse-weltkarte-luftballons-4d-mylar-aluminiumfolie-erdform-dekoration-fuer-kinder-partyzubehoer\/"},"modified":"2025-08-11T16:18:06","modified_gmt":"2025-08-11T14:18:06","slug":"ancllo-5-x-erdkugel-ballons-559-cm-grosse-weltkarte-luftballons-4d-mylar-aluminiumfolie-erdform-dekoration-fuer-kinder-partyzubehoer","status":"publish","type":"product","link":"https:\/\/travel-du.de\/reiseshop\/produkt\/ancllo-5-x-erdkugel-ballons-559-cm-grosse-weltkarte-luftballons-4d-mylar-aluminiumfolie-erdform-dekoration-fuer-kinder-partyzubehoer\/","title":{"rendered":"ANCLLO 5 x Erdkugel-Ballons, 55,9 cm gro\u00dfe Weltkarte-Luftballons, 4D-Mylar-Aluminiumfolie, Erdform, Dekoration f\u00fcr Kinder, Partyzubeh\u00f6r"},"content":{"rendered":"<p>Erdkugel-Ballons: Die Ballons sind aus Aluminiumfolie, mit einem gewissen Grad an Dicke, sicher und zuverl\u00e4ssig zu verwenden.<br \/>\n\u3010Stilvoll\u3011 Dieser aufblasbare Globusball wird helfen, Ihre Veranstaltung hervorzuheben und wird auf Ihren Fotos erstaunlich aussehen. Perfekt f\u00fcr jede Party. F\u00fcgen Sie als Teil Ihrer Veranstaltungsdekoration hinzu. Was f\u00fcr eine gro\u00dfartige Art, alles Gute zum Geburtstag zu sagen.<br \/>\nInstallation: schnelle Selbstembly in wenigen Minuten. Sie k\u00f6nnen sie entweder selbst mit einem Strohhalm oder einer Pumpe mit Luft f\u00fcllen oder sie in Ihrer lokalen Party mit Helium f\u00fcllen. Die Dichtung schlie\u00dft fest, um sicherzustellen, dass der Ballon lange aufgeblasen bleibt.<br \/>\n\u3010Anwendung\u3011Geeignet zum Aufh\u00e4ngen oder Aufkleben an Wand, T\u00fcr, Fenster, Treppen und mehr.<br \/>\nPartyballons: mehr gl\u00fcckliche Atmosph\u00e4re f\u00fcr Ihre Partys. Geeignet f\u00fcr Geburtstag, Weihnachten, Halloween, Hochzeit, Babyparty, etc.<br \/>\n<div class=\"main-cross-sell\" data-asin=\"B0BGKTD84K\">\n\n\t<div class=\"WooZone-cross-sell-loader\">\n\t\t<div>\n\t\t\t<div id=\"floatingBarsG\">\n\t\t\t\t<div class=\"blockG\" id=\"rotateG_01\"><\/div>\n\t\t\t\t<div class=\"blockG\" id=\"rotateG_02\"><\/div>\n\t\t\t\t<div class=\"blockG\" id=\"rotateG_03\"><\/div>\n\t\t\t\t<div class=\"blockG\" id=\"rotateG_04\"><\/div>\n\t\t\t\t<div class=\"blockG\" id=\"rotateG_05\"><\/div>\n\t\t\t\t<div class=\"blockG\" id=\"rotateG_06\"><\/div>\n\t\t\t\t<div class=\"blockG\" id=\"rotateG_07\"><\/div>\n\t\t\t\t<div class=\"blockG\" id=\"rotateG_08\"><\/div>\n\t\t\t<\/div>\n\t\t\t<div class=\"WooZone-cross-sell-loader-text\"><\/div>\n\t\t<\/div>\n\t<\/div>\n\n\t\t\n<\/div>\n<div style=\"clear:both;\"><\/div><\/p>\n","protected":false},"excerpt":{"rendered":"<p>Erdkugel-Ballons: Die Ballons sind aus Aluminiumfolie, mit einem gewissen Grad an Dicke, sicher und zuverl\u00e4ssig zu verwenden.<br \/>\n\u3010Stilvoll\u3011 Dieser aufblasbare Globusball wird helfen, Ihre Veranstaltung hervorzuheben und wird auf Ihren Fotos erstaunlich aussehen. Perfekt f\u00fcr jede Party. F\u00fcgen Sie als Teil Ihrer Veranstaltungsdekoration hinzu. Was f\u00fcr eine gro\u00dfartige Art, alles Gute zum Geburtstag zu sagen.<br \/>\nInstallation: schnelle Selbstembly in wenigen Minuten. Sie k\u00f6nnen sie entweder selbst mit einem Strohhalm oder einer Pumpe mit Luft f\u00fcllen oder sie in Ihrer lokalen Party mit Helium f\u00fcllen. Die Dichtung schlie\u00dft fest, um sicherzustellen, dass der Ballon lange aufgeblasen bleibt.<\/p>\n","protected":false},"featured_media":5570,"comment_status":"","ping_status":"closed","template":"","meta":[],"product_brand":[],"product_cat":[87,97,98],"product_tag":[],"class_list":{"0":"post-5568","1":"product","2":"type-product","3":"status-publish","4":"has-post-thumbnail","6":"product_cat-zu-hause","7":"product_cat-dekoration","8":"product_cat-weltkarten","10":"first","11":"instock","12":"shipping-taxable","13":"product-type-external"},"yoast_head":"<!-- This site is optimized with the Yoast SEO plugin v26.2 - https:\/\/yoast.com\/wordpress\/plugins\/seo\/ -->\n<title>ANCLLO 5 x Erdkugel-Ballons, 55,9 cm gro\u00dfe Weltkarte-Luftballons, 4D-Mylar-Aluminiumfolie, Erdform, Dekoration f\u00fcr Kinder, Partyzubeh\u00f6r &#8211; Reiseshop Travel-du.de<\/title>\n<meta name=\"robots\" content=\"index, follow, max-snippet:-1, max-image-preview:large, max-video-preview:-1\" \/>\n<link rel=\"canonical\" href=\"https:\/\/travel-du.de\/reiseshop\/produkt\/ancllo-5-x-erdkugel-ballons-559-cm-grosse-weltkarte-luftballons-4d-mylar-aluminiumfolie-erdform-dekoration-fuer-kinder-partyzubehoer\/\" \/>\n<meta property=\"og:locale\" content=\"de_DE\" \/>\n<meta property=\"og:type\" content=\"article\" \/>\n<meta property=\"og:title\" content=\"ANCLLO 5 x Erdkugel-Ballons, 55,9 cm gro\u00dfe Weltkarte-Luftballons, 4D-Mylar-Aluminiumfolie, Erdform, Dekoration f\u00fcr Kinder, Partyzubeh\u00f6r &#8211; Reiseshop Travel-du.de\" \/>\n<meta property=\"og:description\" content=\"Erdkugel-Ballons: Die Ballons sind aus Aluminiumfolie, mit einem gewissen Grad an Dicke, sicher und zuverl\u00e4ssig zu verwenden. \u3010Stilvoll\u3011 Dieser aufblasbare Globusball wird helfen, Ihre Veranstaltung hervorzuheben und wird auf Ihren Fotos erstaunlich aussehen. Perfekt f\u00fcr jede Party. F\u00fcgen Sie als Teil Ihrer Veranstaltungsdekoration hinzu. Was f\u00fcr eine gro\u00dfartige Art, alles Gute zum Geburtstag zu sagen. Installation: schnelle Selbstembly in wenigen Minuten. Sie k\u00f6nnen sie entweder selbst mit einem Strohhalm oder einer Pumpe mit Luft f\u00fcllen oder sie in Ihrer lokalen Party mit Helium f\u00fcllen. Die Dichtung schlie\u00dft fest, um sicherzustellen, dass der Ballon lange aufgeblasen bleibt.\" \/>\n<meta property=\"og:url\" content=\"https:\/\/travel-du.de\/reiseshop\/produkt\/ancllo-5-x-erdkugel-ballons-559-cm-grosse-weltkarte-luftballons-4d-mylar-aluminiumfolie-erdform-dekoration-fuer-kinder-partyzubehoer\/\" \/>\n<meta property=\"og:site_name\" content=\"Reiseshop Travel-du.de\" \/>\n<meta name=\"twitter:card\" content=\"summary_large_image\" \/>\n<meta name=\"twitter:label1\" content=\"Gesch\u00e4tzte Lesezeit\" \/>\n\t<meta name=\"twitter:data1\" content=\"1\u00a0Minute\" \/>\n<script type=\"application\/ld+json\" class=\"yoast-schema-graph\">{\"@context\":\"https:\/\/schema.org\",\"@graph\":[{\"@type\":\"WebPage\",\"@id\":\"https:\/\/travel-du.de\/reiseshop\/produkt\/ancllo-5-x-erdkugel-ballons-559-cm-grosse-weltkarte-luftballons-4d-mylar-aluminiumfolie-erdform-dekoration-fuer-kinder-partyzubehoer\/\",\"url\":\"https:\/\/travel-du.de\/reiseshop\/produkt\/ancllo-5-x-erdkugel-ballons-559-cm-grosse-weltkarte-luftballons-4d-mylar-aluminiumfolie-erdform-dekoration-fuer-kinder-partyzubehoer\/\",\"name\":\"ANCLLO 5 x Erdkugel-Ballons, 55,9 cm gro\u00dfe Weltkarte-Luftballons, 4D-Mylar-Aluminiumfolie, Erdform, Dekoration f\u00fcr Kinder, Partyzubeh\u00f6r &#8211; Reiseshop Travel-du.de\",\"isPartOf\":{\"@id\":\"https:\/\/travel-du.de\/reiseshop\/#website\"},\"primaryImageOfPage\":{\"@id\":\"https:\/\/travel-du.de\/reiseshop\/produkt\/ancllo-5-x-erdkugel-ballons-559-cm-grosse-weltkarte-luftballons-4d-mylar-aluminiumfolie-erdform-dekoration-fuer-kinder-partyzubehoer\/#primaryimage\"},\"image\":{\"@id\":\"https:\/\/travel-du.de\/reiseshop\/produkt\/ancllo-5-x-erdkugel-ballons-559-cm-grosse-weltkarte-luftballons-4d-mylar-aluminiumfolie-erdform-dekoration-fuer-kinder-partyzubehoer\/#primaryimage\"},\"thumbnailUrl\":\"https:\/\/travel-du.de\/reiseshop\/wp-content\/uploads\/2025\/08\/ANCLLO-5-x-Erdkugel-Ballons-559-cm-grosse-Weltkarte-Luftballons-4D-Mylar-Aluminiumfolie-Erdform-Dekoration-fuer-Kinder-Partyzubehoer-0.jpg\",\"datePublished\":\"2025-08-11T14:18:06+00:00\",\"breadcrumb\":{\"@id\":\"https:\/\/travel-du.de\/reiseshop\/produkt\/ancllo-5-x-erdkugel-ballons-559-cm-grosse-weltkarte-luftballons-4d-mylar-aluminiumfolie-erdform-dekoration-fuer-kinder-partyzubehoer\/#breadcrumb\"},\"inLanguage\":\"de\",\"potentialAction\":[{\"@type\":\"ReadAction\",\"target\":[\"https:\/\/travel-du.de\/reiseshop\/produkt\/ancllo-5-x-erdkugel-ballons-559-cm-grosse-weltkarte-luftballons-4d-mylar-aluminiumfolie-erdform-dekoration-fuer-kinder-partyzubehoer\/\"]}]},{\"@type\":\"ImageObject\",\"inLanguage\":\"de\",\"@id\":\"https:\/\/travel-du.de\/reiseshop\/produkt\/ancllo-5-x-erdkugel-ballons-559-cm-grosse-weltkarte-luftballons-4d-mylar-aluminiumfolie-erdform-dekoration-fuer-kinder-partyzubehoer\/#primaryimage\",\"url\":\"https:\/\/travel-du.de\/reiseshop\/wp-content\/uploads\/2025\/08\/ANCLLO-5-x-Erdkugel-Ballons-559-cm-grosse-Weltkarte-Luftballons-4D-Mylar-Aluminiumfolie-Erdform-Dekoration-fuer-Kinder-Partyzubehoer-0.jpg\",\"contentUrl\":\"https:\/\/travel-du.de\/reiseshop\/wp-content\/uploads\/2025\/08\/ANCLLO-5-x-Erdkugel-Ballons-559-cm-grosse-Weltkarte-Luftballons-4D-Mylar-Aluminiumfolie-Erdform-Dekoration-fuer-Kinder-Partyzubehoer-0.jpg\",\"width\":500,\"height\":500},{\"@type\":\"BreadcrumbList\",\"@id\":\"https:\/\/travel-du.de\/reiseshop\/produkt\/ancllo-5-x-erdkugel-ballons-559-cm-grosse-weltkarte-luftballons-4d-mylar-aluminiumfolie-erdform-dekoration-fuer-kinder-partyzubehoer\/#breadcrumb\",\"itemListElement\":[{\"@type\":\"ListItem\",\"position\":1,\"name\":\"Startseite\",\"item\":\"https:\/\/travel-du.de\/reiseshop\/\"},{\"@type\":\"ListItem\",\"position\":2,\"name\":\"Shop\",\"item\":\"https:\/\/travel-du.de\/reiseshop\/shop\/\"},{\"@type\":\"ListItem\",\"position\":3,\"name\":\"ANCLLO 5 x Erdkugel-Ballons, 55,9 cm gro\u00dfe Weltkarte-Luftballons, 4D-Mylar-Aluminiumfolie, Erdform, Dekoration f\u00fcr Kinder, Partyzubeh\u00f6r\"}]},{\"@type\":\"WebSite\",\"@id\":\"https:\/\/travel-du.de\/reiseshop\/#website\",\"url\":\"https:\/\/travel-du.de\/reiseshop\/\",\"name\":\"Reiseshop Travel-du.de\",\"description\":\"Der Shop f\u00fcr Reisende, Weltenbummler und Abenteurer\",\"potentialAction\":[{\"@type\":\"SearchAction\",\"target\":{\"@type\":\"EntryPoint\",\"urlTemplate\":\"https:\/\/travel-du.de\/reiseshop\/?s={search_term_string}\"},\"query-input\":{\"@type\":\"PropertyValueSpecification\",\"valueRequired\":true,\"valueName\":\"search_term_string\"}}],\"inLanguage\":\"de\"}]}<\/script>\n<!-- \/ Yoast SEO plugin. -->","yoast_head_json":{"title":"ANCLLO 5 x Erdkugel-Ballons, 55,9 cm gro\u00dfe Weltkarte-Luftballons, 4D-Mylar-Aluminiumfolie, Erdform, Dekoration f\u00fcr Kinder, Partyzubeh\u00f6r &#8211; Reiseshop Travel-du.de","robots":{"index":"index","follow":"follow","max-snippet":"max-snippet:-1","max-image-preview":"max-image-preview:large","max-video-preview":"max-video-preview:-1"},"canonical":"https:\/\/travel-du.de\/reiseshop\/produkt\/ancllo-5-x-erdkugel-ballons-559-cm-grosse-weltkarte-luftballons-4d-mylar-aluminiumfolie-erdform-dekoration-fuer-kinder-partyzubehoer\/","og_locale":"de_DE","og_type":"article","og_title":"ANCLLO 5 x Erdkugel-Ballons, 55,9 cm gro\u00dfe Weltkarte-Luftballons, 4D-Mylar-Aluminiumfolie, Erdform, Dekoration f\u00fcr Kinder, Partyzubeh\u00f6r &#8211; Reiseshop Travel-du.de","og_description":"Erdkugel-Ballons: Die Ballons sind aus Aluminiumfolie, mit einem gewissen Grad an Dicke, sicher und zuverl\u00e4ssig zu verwenden. \u3010Stilvoll\u3011 Dieser aufblasbare Globusball wird helfen, Ihre Veranstaltung hervorzuheben und wird auf Ihren Fotos erstaunlich aussehen. Perfekt f\u00fcr jede Party. F\u00fcgen Sie als Teil Ihrer Veranstaltungsdekoration hinzu. Was f\u00fcr eine gro\u00dfartige Art, alles Gute zum Geburtstag zu sagen. Installation: schnelle Selbstembly in wenigen Minuten. Sie k\u00f6nnen sie entweder selbst mit einem Strohhalm oder einer Pumpe mit Luft f\u00fcllen oder sie in Ihrer lokalen Party mit Helium f\u00fcllen. Die Dichtung schlie\u00dft fest, um sicherzustellen, dass der Ballon lange aufgeblasen bleibt.","og_url":"https:\/\/travel-du.de\/reiseshop\/produkt\/ancllo-5-x-erdkugel-ballons-559-cm-grosse-weltkarte-luftballons-4d-mylar-aluminiumfolie-erdform-dekoration-fuer-kinder-partyzubehoer\/","og_site_name":"Reiseshop Travel-du.de","twitter_card":"summary_large_image","twitter_misc":{"Gesch\u00e4tzte Lesezeit":"1\u00a0Minute"},"schema":{"@context":"https:\/\/schema.org","@graph":[{"@type":"WebPage","@id":"https:\/\/travel-du.de\/reiseshop\/produkt\/ancllo-5-x-erdkugel-ballons-559-cm-grosse-weltkarte-luftballons-4d-mylar-aluminiumfolie-erdform-dekoration-fuer-kinder-partyzubehoer\/","url":"https:\/\/travel-du.de\/reiseshop\/produkt\/ancllo-5-x-erdkugel-ballons-559-cm-grosse-weltkarte-luftballons-4d-mylar-aluminiumfolie-erdform-dekoration-fuer-kinder-partyzubehoer\/","name":"ANCLLO 5 x Erdkugel-Ballons, 55,9 cm gro\u00dfe Weltkarte-Luftballons, 4D-Mylar-Aluminiumfolie, Erdform, Dekoration f\u00fcr Kinder, Partyzubeh\u00f6r &#8211; Reiseshop Travel-du.de","isPartOf":{"@id":"https:\/\/travel-du.de\/reiseshop\/#website"},"primaryImageOfPage":{"@id":"https:\/\/travel-du.de\/reiseshop\/produkt\/ancllo-5-x-erdkugel-ballons-559-cm-grosse-weltkarte-luftballons-4d-mylar-aluminiumfolie-erdform-dekoration-fuer-kinder-partyzubehoer\/#primaryimage"},"image":{"@id":"https:\/\/travel-du.de\/reiseshop\/produkt\/ancllo-5-x-erdkugel-ballons-559-cm-grosse-weltkarte-luftballons-4d-mylar-aluminiumfolie-erdform-dekoration-fuer-kinder-partyzubehoer\/#primaryimage"},"thumbnailUrl":"https:\/\/travel-du.de\/reiseshop\/wp-content\/uploads\/2025\/08\/ANCLLO-5-x-Erdkugel-Ballons-559-cm-grosse-Weltkarte-Luftballons-4D-Mylar-Aluminiumfolie-Erdform-Dekoration-fuer-Kinder-Partyzubehoer-0.jpg","datePublished":"2025-08-11T14:18:06+00:00","breadcrumb":{"@id":"https:\/\/travel-du.de\/reiseshop\/produkt\/ancllo-5-x-erdkugel-ballons-559-cm-grosse-weltkarte-luftballons-4d-mylar-aluminiumfolie-erdform-dekoration-fuer-kinder-partyzubehoer\/#breadcrumb"},"inLanguage":"de","potentialAction":[{"@type":"ReadAction","target":["https:\/\/travel-du.de\/reiseshop\/produkt\/ancllo-5-x-erdkugel-ballons-559-cm-grosse-weltkarte-luftballons-4d-mylar-aluminiumfolie-erdform-dekoration-fuer-kinder-partyzubehoer\/"]}]},{"@type":"ImageObject","inLanguage":"de","@id":"https:\/\/travel-du.de\/reiseshop\/produkt\/ancllo-5-x-erdkugel-ballons-559-cm-grosse-weltkarte-luftballons-4d-mylar-aluminiumfolie-erdform-dekoration-fuer-kinder-partyzubehoer\/#primaryimage","url":"https:\/\/travel-du.de\/reiseshop\/wp-content\/uploads\/2025\/08\/ANCLLO-5-x-Erdkugel-Ballons-559-cm-grosse-Weltkarte-Luftballons-4D-Mylar-Aluminiumfolie-Erdform-Dekoration-fuer-Kinder-Partyzubehoer-0.jpg","contentUrl":"https:\/\/travel-du.de\/reiseshop\/wp-content\/uploads\/2025\/08\/ANCLLO-5-x-Erdkugel-Ballons-559-cm-grosse-Weltkarte-Luftballons-4D-Mylar-Aluminiumfolie-Erdform-Dekoration-fuer-Kinder-Partyzubehoer-0.jpg","width":500,"height":500},{"@type":"BreadcrumbList","@id":"https:\/\/travel-du.de\/reiseshop\/produkt\/ancllo-5-x-erdkugel-ballons-559-cm-grosse-weltkarte-luftballons-4d-mylar-aluminiumfolie-erdform-dekoration-fuer-kinder-partyzubehoer\/#breadcrumb","itemListElement":[{"@type":"ListItem","position":1,"name":"Startseite","item":"https:\/\/travel-du.de\/reiseshop\/"},{"@type":"ListItem","position":2,"name":"Shop","item":"https:\/\/travel-du.de\/reiseshop\/shop\/"},{"@type":"ListItem","position":3,"name":"ANCLLO 5 x Erdkugel-Ballons, 55,9 cm gro\u00dfe Weltkarte-Luftballons, 4D-Mylar-Aluminiumfolie, Erdform, Dekoration f\u00fcr Kinder, Partyzubeh\u00f6r"}]},{"@type":"WebSite","@id":"https:\/\/travel-du.de\/reiseshop\/#website","url":"https:\/\/travel-du.de\/reiseshop\/","name":"Reiseshop Travel-du.de","description":"Der Shop f\u00fcr Reisende, Weltenbummler und Abenteurer","potentialAction":[{"@type":"SearchAction","target":{"@type":"EntryPoint","urlTemplate":"https:\/\/travel-du.de\/reiseshop\/?s={search_term_string}"},"query-input":{"@type":"PropertyValueSpecification","valueRequired":true,"valueName":"search_term_string"}}],"inLanguage":"de"}]}},"_links":{"self":[{"href":"https:\/\/travel-du.de\/reiseshop\/wp-json\/wp\/v2\/product\/5568","targetHints":{"allow":["GET"]}}],"collection":[{"href":"https:\/\/travel-du.de\/reiseshop\/wp-json\/wp\/v2\/product"}],"about":[{"href":"https:\/\/travel-du.de\/reiseshop\/wp-json\/wp\/v2\/types\/product"}],"replies":[{"embeddable":true,"href":"https:\/\/travel-du.de\/reiseshop\/wp-json\/wp\/v2\/comments?post=5568"}],"wp:featuredmedia":[{"embeddable":true,"href":"https:\/\/travel-du.de\/reiseshop\/wp-json\/wp\/v2\/media\/5570"}],"wp:attachment":[{"href":"https:\/\/travel-du.de\/reiseshop\/wp-json\/wp\/v2\/media?parent=5568"}],"wp:term":[{"taxonomy":"product_brand","embeddable":true,"href":"https:\/\/travel-du.de\/reiseshop\/wp-json\/wp\/v2\/product_brand?post=5568"},{"taxonomy":"product_cat","embeddable":true,"href":"https:\/\/travel-du.de\/reiseshop\/wp-json\/wp\/v2\/product_cat?post=5568"},{"taxonomy":"product_tag","embeddable":true,"href":"https:\/\/travel-du.de\/reiseshop\/wp-json\/wp\/v2\/product_tag?post=5568"}],"curies":[{"name":"wp","href":"https:\/\/api.w.org\/{rel}","templated":true}]}}