{"id":5137,"date":"2025-06-30T21:25:55","date_gmt":"2025-06-30T19:25:55","guid":{"rendered":"https:\/\/travel-du.de\/reiseshop\/produkt\/nao-flamenco-figur\/"},"modified":"2025-06-30T21:26:00","modified_gmt":"2025-06-30T19:26:00","slug":"nao-flamenco-figur","status":"publish","type":"product","link":"https:\/\/travel-du.de\/reiseshop\/produkt\/nao-flamenco-figur\/","title":{"rendered":"NAO Flamenco-Figur"},"content":{"rendered":"<p>HANDGEFERTIGT: Die Porzellanfiguren von NAO stehen f\u00fcr h\u00f6chste Qualit\u00e4t und handwerkliche Tradition. Jedes Teil, mit Bedacht von Hand in Spanien gemei\u00dfelt, spiegelt die Hingabe und Meisterschaft seiner Handwerker wider. Die Exzellenz und Detailverliebtheit in jedem Abhandlung betonen ihre Leidenschaft und das Engagement f\u00fcr das Handwerk. Das Porzellan von NAO ist nicht nichtsdestotrotz ein Dekorationsobjekt, sondern ein Zeugnis des spanischen kulturellen Erbes und handwerklichen K\u00f6nnens.<br \/>\nKOLLEKTIONEN: Nao, mit seinen zarten Porzellanfiguren, l\u00e4dt uns zu einer Reise durch das menschliche Leben in all seinen Facetten ein. Von den unschuldigen Kinderspielen, die die Freude und Neugier der ersten Jahre widerspiegeln, bis zu abgrundtief spirituellen und inspirierenden Momenten oder Szenen des Familienlebens, die mit Detailreichtum und Emotionalit\u00e4t die Verbindungen, die uns vereinen, festhalten.<br \/>\nDAS PERFEKTE GESCHENK: Die Magie des Porzellans. Auf der Suche nach einem unvergesslichen Geschenk erweist sich Porzellan als die ideale Konvergenz. Eine Nao-Figur zu verschenken bedeutet nicht nichtsdestotrotz, ein Objekt zu geben, sondern ein Teil Kunst und Stimmungslage zu teilen. Ob um Liebe auszudr\u00fccken, einen Erfolg zu feiern oder jemanden willkommen zu hei\u00dfen, Nao hat dieses einzigartige und perfekte Teil, das das Wesen jedes besonderen Anlasses einf\u00e4ngt.<br \/>\nQUALIT\u00c4T UND EXZELLENZ: Bei Nao sind unsere St\u00fccke das Beendigung einer harmonischen Verschmelzung von handwerklichem Geschick und den fortschrittlichsten Techniken der Porzellanherstellung. Die umfangreiche Erfahrung unseres Teams und die reiche Tradition von Nao auf diesem Kommando gew\u00e4hrleisten, dass unsere Produkte sich durch ihre unvergleichliche Qualit\u00e4t auszeichnen.<br \/>\nNAO: Gegr\u00fcndet im Jahr 1968, hat sich Nao dadurch hervorgetan, dass es die herausragendsten lokalen Handwerker ausw\u00e4hlte, um seine Porzellane zu mei\u00dfeln, wobei t\u00e4glich ihr Eingebung mit dem Material zum Ausdruck kommt. Die umfangreiche Erfahrung dieser Fachleute, kombiniert mit der reichen Tradition von Nao in der Branche, garantiert eine un\u00fcbertroffene Qualit\u00e4t in jedem Teil.<br \/>\n<div class=\"main-cross-sell\" data-asin=\"B000FPVT1E\">\n\n\t<div class=\"WooZone-cross-sell-loader\">\n\t\t<div>\n\t\t\t<div id=\"floatingBarsG\">\n\t\t\t\t<div class=\"blockG\" id=\"rotateG_01\"><\/div>\n\t\t\t\t<div class=\"blockG\" id=\"rotateG_02\"><\/div>\n\t\t\t\t<div class=\"blockG\" id=\"rotateG_03\"><\/div>\n\t\t\t\t<div class=\"blockG\" id=\"rotateG_04\"><\/div>\n\t\t\t\t<div class=\"blockG\" id=\"rotateG_05\"><\/div>\n\t\t\t\t<div class=\"blockG\" id=\"rotateG_06\"><\/div>\n\t\t\t\t<div class=\"blockG\" id=\"rotateG_07\"><\/div>\n\t\t\t\t<div class=\"blockG\" id=\"rotateG_08\"><\/div>\n\t\t\t<\/div>\n\t\t\t<div class=\"WooZone-cross-sell-loader-text\"><\/div>\n\t\t<\/div>\n\t<\/div>\n\n\t\t\n<\/div>\n<div style=\"clear:both;\"><\/div><\/p>\n","protected":false},"excerpt":{"rendered":"<p>HANDGEFERTIGT: Die Porzellanfiguren von NAO stehen f\u00fcr h\u00f6chste Qualit\u00e4t und handwerkliche Tradition. Jedes St\u00fcck, sorgf\u00e4ltig von Hand in Spanien gemei\u00dfelt, spiegelt die Hingabe und Meisterschaft seiner Handwerker wider. Die Exzellenz und Detailverliebtheit in jedem Werk betonen ihre Leidenschaft und das Engagement f\u00fcr das Handwerk. Das Porzellan von NAO ist nicht nur ein Dekorationsobjekt, sondern ein Zeugnis des spanischen kulturellen Erbes und handwerklichen K\u00f6nnens.<br \/>\nKOLLEKTIONEN: Nao, mit seinen zarten Porzellanfiguren, l\u00e4dt uns zu einer Reise durch das menschliche Leben in all seinen Facetten ein. Von den unschuldigen Kinderspielen, die die Freude und Neugier der ersten Jahre widerspiegeln, bis zu tief spirituellen und inspirierenden Momenten oder Szenen des Familienlebens, die mit Detailreichtum und Emotionalit\u00e4t die Verbindungen, die uns vereinen, festhalten.<br \/>\nDAS PERFEKTE GESCHENK: Die Magie des Porzellans. Auf der Suche nach einem unvergesslichen Geschenk erweist sich Porzellan als die ideale Wahl. Eine Nao-Figur zu verschenken bedeutet nicht nur, ein Objekt zu geben, sondern ein St\u00fcck Kunst und Emotion zu teilen. Ob um Liebe auszudr\u00fccken, einen Erfolg zu feiern oder jemanden willkommen zu hei\u00dfen, Nao hat dieses einzigartige und perfekte St\u00fcck, das das Wesen jedes besonderen Anlasses einf\u00e4ngt.<\/p>\n","protected":false},"featured_media":5138,"comment_status":"closed","ping_status":"closed","template":"","meta":[],"product_brand":[],"product_cat":[120,3840],"product_tag":[],"class_list":{"0":"post-5137","1":"product","2":"type-product","3":"status-publish","4":"has-post-thumbnail","6":"product_cat-reise-geschenke","7":"product_cat-andalusien-geschenke","9":"first","10":"instock","11":"shipping-taxable","12":"product-type-external"},"yoast_head":"<!-- This site is optimized with the Yoast SEO plugin v26.2 - https:\/\/yoast.com\/wordpress\/plugins\/seo\/ -->\n<title>NAO Flamenco-Figur &#8211; Reiseshop Travel-du.de<\/title>\n<meta name=\"robots\" content=\"index, follow, max-snippet:-1, max-image-preview:large, max-video-preview:-1\" \/>\n<link rel=\"canonical\" href=\"https:\/\/travel-du.de\/reiseshop\/produkt\/nao-flamenco-figur\/\" \/>\n<meta property=\"og:locale\" content=\"de_DE\" \/>\n<meta property=\"og:type\" content=\"article\" \/>\n<meta property=\"og:title\" content=\"NAO Flamenco-Figur &#8211; Reiseshop Travel-du.de\" \/>\n<meta property=\"og:description\" content=\"HANDGEFERTIGT: Die Porzellanfiguren von NAO stehen f\u00fcr h\u00f6chste Qualit\u00e4t und handwerkliche Tradition. Jedes St\u00fcck, sorgf\u00e4ltig von Hand in Spanien gemei\u00dfelt, spiegelt die Hingabe und Meisterschaft seiner Handwerker wider. Die Exzellenz und Detailverliebtheit in jedem Werk betonen ihre Leidenschaft und das Engagement f\u00fcr das Handwerk. Das Porzellan von NAO ist nicht nur ein Dekorationsobjekt, sondern ein Zeugnis des spanischen kulturellen Erbes und handwerklichen K\u00f6nnens. KOLLEKTIONEN: Nao, mit seinen zarten Porzellanfiguren, l\u00e4dt uns zu einer Reise durch das menschliche Leben in all seinen Facetten ein. Von den unschuldigen Kinderspielen, die die Freude und Neugier der ersten Jahre widerspiegeln, bis zu tief spirituellen und inspirierenden Momenten oder Szenen des Familienlebens, die mit Detailreichtum und Emotionalit\u00e4t die Verbindungen, die uns vereinen, festhalten. DAS PERFEKTE GESCHENK: Die Magie des Porzellans. Auf der Suche nach einem unvergesslichen Geschenk erweist sich Porzellan als die ideale Wahl. Eine Nao-Figur zu verschenken bedeutet nicht nur, ein Objekt zu geben, sondern ein St\u00fcck Kunst und Emotion zu teilen. Ob um Liebe auszudr\u00fccken, einen Erfolg zu feiern oder jemanden willkommen zu hei\u00dfen, Nao hat dieses einzigartige und perfekte St\u00fcck, das das Wesen jedes besonderen Anlasses einf\u00e4ngt.\" \/>\n<meta property=\"og:url\" content=\"https:\/\/travel-du.de\/reiseshop\/produkt\/nao-flamenco-figur\/\" \/>\n<meta property=\"og:site_name\" content=\"Reiseshop Travel-du.de\" \/>\n<meta property=\"article:modified_time\" content=\"2025-06-30T19:26:00+00:00\" \/>\n<meta name=\"twitter:card\" content=\"summary_large_image\" \/>\n<meta name=\"twitter:label1\" content=\"Gesch\u00e4tzte Lesezeit\" \/>\n\t<meta name=\"twitter:data1\" content=\"2\u00a0Minuten\" \/>\n<script type=\"application\/ld+json\" class=\"yoast-schema-graph\">{\"@context\":\"https:\/\/schema.org\",\"@graph\":[{\"@type\":\"WebPage\",\"@id\":\"https:\/\/travel-du.de\/reiseshop\/produkt\/nao-flamenco-figur\/\",\"url\":\"https:\/\/travel-du.de\/reiseshop\/produkt\/nao-flamenco-figur\/\",\"name\":\"NAO Flamenco-Figur &#8211; Reiseshop Travel-du.de\",\"isPartOf\":{\"@id\":\"https:\/\/travel-du.de\/reiseshop\/#website\"},\"primaryImageOfPage\":{\"@id\":\"https:\/\/travel-du.de\/reiseshop\/produkt\/nao-flamenco-figur\/#primaryimage\"},\"image\":{\"@id\":\"https:\/\/travel-du.de\/reiseshop\/produkt\/nao-flamenco-figur\/#primaryimage\"},\"thumbnailUrl\":\"https:\/\/travel-du.de\/reiseshop\/wp-content\/uploads\/2025\/06\/NAO-Flamenco-Figur-0.jpg\",\"datePublished\":\"2025-06-30T19:25:55+00:00\",\"dateModified\":\"2025-06-30T19:26:00+00:00\",\"breadcrumb\":{\"@id\":\"https:\/\/travel-du.de\/reiseshop\/produkt\/nao-flamenco-figur\/#breadcrumb\"},\"inLanguage\":\"de\",\"potentialAction\":[{\"@type\":\"ReadAction\",\"target\":[\"https:\/\/travel-du.de\/reiseshop\/produkt\/nao-flamenco-figur\/\"]}]},{\"@type\":\"ImageObject\",\"inLanguage\":\"de\",\"@id\":\"https:\/\/travel-du.de\/reiseshop\/produkt\/nao-flamenco-figur\/#primaryimage\",\"url\":\"https:\/\/travel-du.de\/reiseshop\/wp-content\/uploads\/2025\/06\/NAO-Flamenco-Figur-0.jpg\",\"contentUrl\":\"https:\/\/travel-du.de\/reiseshop\/wp-content\/uploads\/2025\/06\/NAO-Flamenco-Figur-0.jpg\",\"width\":330,\"height\":500},{\"@type\":\"BreadcrumbList\",\"@id\":\"https:\/\/travel-du.de\/reiseshop\/produkt\/nao-flamenco-figur\/#breadcrumb\",\"itemListElement\":[{\"@type\":\"ListItem\",\"position\":1,\"name\":\"Startseite\",\"item\":\"https:\/\/travel-du.de\/reiseshop\/\"},{\"@type\":\"ListItem\",\"position\":2,\"name\":\"Shop\",\"item\":\"https:\/\/travel-du.de\/reiseshop\/shop\/\"},{\"@type\":\"ListItem\",\"position\":3,\"name\":\"NAO Flamenco-Figur\"}]},{\"@type\":\"WebSite\",\"@id\":\"https:\/\/travel-du.de\/reiseshop\/#website\",\"url\":\"https:\/\/travel-du.de\/reiseshop\/\",\"name\":\"Reiseshop Travel-du.de\",\"description\":\"Der Shop f\u00fcr Reisende, Weltenbummler und Abenteurer\",\"potentialAction\":[{\"@type\":\"SearchAction\",\"target\":{\"@type\":\"EntryPoint\",\"urlTemplate\":\"https:\/\/travel-du.de\/reiseshop\/?s={search_term_string}\"},\"query-input\":{\"@type\":\"PropertyValueSpecification\",\"valueRequired\":true,\"valueName\":\"search_term_string\"}}],\"inLanguage\":\"de\"}]}<\/script>\n<!-- \/ Yoast SEO plugin. -->","yoast_head_json":{"title":"NAO Flamenco-Figur &#8211; Reiseshop Travel-du.de","robots":{"index":"index","follow":"follow","max-snippet":"max-snippet:-1","max-image-preview":"max-image-preview:large","max-video-preview":"max-video-preview:-1"},"canonical":"https:\/\/travel-du.de\/reiseshop\/produkt\/nao-flamenco-figur\/","og_locale":"de_DE","og_type":"article","og_title":"NAO Flamenco-Figur &#8211; Reiseshop Travel-du.de","og_description":"HANDGEFERTIGT: Die Porzellanfiguren von NAO stehen f\u00fcr h\u00f6chste Qualit\u00e4t und handwerkliche Tradition. Jedes St\u00fcck, sorgf\u00e4ltig von Hand in Spanien gemei\u00dfelt, spiegelt die Hingabe und Meisterschaft seiner Handwerker wider. Die Exzellenz und Detailverliebtheit in jedem Werk betonen ihre Leidenschaft und das Engagement f\u00fcr das Handwerk. Das Porzellan von NAO ist nicht nur ein Dekorationsobjekt, sondern ein Zeugnis des spanischen kulturellen Erbes und handwerklichen K\u00f6nnens. KOLLEKTIONEN: Nao, mit seinen zarten Porzellanfiguren, l\u00e4dt uns zu einer Reise durch das menschliche Leben in all seinen Facetten ein. Von den unschuldigen Kinderspielen, die die Freude und Neugier der ersten Jahre widerspiegeln, bis zu tief spirituellen und inspirierenden Momenten oder Szenen des Familienlebens, die mit Detailreichtum und Emotionalit\u00e4t die Verbindungen, die uns vereinen, festhalten. DAS PERFEKTE GESCHENK: Die Magie des Porzellans. Auf der Suche nach einem unvergesslichen Geschenk erweist sich Porzellan als die ideale Wahl. Eine Nao-Figur zu verschenken bedeutet nicht nur, ein Objekt zu geben, sondern ein St\u00fcck Kunst und Emotion zu teilen. Ob um Liebe auszudr\u00fccken, einen Erfolg zu feiern oder jemanden willkommen zu hei\u00dfen, Nao hat dieses einzigartige und perfekte St\u00fcck, das das Wesen jedes besonderen Anlasses einf\u00e4ngt.","og_url":"https:\/\/travel-du.de\/reiseshop\/produkt\/nao-flamenco-figur\/","og_site_name":"Reiseshop Travel-du.de","article_modified_time":"2025-06-30T19:26:00+00:00","twitter_card":"summary_large_image","twitter_misc":{"Gesch\u00e4tzte Lesezeit":"2\u00a0Minuten"},"schema":{"@context":"https:\/\/schema.org","@graph":[{"@type":"WebPage","@id":"https:\/\/travel-du.de\/reiseshop\/produkt\/nao-flamenco-figur\/","url":"https:\/\/travel-du.de\/reiseshop\/produkt\/nao-flamenco-figur\/","name":"NAO Flamenco-Figur &#8211; Reiseshop Travel-du.de","isPartOf":{"@id":"https:\/\/travel-du.de\/reiseshop\/#website"},"primaryImageOfPage":{"@id":"https:\/\/travel-du.de\/reiseshop\/produkt\/nao-flamenco-figur\/#primaryimage"},"image":{"@id":"https:\/\/travel-du.de\/reiseshop\/produkt\/nao-flamenco-figur\/#primaryimage"},"thumbnailUrl":"https:\/\/travel-du.de\/reiseshop\/wp-content\/uploads\/2025\/06\/NAO-Flamenco-Figur-0.jpg","datePublished":"2025-06-30T19:25:55+00:00","dateModified":"2025-06-30T19:26:00+00:00","breadcrumb":{"@id":"https:\/\/travel-du.de\/reiseshop\/produkt\/nao-flamenco-figur\/#breadcrumb"},"inLanguage":"de","potentialAction":[{"@type":"ReadAction","target":["https:\/\/travel-du.de\/reiseshop\/produkt\/nao-flamenco-figur\/"]}]},{"@type":"ImageObject","inLanguage":"de","@id":"https:\/\/travel-du.de\/reiseshop\/produkt\/nao-flamenco-figur\/#primaryimage","url":"https:\/\/travel-du.de\/reiseshop\/wp-content\/uploads\/2025\/06\/NAO-Flamenco-Figur-0.jpg","contentUrl":"https:\/\/travel-du.de\/reiseshop\/wp-content\/uploads\/2025\/06\/NAO-Flamenco-Figur-0.jpg","width":330,"height":500},{"@type":"BreadcrumbList","@id":"https:\/\/travel-du.de\/reiseshop\/produkt\/nao-flamenco-figur\/#breadcrumb","itemListElement":[{"@type":"ListItem","position":1,"name":"Startseite","item":"https:\/\/travel-du.de\/reiseshop\/"},{"@type":"ListItem","position":2,"name":"Shop","item":"https:\/\/travel-du.de\/reiseshop\/shop\/"},{"@type":"ListItem","position":3,"name":"NAO Flamenco-Figur"}]},{"@type":"WebSite","@id":"https:\/\/travel-du.de\/reiseshop\/#website","url":"https:\/\/travel-du.de\/reiseshop\/","name":"Reiseshop Travel-du.de","description":"Der Shop f\u00fcr Reisende, Weltenbummler und Abenteurer","potentialAction":[{"@type":"SearchAction","target":{"@type":"EntryPoint","urlTemplate":"https:\/\/travel-du.de\/reiseshop\/?s={search_term_string}"},"query-input":{"@type":"PropertyValueSpecification","valueRequired":true,"valueName":"search_term_string"}}],"inLanguage":"de"}]}},"_links":{"self":[{"href":"https:\/\/travel-du.de\/reiseshop\/wp-json\/wp\/v2\/product\/5137","targetHints":{"allow":["GET"]}}],"collection":[{"href":"https:\/\/travel-du.de\/reiseshop\/wp-json\/wp\/v2\/product"}],"about":[{"href":"https:\/\/travel-du.de\/reiseshop\/wp-json\/wp\/v2\/types\/product"}],"replies":[{"embeddable":true,"href":"https:\/\/travel-du.de\/reiseshop\/wp-json\/wp\/v2\/comments?post=5137"}],"wp:featuredmedia":[{"embeddable":true,"href":"https:\/\/travel-du.de\/reiseshop\/wp-json\/wp\/v2\/media\/5138"}],"wp:attachment":[{"href":"https:\/\/travel-du.de\/reiseshop\/wp-json\/wp\/v2\/media?parent=5137"}],"wp:term":[{"taxonomy":"product_brand","embeddable":true,"href":"https:\/\/travel-du.de\/reiseshop\/wp-json\/wp\/v2\/product_brand?post=5137"},{"taxonomy":"product_cat","embeddable":true,"href":"https:\/\/travel-du.de\/reiseshop\/wp-json\/wp\/v2\/product_cat?post=5137"},{"taxonomy":"product_tag","embeddable":true,"href":"https:\/\/travel-du.de\/reiseshop\/wp-json\/wp\/v2\/product_tag?post=5137"}],"curies":[{"name":"wp","href":"https:\/\/api.w.org\/{rel}","templated":true}]}}