{"id":5052,"date":"2025-06-30T19:29:02","date_gmt":"2025-06-30T17:29:02","guid":{"rendered":"https:\/\/travel-du.de\/reiseshop\/produkt\/dankedir-australien-deutschland-ortsschild-kunststoff-schild-30-x-20-cm-geschenk-idee-gutschein-reise-urlaub-reisegutschein-maenner-frauen-geldgeschenk-abschiedskarte-geschenkidee-deko-karte\/"},"modified":"2025-06-30T20:51:30","modified_gmt":"2025-06-30T18:51:30","slug":"australien-deutschland-ortsschild","status":"publish","type":"product","link":"https:\/\/travel-du.de\/reiseshop\/produkt\/australien-deutschland-ortsschild\/","title":{"rendered":"Australien Deutschland Ortsschild"},"content":{"rendered":"<p>&nbsp;<\/p>\n<p class=\"my-0\"><strong>Australien Deutschland Ortsschild \u2013 das kleine, aber feine Abschiedsgeschenk<\/strong><br \/>\nIdeal als witzige Alternative zur klassischen Abschiedskarte f\u00fcr Auslandsaufenthalte, Urlaubsreisen, Work &amp; Travel, Auslandssemester oder sogar Auswanderungen. Dieses Schild bringt Humor und Pers\u00f6nlichkeit auf jede Goodbye-Party.<\/p>\n<p class=\"my-0\"><strong>Perfektes Geschenk f\u00fcr Reisefans<\/strong><br \/>\nEin lustiges Accessoire f\u00fcr Vielreisende, Backpacker und alle, die Sydney, Melbourne, Brisbane, Perth, die Goldk\u00fcste oder Adelaide im Herzen tragen. Passt hervorragend als Beilage zum Reisef\u00fchrer oder als \u00dcberraschung f\u00fcr Weltenbummler.<\/p>\n<p class=\"my-0\"><strong>Gute Reise w\u00fcnschen mal anders<\/strong><br \/>\nOb Weltreise, Flitterwochen, St\u00e4dtetrip oder R\u00fcckkehr von australischen Expats \u2013 das Party-Ortsschild ist eine charmante Deko und ein ehrlicher Gru\u00df bei Abschied von Kollegen und Freunden.<\/p>\n<p class=\"my-0\"><strong>Reisegutschein mal kreativ<\/strong><br \/>\nStatt klassischem Geschenkgutschein oder Geldgeschenk eignet sich das 30 x 20 cm gro\u00dfe Kunststoff-Schild perfekt als origineller Ersatz f\u00fcr Urlaubsgutscheine und macht als Geschenk f\u00fcr Reisebegeisterte richtig Eindruck.<\/p>\n<p class=\"my-0\"><strong>S\u00fc\u00dfe Geschenkidee f\u00fcr Freunde<\/strong><br \/>\nOb Freund oder Freundin \u2013 diese Geschenkkarte in Form eines Ortsschilds ist ein liebevolles und witziges Reisegeschenk zum Geburtstag oder einfach so, um die Reisekasse aufzupeppen.<\/p>\n<p class=\"my-0\">So wird das Abschiedsgeschenk zum echten Highlight \u2013 mit einem Augenzwinkern und viel Fernweh!<\/p>\n<div class=\"main-cross-sell\" data-asin=\"B0D7HV7CPM\">\n\n\t<div class=\"WooZone-cross-sell-loader\">\n\t\t<div>\n\t\t\t<div id=\"floatingBarsG\">\n\t\t\t\t<div class=\"blockG\" id=\"rotateG_01\"><\/div>\n\t\t\t\t<div class=\"blockG\" id=\"rotateG_02\"><\/div>\n\t\t\t\t<div class=\"blockG\" id=\"rotateG_03\"><\/div>\n\t\t\t\t<div class=\"blockG\" id=\"rotateG_04\"><\/div>\n\t\t\t\t<div class=\"blockG\" id=\"rotateG_05\"><\/div>\n\t\t\t\t<div class=\"blockG\" id=\"rotateG_06\"><\/div>\n\t\t\t\t<div class=\"blockG\" id=\"rotateG_07\"><\/div>\n\t\t\t\t<div class=\"blockG\" id=\"rotateG_08\"><\/div>\n\t\t\t<\/div>\n\t\t\t<div class=\"WooZone-cross-sell-loader-text\"><\/div>\n\t\t<\/div>\n\t<\/div>\n\n\t\t\n<\/div>\n<div style=\"clear:both;\"><\/div>\n","protected":false},"excerpt":{"rendered":"<p class=\"animate-in fade-in-25 duration-700 my-0\">Wer sagt, Abschied nehmen muss\u00a0immer traurig\u00a0sein? Mit diesem\u00a0Australien-Deutschland Ortsschild wird die\u00a0Goodbye-Party zum\u00a0echten Hingucker \u2013\u00a0perfekt f\u00fcr alle, die bald in\u00a0Down Under durchstarten oder von\u00a0dort zur\u00fcckkehren!<\/p>\n","protected":false},"featured_media":5053,"comment_status":"closed","ping_status":"closed","template":"","meta":[],"product_brand":[],"product_cat":[120,121],"product_tag":[],"class_list":{"0":"post-5052","1":"product","2":"type-product","3":"status-publish","4":"has-post-thumbnail","6":"product_cat-reise-geschenke","7":"product_cat-australien-geschenk","9":"first","10":"instock","11":"shipping-taxable","12":"product-type-external"},"yoast_head":"<!-- This site is optimized with the Yoast SEO plugin v26.2 - https:\/\/yoast.com\/wordpress\/plugins\/seo\/ -->\n<title>Australien Deutschland Ortsschild &#8211; Reiseshop Travel-du.de<\/title>\n<meta name=\"robots\" content=\"index, follow, max-snippet:-1, max-image-preview:large, max-video-preview:-1\" \/>\n<link rel=\"canonical\" href=\"https:\/\/travel-du.de\/reiseshop\/produkt\/australien-deutschland-ortsschild\/\" \/>\n<meta property=\"og:locale\" content=\"de_DE\" \/>\n<meta property=\"og:type\" content=\"article\" \/>\n<meta property=\"og:title\" content=\"Australien Deutschland Ortsschild &#8211; Reiseshop Travel-du.de\" \/>\n<meta property=\"og:description\" content=\"Wer sagt, Abschied nehmen muss\u00a0immer traurig\u00a0sein? Mit diesem\u00a0Australien-Deutschland Ortsschild wird die\u00a0Goodbye-Party zum\u00a0echten Hingucker \u2013\u00a0perfekt f\u00fcr alle, die bald in\u00a0Down Under durchstarten oder von\u00a0dort zur\u00fcckkehren!\" \/>\n<meta property=\"og:url\" content=\"https:\/\/travel-du.de\/reiseshop\/produkt\/australien-deutschland-ortsschild\/\" \/>\n<meta property=\"og:site_name\" content=\"Reiseshop Travel-du.de\" \/>\n<meta property=\"article:modified_time\" content=\"2025-06-30T18:51:30+00:00\" \/>\n<meta property=\"og:image\" content=\"https:\/\/travel-du.de\/reiseshop\/wp-content\/uploads\/2025\/06\/DankeDir-Australien-Deutschland-Ortsschild-Kunststoff-Schild-30-x-20-cm-Geschenk-Idee-Gutschein-Reise-Urlaub-Reisegutschein-Maenner-Frauen-Geldgeschenk-Abschiedskarte-Geschenkidee-Deko-Karte-0.jpg\" \/>\n\t<meta property=\"og:image:width\" content=\"500\" \/>\n\t<meta property=\"og:image:height\" content=\"500\" \/>\n\t<meta property=\"og:image:type\" content=\"image\/jpeg\" \/>\n<meta name=\"twitter:card\" content=\"summary_large_image\" \/>\n<meta name=\"twitter:label1\" content=\"Gesch\u00e4tzte Lesezeit\" \/>\n\t<meta name=\"twitter:data1\" content=\"2\u00a0Minuten\" \/>\n<script type=\"application\/ld+json\" class=\"yoast-schema-graph\">{\"@context\":\"https:\/\/schema.org\",\"@graph\":[{\"@type\":\"WebPage\",\"@id\":\"https:\/\/travel-du.de\/reiseshop\/produkt\/australien-deutschland-ortsschild\/\",\"url\":\"https:\/\/travel-du.de\/reiseshop\/produkt\/australien-deutschland-ortsschild\/\",\"name\":\"Australien Deutschland Ortsschild &#8211; Reiseshop Travel-du.de\",\"isPartOf\":{\"@id\":\"https:\/\/travel-du.de\/reiseshop\/#website\"},\"primaryImageOfPage\":{\"@id\":\"https:\/\/travel-du.de\/reiseshop\/produkt\/australien-deutschland-ortsschild\/#primaryimage\"},\"image\":{\"@id\":\"https:\/\/travel-du.de\/reiseshop\/produkt\/australien-deutschland-ortsschild\/#primaryimage\"},\"thumbnailUrl\":\"https:\/\/travel-du.de\/reiseshop\/wp-content\/uploads\/2025\/06\/DankeDir-Australien-Deutschland-Ortsschild-Kunststoff-Schild-30-x-20-cm-Geschenk-Idee-Gutschein-Reise-Urlaub-Reisegutschein-Maenner-Frauen-Geldgeschenk-Abschiedskarte-Geschenkidee-Deko-Karte-0.jpg\",\"datePublished\":\"2025-06-30T17:29:02+00:00\",\"dateModified\":\"2025-06-30T18:51:30+00:00\",\"breadcrumb\":{\"@id\":\"https:\/\/travel-du.de\/reiseshop\/produkt\/australien-deutschland-ortsschild\/#breadcrumb\"},\"inLanguage\":\"de\",\"potentialAction\":[{\"@type\":\"ReadAction\",\"target\":[\"https:\/\/travel-du.de\/reiseshop\/produkt\/australien-deutschland-ortsschild\/\"]}]},{\"@type\":\"ImageObject\",\"inLanguage\":\"de\",\"@id\":\"https:\/\/travel-du.de\/reiseshop\/produkt\/australien-deutschland-ortsschild\/#primaryimage\",\"url\":\"https:\/\/travel-du.de\/reiseshop\/wp-content\/uploads\/2025\/06\/DankeDir-Australien-Deutschland-Ortsschild-Kunststoff-Schild-30-x-20-cm-Geschenk-Idee-Gutschein-Reise-Urlaub-Reisegutschein-Maenner-Frauen-Geldgeschenk-Abschiedskarte-Geschenkidee-Deko-Karte-0.jpg\",\"contentUrl\":\"https:\/\/travel-du.de\/reiseshop\/wp-content\/uploads\/2025\/06\/DankeDir-Australien-Deutschland-Ortsschild-Kunststoff-Schild-30-x-20-cm-Geschenk-Idee-Gutschein-Reise-Urlaub-Reisegutschein-Maenner-Frauen-Geldgeschenk-Abschiedskarte-Geschenkidee-Deko-Karte-0.jpg\",\"width\":500,\"height\":500},{\"@type\":\"BreadcrumbList\",\"@id\":\"https:\/\/travel-du.de\/reiseshop\/produkt\/australien-deutschland-ortsschild\/#breadcrumb\",\"itemListElement\":[{\"@type\":\"ListItem\",\"position\":1,\"name\":\"Startseite\",\"item\":\"https:\/\/travel-du.de\/reiseshop\/\"},{\"@type\":\"ListItem\",\"position\":2,\"name\":\"Shop\",\"item\":\"https:\/\/travel-du.de\/reiseshop\/shop\/\"},{\"@type\":\"ListItem\",\"position\":3,\"name\":\"Australien Deutschland Ortsschild\"}]},{\"@type\":\"WebSite\",\"@id\":\"https:\/\/travel-du.de\/reiseshop\/#website\",\"url\":\"https:\/\/travel-du.de\/reiseshop\/\",\"name\":\"Reiseshop Travel-du.de\",\"description\":\"Der Shop f\u00fcr Reisende, Weltenbummler und Abenteurer\",\"potentialAction\":[{\"@type\":\"SearchAction\",\"target\":{\"@type\":\"EntryPoint\",\"urlTemplate\":\"https:\/\/travel-du.de\/reiseshop\/?s={search_term_string}\"},\"query-input\":{\"@type\":\"PropertyValueSpecification\",\"valueRequired\":true,\"valueName\":\"search_term_string\"}}],\"inLanguage\":\"de\"}]}<\/script>\n<!-- \/ Yoast SEO plugin. -->","yoast_head_json":{"title":"Australien Deutschland Ortsschild &#8211; Reiseshop Travel-du.de","robots":{"index":"index","follow":"follow","max-snippet":"max-snippet:-1","max-image-preview":"max-image-preview:large","max-video-preview":"max-video-preview:-1"},"canonical":"https:\/\/travel-du.de\/reiseshop\/produkt\/australien-deutschland-ortsschild\/","og_locale":"de_DE","og_type":"article","og_title":"Australien Deutschland Ortsschild &#8211; Reiseshop Travel-du.de","og_description":"Wer sagt, Abschied nehmen muss\u00a0immer traurig\u00a0sein? Mit diesem\u00a0Australien-Deutschland Ortsschild wird die\u00a0Goodbye-Party zum\u00a0echten Hingucker \u2013\u00a0perfekt f\u00fcr alle, die bald in\u00a0Down Under durchstarten oder von\u00a0dort zur\u00fcckkehren!","og_url":"https:\/\/travel-du.de\/reiseshop\/produkt\/australien-deutschland-ortsschild\/","og_site_name":"Reiseshop Travel-du.de","article_modified_time":"2025-06-30T18:51:30+00:00","og_image":[{"width":500,"height":500,"url":"https:\/\/travel-du.de\/reiseshop\/wp-content\/uploads\/2025\/06\/DankeDir-Australien-Deutschland-Ortsschild-Kunststoff-Schild-30-x-20-cm-Geschenk-Idee-Gutschein-Reise-Urlaub-Reisegutschein-Maenner-Frauen-Geldgeschenk-Abschiedskarte-Geschenkidee-Deko-Karte-0.jpg","type":"image\/jpeg"}],"twitter_card":"summary_large_image","twitter_misc":{"Gesch\u00e4tzte Lesezeit":"2\u00a0Minuten"},"schema":{"@context":"https:\/\/schema.org","@graph":[{"@type":"WebPage","@id":"https:\/\/travel-du.de\/reiseshop\/produkt\/australien-deutschland-ortsschild\/","url":"https:\/\/travel-du.de\/reiseshop\/produkt\/australien-deutschland-ortsschild\/","name":"Australien Deutschland Ortsschild &#8211; Reiseshop Travel-du.de","isPartOf":{"@id":"https:\/\/travel-du.de\/reiseshop\/#website"},"primaryImageOfPage":{"@id":"https:\/\/travel-du.de\/reiseshop\/produkt\/australien-deutschland-ortsschild\/#primaryimage"},"image":{"@id":"https:\/\/travel-du.de\/reiseshop\/produkt\/australien-deutschland-ortsschild\/#primaryimage"},"thumbnailUrl":"https:\/\/travel-du.de\/reiseshop\/wp-content\/uploads\/2025\/06\/DankeDir-Australien-Deutschland-Ortsschild-Kunststoff-Schild-30-x-20-cm-Geschenk-Idee-Gutschein-Reise-Urlaub-Reisegutschein-Maenner-Frauen-Geldgeschenk-Abschiedskarte-Geschenkidee-Deko-Karte-0.jpg","datePublished":"2025-06-30T17:29:02+00:00","dateModified":"2025-06-30T18:51:30+00:00","breadcrumb":{"@id":"https:\/\/travel-du.de\/reiseshop\/produkt\/australien-deutschland-ortsschild\/#breadcrumb"},"inLanguage":"de","potentialAction":[{"@type":"ReadAction","target":["https:\/\/travel-du.de\/reiseshop\/produkt\/australien-deutschland-ortsschild\/"]}]},{"@type":"ImageObject","inLanguage":"de","@id":"https:\/\/travel-du.de\/reiseshop\/produkt\/australien-deutschland-ortsschild\/#primaryimage","url":"https:\/\/travel-du.de\/reiseshop\/wp-content\/uploads\/2025\/06\/DankeDir-Australien-Deutschland-Ortsschild-Kunststoff-Schild-30-x-20-cm-Geschenk-Idee-Gutschein-Reise-Urlaub-Reisegutschein-Maenner-Frauen-Geldgeschenk-Abschiedskarte-Geschenkidee-Deko-Karte-0.jpg","contentUrl":"https:\/\/travel-du.de\/reiseshop\/wp-content\/uploads\/2025\/06\/DankeDir-Australien-Deutschland-Ortsschild-Kunststoff-Schild-30-x-20-cm-Geschenk-Idee-Gutschein-Reise-Urlaub-Reisegutschein-Maenner-Frauen-Geldgeschenk-Abschiedskarte-Geschenkidee-Deko-Karte-0.jpg","width":500,"height":500},{"@type":"BreadcrumbList","@id":"https:\/\/travel-du.de\/reiseshop\/produkt\/australien-deutschland-ortsschild\/#breadcrumb","itemListElement":[{"@type":"ListItem","position":1,"name":"Startseite","item":"https:\/\/travel-du.de\/reiseshop\/"},{"@type":"ListItem","position":2,"name":"Shop","item":"https:\/\/travel-du.de\/reiseshop\/shop\/"},{"@type":"ListItem","position":3,"name":"Australien Deutschland Ortsschild"}]},{"@type":"WebSite","@id":"https:\/\/travel-du.de\/reiseshop\/#website","url":"https:\/\/travel-du.de\/reiseshop\/","name":"Reiseshop Travel-du.de","description":"Der Shop f\u00fcr Reisende, Weltenbummler und Abenteurer","potentialAction":[{"@type":"SearchAction","target":{"@type":"EntryPoint","urlTemplate":"https:\/\/travel-du.de\/reiseshop\/?s={search_term_string}"},"query-input":{"@type":"PropertyValueSpecification","valueRequired":true,"valueName":"search_term_string"}}],"inLanguage":"de"}]}},"_links":{"self":[{"href":"https:\/\/travel-du.de\/reiseshop\/wp-json\/wp\/v2\/product\/5052","targetHints":{"allow":["GET"]}}],"collection":[{"href":"https:\/\/travel-du.de\/reiseshop\/wp-json\/wp\/v2\/product"}],"about":[{"href":"https:\/\/travel-du.de\/reiseshop\/wp-json\/wp\/v2\/types\/product"}],"replies":[{"embeddable":true,"href":"https:\/\/travel-du.de\/reiseshop\/wp-json\/wp\/v2\/comments?post=5052"}],"wp:featuredmedia":[{"embeddable":true,"href":"https:\/\/travel-du.de\/reiseshop\/wp-json\/wp\/v2\/media\/5053"}],"wp:attachment":[{"href":"https:\/\/travel-du.de\/reiseshop\/wp-json\/wp\/v2\/media?parent=5052"}],"wp:term":[{"taxonomy":"product_brand","embeddable":true,"href":"https:\/\/travel-du.de\/reiseshop\/wp-json\/wp\/v2\/product_brand?post=5052"},{"taxonomy":"product_cat","embeddable":true,"href":"https:\/\/travel-du.de\/reiseshop\/wp-json\/wp\/v2\/product_cat?post=5052"},{"taxonomy":"product_tag","embeddable":true,"href":"https:\/\/travel-du.de\/reiseshop\/wp-json\/wp\/v2\/product_tag?post=5052"}],"curies":[{"name":"wp","href":"https:\/\/api.w.org\/{rel}","templated":true}]}}