{"id":4831,"date":"2025-06-30T17:57:46","date_gmt":"2025-06-30T15:57:46","guid":{"rendered":"https:\/\/travel-du.de\/reiseshop\/produkt\/brisa-vw-collection-volkswagen-grosse-emaille-kaffee-tee-tasse-becher-haferl-fuer-camping-outdoor-t1-t3-bus-500-ml-multicolor-bunt\/"},"modified":"2025-06-30T18:17:34","modified_gmt":"2025-06-30T16:17:34","slug":"volkswagen-t3-becher","status":"publish","type":"product","link":"https:\/\/travel-du.de\/reiseshop\/produkt\/volkswagen-t3-becher\/","title":{"rendered":"T3-Becher aus Emaille"},"content":{"rendered":"<p>MULTICOLOR: diese kultige Kaffeetasse ist mit bunten Quadraten versehen, die je ein Bulli Modell T1-T3 in verschiedenen Farben darstellen. Ein cooles Detail ist der Geschenkkarton. Die Tasse ist h=8,5 cm hoch und fasst 500ml.<br \/>\nPFLEGELEICHT: die Tassen sind dank ihrer Emaille Beschichtung sehr pflegeleicht &#038; langlebig. Die Tassen sollten allerdings nicht in der Sp\u00fclmaschine, sondern per Hand mit einem weichen Schwamm und etwas Wasser und Sp\u00fclmittel gereinigt werden.<br \/>\nMULTIFUNKTIONAL verwendbar: aus den kultigen Tassen lassen sich nicht nur Hei\u00dfgetr\u00e4nke wie Tee und Kaffee, sondern auch Cocktails, wie zum Beispiel der legend\u00e4re Moscow Mule genie\u00dfen. Auch Suppen oder M\u00fcsli kann man beim Campen daraus essen.<br \/>\nTECHNISCHE Details: die Bulli Tassen bestehen aus leichtem und robusten Stahlblech und sind mit Emaille beschichtet. Der d\u00fcnne Stahlrand sorgt f\u00fcr ein angenehmes Trinkgef\u00fchl.<br \/>\nOFFIZIELL LIZENZIERT: die schicke Kaffeetasse im T1, T2, &#038; T3 Bus Design ist ein offiziell von Volkswagen lizenziertes Produkt. All unsere Artikel werden in Deutschland entwickelt, um unseren hohen Qualit\u00e4tsstandards gerecht zu werden.<br \/>\n<div class=\"main-cross-sell\" data-asin=\"B07ZKL5H78\">\n\n\t<div class=\"WooZone-cross-sell-loader\">\n\t\t<div>\n\t\t\t<div id=\"floatingBarsG\">\n\t\t\t\t<div class=\"blockG\" id=\"rotateG_01\"><\/div>\n\t\t\t\t<div class=\"blockG\" id=\"rotateG_02\"><\/div>\n\t\t\t\t<div class=\"blockG\" id=\"rotateG_03\"><\/div>\n\t\t\t\t<div class=\"blockG\" id=\"rotateG_04\"><\/div>\n\t\t\t\t<div class=\"blockG\" id=\"rotateG_05\"><\/div>\n\t\t\t\t<div class=\"blockG\" id=\"rotateG_06\"><\/div>\n\t\t\t\t<div class=\"blockG\" id=\"rotateG_07\"><\/div>\n\t\t\t\t<div class=\"blockG\" id=\"rotateG_08\"><\/div>\n\t\t\t<\/div>\n\t\t\t<div class=\"WooZone-cross-sell-loader-text\"><\/div>\n\t\t<\/div>\n\t<\/div>\n\n\t\t\n<\/div>\n<div style=\"clear:both;\"><\/div><\/p>\n","protected":false},"excerpt":{"rendered":"<p>MULTICOLOR: diese kultige Kaffeetasse ist mit bunten Quadraten versehen, die je ein Bulli Modell T1-T3 in verschiedenen Farben darstellen. Ein cooles Detail ist der Geschenkkarton. Die Tasse ist h=8,5 cm hoch und fasst 500ml.<br \/>\nPFLEGELEICHT: die Tassen sind dank ihrer Emaille Beschichtung sehr pflegeleicht &#038; langlebig. Die Tassen sollten allerdings nicht in der Sp\u00fclmaschine, sondern per Hand mit einem weichen Schwamm und etwas Wasser und Sp\u00fclmittel gereinigt werden.<br \/>\nMULTIFUNKTIONAL verwendbar: aus den kultigen Tassen lassen sich nicht nur Hei\u00dfgetr\u00e4nke wie Tee und Kaffee, sondern auch Cocktails, wie zum Beispiel der legend\u00e4re Moscow Mule genie\u00dfen. Auch Suppen oder M\u00fcsli kann man beim Campen daraus essen.<\/p>\n","protected":false},"featured_media":4832,"comment_status":"closed","ping_status":"closed","template":"","meta":[],"product_brand":[],"product_cat":[3860],"product_tag":[],"class_list":{"0":"post-4831","1":"product","2":"type-product","3":"status-publish","4":"has-post-thumbnail","6":"product_cat-t3-geschenke","8":"first","9":"instock","10":"shipping-taxable","11":"product-type-external"},"yoast_head":"<!-- This site is optimized with the Yoast SEO plugin v26.2 - https:\/\/yoast.com\/wordpress\/plugins\/seo\/ -->\n<title>T3-Becher aus Emaille &#8211; Reiseshop Travel-du.de<\/title>\n<meta name=\"robots\" content=\"index, follow, max-snippet:-1, max-image-preview:large, max-video-preview:-1\" \/>\n<link rel=\"canonical\" href=\"https:\/\/travel-du.de\/reiseshop\/produkt\/volkswagen-t3-becher\/\" \/>\n<meta property=\"og:locale\" content=\"de_DE\" \/>\n<meta property=\"og:type\" content=\"article\" \/>\n<meta property=\"og:title\" content=\"T3-Becher aus Emaille &#8211; Reiseshop Travel-du.de\" \/>\n<meta property=\"og:description\" content=\"MULTICOLOR: diese kultige Kaffeetasse ist mit bunten Quadraten versehen, die je ein Bulli Modell T1-T3 in verschiedenen Farben darstellen. Ein cooles Detail ist der Geschenkkarton. Die Tasse ist h=8,5 cm hoch und fasst 500ml. PFLEGELEICHT: die Tassen sind dank ihrer Emaille Beschichtung sehr pflegeleicht &amp; langlebig. Die Tassen sollten allerdings nicht in der Sp\u00fclmaschine, sondern per Hand mit einem weichen Schwamm und etwas Wasser und Sp\u00fclmittel gereinigt werden. MULTIFUNKTIONAL verwendbar: aus den kultigen Tassen lassen sich nicht nur Hei\u00dfgetr\u00e4nke wie Tee und Kaffee, sondern auch Cocktails, wie zum Beispiel der legend\u00e4re Moscow Mule genie\u00dfen. Auch Suppen oder M\u00fcsli kann man beim Campen daraus essen.\" \/>\n<meta property=\"og:url\" content=\"https:\/\/travel-du.de\/reiseshop\/produkt\/volkswagen-t3-becher\/\" \/>\n<meta property=\"og:site_name\" content=\"Reiseshop Travel-du.de\" \/>\n<meta property=\"article:modified_time\" content=\"2025-06-30T16:17:34+00:00\" \/>\n<meta property=\"og:image\" content=\"https:\/\/travel-du.de\/reiseshop\/wp-content\/uploads\/2025\/06\/BRISA-VW-Collection-Volkswagen-Grosse-Emaille-Kaffee-Tee-Tasse-Becher-Haferl-fuer-Camping-Outdoor-T1-T3-Bus-500-mlMulticolorBunt-0.jpg\" \/>\n\t<meta property=\"og:image:width\" content=\"500\" \/>\n\t<meta property=\"og:image:height\" content=\"375\" \/>\n\t<meta property=\"og:image:type\" content=\"image\/jpeg\" \/>\n<meta name=\"twitter:card\" content=\"summary_large_image\" \/>\n<meta name=\"twitter:label1\" content=\"Gesch\u00e4tzte Lesezeit\" \/>\n\t<meta name=\"twitter:data1\" content=\"1\u00a0Minute\" \/>\n<script type=\"application\/ld+json\" class=\"yoast-schema-graph\">{\"@context\":\"https:\/\/schema.org\",\"@graph\":[{\"@type\":\"WebPage\",\"@id\":\"https:\/\/travel-du.de\/reiseshop\/produkt\/volkswagen-t3-becher\/\",\"url\":\"https:\/\/travel-du.de\/reiseshop\/produkt\/volkswagen-t3-becher\/\",\"name\":\"T3-Becher aus Emaille &#8211; Reiseshop Travel-du.de\",\"isPartOf\":{\"@id\":\"https:\/\/travel-du.de\/reiseshop\/#website\"},\"primaryImageOfPage\":{\"@id\":\"https:\/\/travel-du.de\/reiseshop\/produkt\/volkswagen-t3-becher\/#primaryimage\"},\"image\":{\"@id\":\"https:\/\/travel-du.de\/reiseshop\/produkt\/volkswagen-t3-becher\/#primaryimage\"},\"thumbnailUrl\":\"https:\/\/travel-du.de\/reiseshop\/wp-content\/uploads\/2025\/06\/BRISA-VW-Collection-Volkswagen-Grosse-Emaille-Kaffee-Tee-Tasse-Becher-Haferl-fuer-Camping-Outdoor-T1-T3-Bus-500-mlMulticolorBunt-0.jpg\",\"datePublished\":\"2025-06-30T15:57:46+00:00\",\"dateModified\":\"2025-06-30T16:17:34+00:00\",\"breadcrumb\":{\"@id\":\"https:\/\/travel-du.de\/reiseshop\/produkt\/volkswagen-t3-becher\/#breadcrumb\"},\"inLanguage\":\"de\",\"potentialAction\":[{\"@type\":\"ReadAction\",\"target\":[\"https:\/\/travel-du.de\/reiseshop\/produkt\/volkswagen-t3-becher\/\"]}]},{\"@type\":\"ImageObject\",\"inLanguage\":\"de\",\"@id\":\"https:\/\/travel-du.de\/reiseshop\/produkt\/volkswagen-t3-becher\/#primaryimage\",\"url\":\"https:\/\/travel-du.de\/reiseshop\/wp-content\/uploads\/2025\/06\/BRISA-VW-Collection-Volkswagen-Grosse-Emaille-Kaffee-Tee-Tasse-Becher-Haferl-fuer-Camping-Outdoor-T1-T3-Bus-500-mlMulticolorBunt-0.jpg\",\"contentUrl\":\"https:\/\/travel-du.de\/reiseshop\/wp-content\/uploads\/2025\/06\/BRISA-VW-Collection-Volkswagen-Grosse-Emaille-Kaffee-Tee-Tasse-Becher-Haferl-fuer-Camping-Outdoor-T1-T3-Bus-500-mlMulticolorBunt-0.jpg\",\"width\":500,\"height\":375},{\"@type\":\"BreadcrumbList\",\"@id\":\"https:\/\/travel-du.de\/reiseshop\/produkt\/volkswagen-t3-becher\/#breadcrumb\",\"itemListElement\":[{\"@type\":\"ListItem\",\"position\":1,\"name\":\"Startseite\",\"item\":\"https:\/\/travel-du.de\/reiseshop\/\"},{\"@type\":\"ListItem\",\"position\":2,\"name\":\"Shop\",\"item\":\"https:\/\/travel-du.de\/reiseshop\/shop\/\"},{\"@type\":\"ListItem\",\"position\":3,\"name\":\"T3-Becher aus Emaille\"}]},{\"@type\":\"WebSite\",\"@id\":\"https:\/\/travel-du.de\/reiseshop\/#website\",\"url\":\"https:\/\/travel-du.de\/reiseshop\/\",\"name\":\"Reiseshop Travel-du.de\",\"description\":\"Der Shop f\u00fcr Reisende, Weltenbummler und Abenteurer\",\"potentialAction\":[{\"@type\":\"SearchAction\",\"target\":{\"@type\":\"EntryPoint\",\"urlTemplate\":\"https:\/\/travel-du.de\/reiseshop\/?s={search_term_string}\"},\"query-input\":{\"@type\":\"PropertyValueSpecification\",\"valueRequired\":true,\"valueName\":\"search_term_string\"}}],\"inLanguage\":\"de\"}]}<\/script>\n<!-- \/ Yoast SEO plugin. -->","yoast_head_json":{"title":"T3-Becher aus Emaille &#8211; Reiseshop Travel-du.de","robots":{"index":"index","follow":"follow","max-snippet":"max-snippet:-1","max-image-preview":"max-image-preview:large","max-video-preview":"max-video-preview:-1"},"canonical":"https:\/\/travel-du.de\/reiseshop\/produkt\/volkswagen-t3-becher\/","og_locale":"de_DE","og_type":"article","og_title":"T3-Becher aus Emaille &#8211; Reiseshop Travel-du.de","og_description":"MULTICOLOR: diese kultige Kaffeetasse ist mit bunten Quadraten versehen, die je ein Bulli Modell T1-T3 in verschiedenen Farben darstellen. Ein cooles Detail ist der Geschenkkarton. Die Tasse ist h=8,5 cm hoch und fasst 500ml. PFLEGELEICHT: die Tassen sind dank ihrer Emaille Beschichtung sehr pflegeleicht & langlebig. Die Tassen sollten allerdings nicht in der Sp\u00fclmaschine, sondern per Hand mit einem weichen Schwamm und etwas Wasser und Sp\u00fclmittel gereinigt werden. MULTIFUNKTIONAL verwendbar: aus den kultigen Tassen lassen sich nicht nur Hei\u00dfgetr\u00e4nke wie Tee und Kaffee, sondern auch Cocktails, wie zum Beispiel der legend\u00e4re Moscow Mule genie\u00dfen. Auch Suppen oder M\u00fcsli kann man beim Campen daraus essen.","og_url":"https:\/\/travel-du.de\/reiseshop\/produkt\/volkswagen-t3-becher\/","og_site_name":"Reiseshop Travel-du.de","article_modified_time":"2025-06-30T16:17:34+00:00","og_image":[{"width":500,"height":375,"url":"https:\/\/travel-du.de\/reiseshop\/wp-content\/uploads\/2025\/06\/BRISA-VW-Collection-Volkswagen-Grosse-Emaille-Kaffee-Tee-Tasse-Becher-Haferl-fuer-Camping-Outdoor-T1-T3-Bus-500-mlMulticolorBunt-0.jpg","type":"image\/jpeg"}],"twitter_card":"summary_large_image","twitter_misc":{"Gesch\u00e4tzte Lesezeit":"1\u00a0Minute"},"schema":{"@context":"https:\/\/schema.org","@graph":[{"@type":"WebPage","@id":"https:\/\/travel-du.de\/reiseshop\/produkt\/volkswagen-t3-becher\/","url":"https:\/\/travel-du.de\/reiseshop\/produkt\/volkswagen-t3-becher\/","name":"T3-Becher aus Emaille &#8211; Reiseshop Travel-du.de","isPartOf":{"@id":"https:\/\/travel-du.de\/reiseshop\/#website"},"primaryImageOfPage":{"@id":"https:\/\/travel-du.de\/reiseshop\/produkt\/volkswagen-t3-becher\/#primaryimage"},"image":{"@id":"https:\/\/travel-du.de\/reiseshop\/produkt\/volkswagen-t3-becher\/#primaryimage"},"thumbnailUrl":"https:\/\/travel-du.de\/reiseshop\/wp-content\/uploads\/2025\/06\/BRISA-VW-Collection-Volkswagen-Grosse-Emaille-Kaffee-Tee-Tasse-Becher-Haferl-fuer-Camping-Outdoor-T1-T3-Bus-500-mlMulticolorBunt-0.jpg","datePublished":"2025-06-30T15:57:46+00:00","dateModified":"2025-06-30T16:17:34+00:00","breadcrumb":{"@id":"https:\/\/travel-du.de\/reiseshop\/produkt\/volkswagen-t3-becher\/#breadcrumb"},"inLanguage":"de","potentialAction":[{"@type":"ReadAction","target":["https:\/\/travel-du.de\/reiseshop\/produkt\/volkswagen-t3-becher\/"]}]},{"@type":"ImageObject","inLanguage":"de","@id":"https:\/\/travel-du.de\/reiseshop\/produkt\/volkswagen-t3-becher\/#primaryimage","url":"https:\/\/travel-du.de\/reiseshop\/wp-content\/uploads\/2025\/06\/BRISA-VW-Collection-Volkswagen-Grosse-Emaille-Kaffee-Tee-Tasse-Becher-Haferl-fuer-Camping-Outdoor-T1-T3-Bus-500-mlMulticolorBunt-0.jpg","contentUrl":"https:\/\/travel-du.de\/reiseshop\/wp-content\/uploads\/2025\/06\/BRISA-VW-Collection-Volkswagen-Grosse-Emaille-Kaffee-Tee-Tasse-Becher-Haferl-fuer-Camping-Outdoor-T1-T3-Bus-500-mlMulticolorBunt-0.jpg","width":500,"height":375},{"@type":"BreadcrumbList","@id":"https:\/\/travel-du.de\/reiseshop\/produkt\/volkswagen-t3-becher\/#breadcrumb","itemListElement":[{"@type":"ListItem","position":1,"name":"Startseite","item":"https:\/\/travel-du.de\/reiseshop\/"},{"@type":"ListItem","position":2,"name":"Shop","item":"https:\/\/travel-du.de\/reiseshop\/shop\/"},{"@type":"ListItem","position":3,"name":"T3-Becher aus Emaille"}]},{"@type":"WebSite","@id":"https:\/\/travel-du.de\/reiseshop\/#website","url":"https:\/\/travel-du.de\/reiseshop\/","name":"Reiseshop Travel-du.de","description":"Der Shop f\u00fcr Reisende, Weltenbummler und Abenteurer","potentialAction":[{"@type":"SearchAction","target":{"@type":"EntryPoint","urlTemplate":"https:\/\/travel-du.de\/reiseshop\/?s={search_term_string}"},"query-input":{"@type":"PropertyValueSpecification","valueRequired":true,"valueName":"search_term_string"}}],"inLanguage":"de"}]}},"_links":{"self":[{"href":"https:\/\/travel-du.de\/reiseshop\/wp-json\/wp\/v2\/product\/4831","targetHints":{"allow":["GET"]}}],"collection":[{"href":"https:\/\/travel-du.de\/reiseshop\/wp-json\/wp\/v2\/product"}],"about":[{"href":"https:\/\/travel-du.de\/reiseshop\/wp-json\/wp\/v2\/types\/product"}],"replies":[{"embeddable":true,"href":"https:\/\/travel-du.de\/reiseshop\/wp-json\/wp\/v2\/comments?post=4831"}],"wp:featuredmedia":[{"embeddable":true,"href":"https:\/\/travel-du.de\/reiseshop\/wp-json\/wp\/v2\/media\/4832"}],"wp:attachment":[{"href":"https:\/\/travel-du.de\/reiseshop\/wp-json\/wp\/v2\/media?parent=4831"}],"wp:term":[{"taxonomy":"product_brand","embeddable":true,"href":"https:\/\/travel-du.de\/reiseshop\/wp-json\/wp\/v2\/product_brand?post=4831"},{"taxonomy":"product_cat","embeddable":true,"href":"https:\/\/travel-du.de\/reiseshop\/wp-json\/wp\/v2\/product_cat?post=4831"},{"taxonomy":"product_tag","embeddable":true,"href":"https:\/\/travel-du.de\/reiseshop\/wp-json\/wp\/v2\/product_tag?post=4831"}],"curies":[{"name":"wp","href":"https:\/\/api.w.org\/{rel}","templated":true}]}}