{"id":4358,"date":"2023-12-31T16:13:51","date_gmt":"2023-12-31T15:13:51","guid":{"rendered":"https:\/\/travel-du.de\/reiseshop\/produkt\/2023-weltmeisterschaft-rwc-new-zealand-all-blacks-rugby-trikot-rugby-t-shirt-poloshirt-herren-matchtraining-fussballtrikot\/"},"modified":"2023-12-31T17:07:32","modified_gmt":"2023-12-31T16:07:32","slug":"2023-weltmeisterschaft-rwc-new-zealand-all-blacks-rugby-trikot-rugby-t-shirt-poloshirt-herren-matchtraining-fussballtrikot","status":"publish","type":"product","link":"https:\/\/travel-du.de\/reiseshop\/produkt\/2023-weltmeisterschaft-rwc-new-zealand-all-blacks-rugby-trikot-rugby-t-shirt-poloshirt-herren-matchtraining-fussballtrikot\/","title":{"rendered":"All Blacks Neuseeland Rugby-Trikot"},"content":{"rendered":"<p>\u2605 MATERIAL: Polyestergewebe, hochwertiger Stoff. Ein weiches, hautfreundliches Material wie Baumwolle kann for reibungslose, reibungsarme Funktionen sorgen.<br \/>\n\u2605 EIGENSCHAFTEN: Langfristige Schwei\u00df- und Feuchtigkeitsaufnahme, dezentes Jersey-Mesh-Design, schnelle Bel\u00fcftung und W\u00e4rmeableitung, wodurch der Komfort erheblich verbessert wird.<br \/>\n\u2605 RUGBY-JERSEY-VERWENDUNG: Modisches, hochwertiges Rugby-Trikot, leichter und atmungsaktiver Stoff, erf\u00fcllt Ihre verschiedenen Sportbed\u00fcrfnisse.<br \/>\n\u2605 L\u00e4ssiges Rugby-Fu\u00dfball-T-Shirt: Sie k\u00f6nnen es mit Sweatshirts, Hemden, Turnschuhen und anderen Sport- und Freizeitkleidung tragen. Dies ist das beste Geschenk for Verwandte und Freunde. Bitte \u00fcberpr\u00fcfen Sie vor dem Kauf sorgf\u00e4ltig unsere Gr\u00f6\u00dfentabelle.<br \/>\n\u2605 UNSER SERVICE: Wenn Sie ein treuer Rugby- oder Elite-Fan sind, sollten Sie sich dieses Trikot nicht entgehen lassen. Wenn Sie Fragen haben, wenden Sie sich bitte an uns. Wir werden Ihnen innerhalb von 24 Stunden antworten, um Ihnen das Praktischste zu bieten L\u00f6sungen und Dienstleistungen.<br \/>\n<div class=\"main-cross-sell\" data-asin=\"B0CLD9HT3N\">\n\n\t<div class=\"WooZone-cross-sell-loader\">\n\t\t<div>\n\t\t\t<div id=\"floatingBarsG\">\n\t\t\t\t<div class=\"blockG\" id=\"rotateG_01\"><\/div>\n\t\t\t\t<div class=\"blockG\" id=\"rotateG_02\"><\/div>\n\t\t\t\t<div class=\"blockG\" id=\"rotateG_03\"><\/div>\n\t\t\t\t<div class=\"blockG\" id=\"rotateG_04\"><\/div>\n\t\t\t\t<div class=\"blockG\" id=\"rotateG_05\"><\/div>\n\t\t\t\t<div class=\"blockG\" id=\"rotateG_06\"><\/div>\n\t\t\t\t<div class=\"blockG\" id=\"rotateG_07\"><\/div>\n\t\t\t\t<div class=\"blockG\" id=\"rotateG_08\"><\/div>\n\t\t\t<\/div>\n\t\t\t<div class=\"WooZone-cross-sell-loader-text\"><\/div>\n\t\t<\/div>\n\t<\/div>\n\n\t\t\n<\/div>\n<div style=\"clear:both;\"><\/div><\/p>\n","protected":false},"excerpt":{"rendered":"<p>Jeder Neuseel\u00e4nder ist Rugby-Fan. Ein Rugby Trikot geh\u00f6rt also quasi zum Pflichtprogramm in deinem Kleiderschrank.<\/p>\n<p>Tauche in den Rugby-Wahnsinn ein und zeige deine Unterst\u00fctzung f\u00fcr die All Blacks mit dem 2023 Weltmeisterschafts-Rugby-Trikot!<\/p>\n<ul>\n<li>Hochwertiger, atmungsaktiver Stoff<\/li>\n<li>Langfristige Schwei\u00df- und Feuchtigkeitsaufnahme<\/li>\n<li>schnelle Bel\u00fcftung und W\u00e4rmeableitung,<\/li>\n<\/ul>\n","protected":false},"featured_media":4364,"comment_status":"open","ping_status":"closed","template":"","meta":[],"product_brand":[],"product_cat":[120,122],"product_tag":[],"class_list":{"0":"post-4358","1":"product","2":"type-product","3":"status-publish","4":"has-post-thumbnail","6":"product_cat-reise-geschenke","7":"product_cat-geschenk-neuseeland","9":"first","10":"instock","11":"shipping-taxable","12":"product-type-external"},"yoast_head":"<!-- This site is optimized with the Yoast SEO plugin v26.2 - https:\/\/yoast.com\/wordpress\/plugins\/seo\/ -->\n<title>All Blacks Neuseeland Rugby-Trikot &#8211; Reiseshop Travel-du.de<\/title>\n<meta name=\"description\" content=\"Pflicht-Programm im Kleiderschrank jedes Neuseeland-Fans: Ein Trikot der All Blacks. Stylisch, Atmungsaktiv und hochwertiger Stoff.\" \/>\n<meta name=\"robots\" content=\"index, follow, max-snippet:-1, max-image-preview:large, max-video-preview:-1\" \/>\n<link rel=\"canonical\" href=\"https:\/\/travel-du.de\/reiseshop\/produkt\/2023-weltmeisterschaft-rwc-new-zealand-all-blacks-rugby-trikot-rugby-t-shirt-poloshirt-herren-matchtraining-fussballtrikot\/\" \/>\n<meta property=\"og:locale\" content=\"de_DE\" \/>\n<meta property=\"og:type\" content=\"article\" \/>\n<meta property=\"og:title\" content=\"All Blacks Neuseeland Rugby-Trikot &#8211; Reiseshop Travel-du.de\" \/>\n<meta property=\"og:description\" content=\"Pflicht-Programm im Kleiderschrank jedes Neuseeland-Fans: Ein Trikot der All Blacks. Stylisch, Atmungsaktiv und hochwertiger Stoff.\" \/>\n<meta property=\"og:url\" content=\"https:\/\/travel-du.de\/reiseshop\/produkt\/2023-weltmeisterschaft-rwc-new-zealand-all-blacks-rugby-trikot-rugby-t-shirt-poloshirt-herren-matchtraining-fussballtrikot\/\" \/>\n<meta property=\"og:site_name\" content=\"Reiseshop Travel-du.de\" \/>\n<meta property=\"article:modified_time\" content=\"2023-12-31T16:07:32+00:00\" \/>\n<meta property=\"og:image\" content=\"https:\/\/travel-du.de\/reiseshop\/wp-content\/uploads\/2023\/12\/2023-Weltmeisterschaft-RWC-New-Zealand-All-Blacks-Rugby-Trikot-Rugby-T-Shirt-Poloshirt-Herren-Matchtraining-Fussballtrikot-0.jpg\" \/>\n\t<meta property=\"og:image:width\" content=\"500\" \/>\n\t<meta property=\"og:image:height\" content=\"500\" \/>\n\t<meta property=\"og:image:type\" content=\"image\/jpeg\" \/>\n<meta name=\"twitter:card\" content=\"summary_large_image\" \/>\n<meta name=\"twitter:label1\" content=\"Gesch\u00e4tzte Lesezeit\" \/>\n\t<meta name=\"twitter:data1\" content=\"1\u00a0Minute\" \/>\n<script type=\"application\/ld+json\" class=\"yoast-schema-graph\">{\"@context\":\"https:\/\/schema.org\",\"@graph\":[{\"@type\":\"WebPage\",\"@id\":\"https:\/\/travel-du.de\/reiseshop\/produkt\/2023-weltmeisterschaft-rwc-new-zealand-all-blacks-rugby-trikot-rugby-t-shirt-poloshirt-herren-matchtraining-fussballtrikot\/\",\"url\":\"https:\/\/travel-du.de\/reiseshop\/produkt\/2023-weltmeisterschaft-rwc-new-zealand-all-blacks-rugby-trikot-rugby-t-shirt-poloshirt-herren-matchtraining-fussballtrikot\/\",\"name\":\"All Blacks Neuseeland Rugby-Trikot &#8211; Reiseshop Travel-du.de\",\"isPartOf\":{\"@id\":\"https:\/\/travel-du.de\/reiseshop\/#website\"},\"primaryImageOfPage\":{\"@id\":\"https:\/\/travel-du.de\/reiseshop\/produkt\/2023-weltmeisterschaft-rwc-new-zealand-all-blacks-rugby-trikot-rugby-t-shirt-poloshirt-herren-matchtraining-fussballtrikot\/#primaryimage\"},\"image\":{\"@id\":\"https:\/\/travel-du.de\/reiseshop\/produkt\/2023-weltmeisterschaft-rwc-new-zealand-all-blacks-rugby-trikot-rugby-t-shirt-poloshirt-herren-matchtraining-fussballtrikot\/#primaryimage\"},\"thumbnailUrl\":\"https:\/\/travel-du.de\/reiseshop\/wp-content\/uploads\/2023\/12\/2023-Weltmeisterschaft-RWC-New-Zealand-All-Blacks-Rugby-Trikot-Rugby-T-Shirt-Poloshirt-Herren-Matchtraining-Fussballtrikot-0.jpg\",\"datePublished\":\"2023-12-31T15:13:51+00:00\",\"dateModified\":\"2023-12-31T16:07:32+00:00\",\"description\":\"Pflicht-Programm im Kleiderschrank jedes Neuseeland-Fans: Ein Trikot der All Blacks. Stylisch, Atmungsaktiv und hochwertiger Stoff.\",\"breadcrumb\":{\"@id\":\"https:\/\/travel-du.de\/reiseshop\/produkt\/2023-weltmeisterschaft-rwc-new-zealand-all-blacks-rugby-trikot-rugby-t-shirt-poloshirt-herren-matchtraining-fussballtrikot\/#breadcrumb\"},\"inLanguage\":\"de\",\"potentialAction\":[{\"@type\":\"ReadAction\",\"target\":[\"https:\/\/travel-du.de\/reiseshop\/produkt\/2023-weltmeisterschaft-rwc-new-zealand-all-blacks-rugby-trikot-rugby-t-shirt-poloshirt-herren-matchtraining-fussballtrikot\/\"]}]},{\"@type\":\"ImageObject\",\"inLanguage\":\"de\",\"@id\":\"https:\/\/travel-du.de\/reiseshop\/produkt\/2023-weltmeisterschaft-rwc-new-zealand-all-blacks-rugby-trikot-rugby-t-shirt-poloshirt-herren-matchtraining-fussballtrikot\/#primaryimage\",\"url\":\"https:\/\/travel-du.de\/reiseshop\/wp-content\/uploads\/2023\/12\/2023-Weltmeisterschaft-RWC-New-Zealand-All-Blacks-Rugby-Trikot-Rugby-T-Shirt-Poloshirt-Herren-Matchtraining-Fussballtrikot-0.jpg\",\"contentUrl\":\"https:\/\/travel-du.de\/reiseshop\/wp-content\/uploads\/2023\/12\/2023-Weltmeisterschaft-RWC-New-Zealand-All-Blacks-Rugby-Trikot-Rugby-T-Shirt-Poloshirt-Herren-Matchtraining-Fussballtrikot-0.jpg\",\"width\":500,\"height\":500},{\"@type\":\"BreadcrumbList\",\"@id\":\"https:\/\/travel-du.de\/reiseshop\/produkt\/2023-weltmeisterschaft-rwc-new-zealand-all-blacks-rugby-trikot-rugby-t-shirt-poloshirt-herren-matchtraining-fussballtrikot\/#breadcrumb\",\"itemListElement\":[{\"@type\":\"ListItem\",\"position\":1,\"name\":\"Startseite\",\"item\":\"https:\/\/travel-du.de\/reiseshop\/\"},{\"@type\":\"ListItem\",\"position\":2,\"name\":\"Shop\",\"item\":\"https:\/\/travel-du.de\/reiseshop\/shop\/\"},{\"@type\":\"ListItem\",\"position\":3,\"name\":\"All Blacks Neuseeland Rugby-Trikot\"}]},{\"@type\":\"WebSite\",\"@id\":\"https:\/\/travel-du.de\/reiseshop\/#website\",\"url\":\"https:\/\/travel-du.de\/reiseshop\/\",\"name\":\"Reiseshop Travel-du.de\",\"description\":\"Der Shop f\u00fcr Reisende, Weltenbummler und Abenteurer\",\"potentialAction\":[{\"@type\":\"SearchAction\",\"target\":{\"@type\":\"EntryPoint\",\"urlTemplate\":\"https:\/\/travel-du.de\/reiseshop\/?s={search_term_string}\"},\"query-input\":{\"@type\":\"PropertyValueSpecification\",\"valueRequired\":true,\"valueName\":\"search_term_string\"}}],\"inLanguage\":\"de\"}]}<\/script>\n<!-- \/ Yoast SEO plugin. -->","yoast_head_json":{"title":"All Blacks Neuseeland Rugby-Trikot &#8211; Reiseshop Travel-du.de","description":"Pflicht-Programm im Kleiderschrank jedes Neuseeland-Fans: Ein Trikot der All Blacks. Stylisch, Atmungsaktiv und hochwertiger Stoff.","robots":{"index":"index","follow":"follow","max-snippet":"max-snippet:-1","max-image-preview":"max-image-preview:large","max-video-preview":"max-video-preview:-1"},"canonical":"https:\/\/travel-du.de\/reiseshop\/produkt\/2023-weltmeisterschaft-rwc-new-zealand-all-blacks-rugby-trikot-rugby-t-shirt-poloshirt-herren-matchtraining-fussballtrikot\/","og_locale":"de_DE","og_type":"article","og_title":"All Blacks Neuseeland Rugby-Trikot &#8211; Reiseshop Travel-du.de","og_description":"Pflicht-Programm im Kleiderschrank jedes Neuseeland-Fans: Ein Trikot der All Blacks. Stylisch, Atmungsaktiv und hochwertiger Stoff.","og_url":"https:\/\/travel-du.de\/reiseshop\/produkt\/2023-weltmeisterschaft-rwc-new-zealand-all-blacks-rugby-trikot-rugby-t-shirt-poloshirt-herren-matchtraining-fussballtrikot\/","og_site_name":"Reiseshop Travel-du.de","article_modified_time":"2023-12-31T16:07:32+00:00","og_image":[{"width":500,"height":500,"url":"https:\/\/travel-du.de\/reiseshop\/wp-content\/uploads\/2023\/12\/2023-Weltmeisterschaft-RWC-New-Zealand-All-Blacks-Rugby-Trikot-Rugby-T-Shirt-Poloshirt-Herren-Matchtraining-Fussballtrikot-0.jpg","type":"image\/jpeg"}],"twitter_card":"summary_large_image","twitter_misc":{"Gesch\u00e4tzte Lesezeit":"1\u00a0Minute"},"schema":{"@context":"https:\/\/schema.org","@graph":[{"@type":"WebPage","@id":"https:\/\/travel-du.de\/reiseshop\/produkt\/2023-weltmeisterschaft-rwc-new-zealand-all-blacks-rugby-trikot-rugby-t-shirt-poloshirt-herren-matchtraining-fussballtrikot\/","url":"https:\/\/travel-du.de\/reiseshop\/produkt\/2023-weltmeisterschaft-rwc-new-zealand-all-blacks-rugby-trikot-rugby-t-shirt-poloshirt-herren-matchtraining-fussballtrikot\/","name":"All Blacks Neuseeland Rugby-Trikot &#8211; Reiseshop Travel-du.de","isPartOf":{"@id":"https:\/\/travel-du.de\/reiseshop\/#website"},"primaryImageOfPage":{"@id":"https:\/\/travel-du.de\/reiseshop\/produkt\/2023-weltmeisterschaft-rwc-new-zealand-all-blacks-rugby-trikot-rugby-t-shirt-poloshirt-herren-matchtraining-fussballtrikot\/#primaryimage"},"image":{"@id":"https:\/\/travel-du.de\/reiseshop\/produkt\/2023-weltmeisterschaft-rwc-new-zealand-all-blacks-rugby-trikot-rugby-t-shirt-poloshirt-herren-matchtraining-fussballtrikot\/#primaryimage"},"thumbnailUrl":"https:\/\/travel-du.de\/reiseshop\/wp-content\/uploads\/2023\/12\/2023-Weltmeisterschaft-RWC-New-Zealand-All-Blacks-Rugby-Trikot-Rugby-T-Shirt-Poloshirt-Herren-Matchtraining-Fussballtrikot-0.jpg","datePublished":"2023-12-31T15:13:51+00:00","dateModified":"2023-12-31T16:07:32+00:00","description":"Pflicht-Programm im Kleiderschrank jedes Neuseeland-Fans: Ein Trikot der All Blacks. Stylisch, Atmungsaktiv und hochwertiger Stoff.","breadcrumb":{"@id":"https:\/\/travel-du.de\/reiseshop\/produkt\/2023-weltmeisterschaft-rwc-new-zealand-all-blacks-rugby-trikot-rugby-t-shirt-poloshirt-herren-matchtraining-fussballtrikot\/#breadcrumb"},"inLanguage":"de","potentialAction":[{"@type":"ReadAction","target":["https:\/\/travel-du.de\/reiseshop\/produkt\/2023-weltmeisterschaft-rwc-new-zealand-all-blacks-rugby-trikot-rugby-t-shirt-poloshirt-herren-matchtraining-fussballtrikot\/"]}]},{"@type":"ImageObject","inLanguage":"de","@id":"https:\/\/travel-du.de\/reiseshop\/produkt\/2023-weltmeisterschaft-rwc-new-zealand-all-blacks-rugby-trikot-rugby-t-shirt-poloshirt-herren-matchtraining-fussballtrikot\/#primaryimage","url":"https:\/\/travel-du.de\/reiseshop\/wp-content\/uploads\/2023\/12\/2023-Weltmeisterschaft-RWC-New-Zealand-All-Blacks-Rugby-Trikot-Rugby-T-Shirt-Poloshirt-Herren-Matchtraining-Fussballtrikot-0.jpg","contentUrl":"https:\/\/travel-du.de\/reiseshop\/wp-content\/uploads\/2023\/12\/2023-Weltmeisterschaft-RWC-New-Zealand-All-Blacks-Rugby-Trikot-Rugby-T-Shirt-Poloshirt-Herren-Matchtraining-Fussballtrikot-0.jpg","width":500,"height":500},{"@type":"BreadcrumbList","@id":"https:\/\/travel-du.de\/reiseshop\/produkt\/2023-weltmeisterschaft-rwc-new-zealand-all-blacks-rugby-trikot-rugby-t-shirt-poloshirt-herren-matchtraining-fussballtrikot\/#breadcrumb","itemListElement":[{"@type":"ListItem","position":1,"name":"Startseite","item":"https:\/\/travel-du.de\/reiseshop\/"},{"@type":"ListItem","position":2,"name":"Shop","item":"https:\/\/travel-du.de\/reiseshop\/shop\/"},{"@type":"ListItem","position":3,"name":"All Blacks Neuseeland Rugby-Trikot"}]},{"@type":"WebSite","@id":"https:\/\/travel-du.de\/reiseshop\/#website","url":"https:\/\/travel-du.de\/reiseshop\/","name":"Reiseshop Travel-du.de","description":"Der Shop f\u00fcr Reisende, Weltenbummler und Abenteurer","potentialAction":[{"@type":"SearchAction","target":{"@type":"EntryPoint","urlTemplate":"https:\/\/travel-du.de\/reiseshop\/?s={search_term_string}"},"query-input":{"@type":"PropertyValueSpecification","valueRequired":true,"valueName":"search_term_string"}}],"inLanguage":"de"}]}},"_links":{"self":[{"href":"https:\/\/travel-du.de\/reiseshop\/wp-json\/wp\/v2\/product\/4358","targetHints":{"allow":["GET"]}}],"collection":[{"href":"https:\/\/travel-du.de\/reiseshop\/wp-json\/wp\/v2\/product"}],"about":[{"href":"https:\/\/travel-du.de\/reiseshop\/wp-json\/wp\/v2\/types\/product"}],"replies":[{"embeddable":true,"href":"https:\/\/travel-du.de\/reiseshop\/wp-json\/wp\/v2\/comments?post=4358"}],"wp:featuredmedia":[{"embeddable":true,"href":"https:\/\/travel-du.de\/reiseshop\/wp-json\/wp\/v2\/media\/4364"}],"wp:attachment":[{"href":"https:\/\/travel-du.de\/reiseshop\/wp-json\/wp\/v2\/media?parent=4358"}],"wp:term":[{"taxonomy":"product_brand","embeddable":true,"href":"https:\/\/travel-du.de\/reiseshop\/wp-json\/wp\/v2\/product_brand?post=4358"},{"taxonomy":"product_cat","embeddable":true,"href":"https:\/\/travel-du.de\/reiseshop\/wp-json\/wp\/v2\/product_cat?post=4358"},{"taxonomy":"product_tag","embeddable":true,"href":"https:\/\/travel-du.de\/reiseshop\/wp-json\/wp\/v2\/product_tag?post=4358"}],"curies":[{"name":"wp","href":"https:\/\/api.w.org\/{rel}","templated":true}]}}