{"id":131,"date":"2016-12-21T18:02:17","date_gmt":"2016-12-21T17:02:17","guid":{"rendered":"http:\/\/travel-du.de\/reiseshop\/produkt\/the-travel-episodes-neue-geschichten-fuer-abenteurer-gluecksritter-und-tagtraeumer\/"},"modified":"2016-12-26T20:57:47","modified_gmt":"2016-12-26T19:57:47","slug":"the-travel-episodes-neue-geschichten-fuer-abenteurer-gluecksritter-und-tagtraeumer","status":"publish","type":"product","link":"https:\/\/travel-du.de\/reiseshop\/produkt\/the-travel-episodes-neue-geschichten-fuer-abenteurer-gluecksritter-und-tagtraeumer\/","title":{"rendered":"The Travel Episodes: Neue Geschichten f\u00fcr Abenteurer, Gl\u00fccksritter und Tagtr\u00e4umer"},"content":{"rendered":"<p>Wer den ersten Teil von\u00a0<a href=\"https:\/\/travel-du.de\/reiseshop\/produkt\/the-travel-episodes-geschichten-von-fernweh-und-freiheit\/\"><em>\u201eThe Travel Episodes: Geschichten von Fernweh und Freiheit\u201c<\/em><\/a> schon mochte, wird auch die zweite Auflage lieben. Wieder sammelt Johannes Klaus kurze Reportagen von handverlesenen Autoren, die das Fernweh der Leser lindern sollen. Bei mir hat es funktioniert \ud83d\ude09 Die unterschiedlichen Schreibstile und auch Abenteuer der Autoren machen das Buch \u00e4u\u00dferst abwechslungsreich und lesenswert.<\/p>\n<p><strong>Am besten geeignet f\u00fcr:<\/strong><\/p>\n<ul>\n<li>Daheimgebliebene, die sich von den Abenteuern anderer inspirieren lassen wollen und zwischen Ihren eigenen Reisen die Sehnsucht nach der Ferne stillen m\u00fcssen.<\/li>\n<li>Leser, die kurze Geschichten lieben.<\/li>\n<\/ul>\n<p><strong>Daten:<\/strong><\/p>\n<ul>\n<li><b>Taschenbuch:<\/b> 352 Seiten<\/li>\n<li><b>Verlag:<\/b> NG Taschenbuch (1. Dezember 2016)<\/li>\n<li><b>Sprache:<\/b> Deutsch<\/li>\n<li><b>ISBN-10:<\/b> 3492406068<\/li>\n<li><b>ISBN-13:<\/b> 978-3492406062<\/li>\n<li><b>Gr\u00f6\u00dfe und\/oder Gewicht: <\/b>21,6 x 3,5 x 18,2 cm<\/li>\n<\/ul>\n<div class=\"main-cross-sell\" data-asin=\"3492406068\">\n\n\t<div class=\"WooZone-cross-sell-loader\">\n\t\t<div>\n\t\t\t<div id=\"floatingBarsG\">\n\t\t\t\t<div class=\"blockG\" id=\"rotateG_01\"><\/div>\n\t\t\t\t<div class=\"blockG\" id=\"rotateG_02\"><\/div>\n\t\t\t\t<div class=\"blockG\" id=\"rotateG_03\"><\/div>\n\t\t\t\t<div class=\"blockG\" id=\"rotateG_04\"><\/div>\n\t\t\t\t<div class=\"blockG\" id=\"rotateG_05\"><\/div>\n\t\t\t\t<div class=\"blockG\" id=\"rotateG_06\"><\/div>\n\t\t\t\t<div class=\"blockG\" id=\"rotateG_07\"><\/div>\n\t\t\t\t<div class=\"blockG\" id=\"rotateG_08\"><\/div>\n\t\t\t<\/div>\n\t\t\t<div class=\"WooZone-cross-sell-loader-text\"><\/div>\n\t\t<\/div>\n\t<\/div>\n\n\t\t\n<\/div>\n<div style=\"clear:both;\"><\/div>\n","protected":false},"excerpt":{"rendered":"<p>Wer den ersten Teil von\u00a0<a href=\"https:\/\/travel-du.de\/reiseshop\/produkt\/the-travel-episodes-geschichten-von-fernweh-und-freiheit\/\"><em>\u201eThe Travel Episodes: Geschichten von Fernweh und Freiheit\u201c<\/em><\/a> schon mochte, wird auch die zweite Auflage lieben. Wieder sammelt Johannes Klaus kurze Reportagen von handverlesenen Autoren, die das Fernweh der Leser lindern sollen. Bei mir hat es funktioniert \ud83d\ude09 Die unterschiedlichen Schreibstile und auch Abenteuer der Autoren machen das Buch \u00e4u\u00dferst abwechslungsreich und lesenswert.<br \/>\n<a href=\"https:\/\/www.amazon.de\/Travel-Episodes-Geschichten-Abenteurer-Gl%C3%BCcksritter\/dp\/3492406068\/ref=as_li_ss_tl?ie=UTF8&#038;linkCode=ll1&#038;tag=wwwtraveldude-21&#038;linkId=bfc69a01b23e9c9fa501bc7598c983b2\" target=\"_blank\"><\/p>\n<div class=\"amazon-button\" style=\"text-align: center;\">\u21d2 Direkt bei Amazon bestellen.<\/div>\n<p><\/a><\/p>\n","protected":false},"featured_media":133,"comment_status":"open","ping_status":"closed","template":"","meta":[],"product_brand":[],"product_cat":[86,101],"product_tag":[],"class_list":{"0":"post-131","1":"product","2":"type-product","3":"status-publish","4":"has-post-thumbnail","6":"product_cat-unterwegs","7":"product_cat-reiseliteratur","9":"first","10":"instock","11":"shipping-taxable","12":"product-type-external"},"yoast_head":"<!-- This site is optimized with the Yoast SEO plugin v27.4 - https:\/\/yoast.com\/product\/yoast-seo-wordpress\/ -->\n<title>The Travel Episodes: Neue Geschichten f\u00fcr Abenteurer, Gl\u00fccksritter und Tagtr\u00e4umer &#8211; Reiseshop Travel-du.de<\/title>\n<meta name=\"robots\" content=\"index, follow, max-snippet:-1, max-image-preview:large, max-video-preview:-1\" \/>\n<link rel=\"canonical\" href=\"https:\/\/travel-du.de\/reiseshop\/produkt\/the-travel-episodes-neue-geschichten-fuer-abenteurer-gluecksritter-und-tagtraeumer\/\" \/>\n<meta property=\"og:locale\" content=\"de_DE\" \/>\n<meta property=\"og:type\" content=\"article\" \/>\n<meta property=\"og:title\" content=\"The Travel Episodes: Neue Geschichten f\u00fcr Abenteurer, Gl\u00fccksritter und Tagtr\u00e4umer &#8211; Reiseshop Travel-du.de\" \/>\n<meta property=\"og:description\" content=\"Wer den ersten Teil von\u00a0\u201eThe Travel Episodes: Geschichten von Fernweh und Freiheit\u201c schon mochte, wird auch die zweite Auflage lieben. Wieder sammelt Johannes Klaus kurze Reportagen von handverlesenen Autoren, die das Fernweh der Leser lindern sollen. Bei mir hat es funktioniert ;) Die unterschiedlichen Schreibstile und auch Abenteuer der Autoren machen das Buch \u00e4u\u00dferst abwechslungsreich und lesenswert.  \u21d2 Direkt bei Amazon bestellen.\" \/>\n<meta property=\"og:url\" content=\"https:\/\/travel-du.de\/reiseshop\/produkt\/the-travel-episodes-neue-geschichten-fuer-abenteurer-gluecksritter-und-tagtraeumer\/\" \/>\n<meta property=\"og:site_name\" content=\"Reiseshop Travel-du.de\" \/>\n<meta property=\"article:modified_time\" content=\"2016-12-26T19:57:47+00:00\" \/>\n<meta property=\"og:image\" content=\"https:\/\/travel-du.de\/reiseshop\/wp-content\/uploads\/2016\/12\/The-Travel-Episodes-Neue-Geschichten-fr-Abenteurer-Glcksritter-und-Tagtrumer-0-0.jpg\" \/>\n\t<meta property=\"og:image:width\" content=\"396\" \/>\n\t<meta property=\"og:image:height\" content=\"500\" \/>\n\t<meta property=\"og:image:type\" content=\"image\/jpeg\" \/>\n<meta name=\"twitter:card\" content=\"summary_large_image\" \/>\n<meta name=\"twitter:label1\" content=\"Gesch\u00e4tzte Lesezeit\" \/>\n\t<meta name=\"twitter:data1\" content=\"1\u00a0Minute\" \/>\n<script type=\"application\/ld+json\" class=\"yoast-schema-graph\">{\"@context\":\"https:\\\/\\\/schema.org\",\"@graph\":[{\"@type\":\"WebPage\",\"@id\":\"https:\\\/\\\/travel-du.de\\\/reiseshop\\\/produkt\\\/the-travel-episodes-neue-geschichten-fuer-abenteurer-gluecksritter-und-tagtraeumer\\\/\",\"url\":\"https:\\\/\\\/travel-du.de\\\/reiseshop\\\/produkt\\\/the-travel-episodes-neue-geschichten-fuer-abenteurer-gluecksritter-und-tagtraeumer\\\/\",\"name\":\"The Travel Episodes: Neue Geschichten f\u00fcr Abenteurer, Gl\u00fccksritter und Tagtr\u00e4umer &#8211; Reiseshop Travel-du.de\",\"isPartOf\":{\"@id\":\"https:\\\/\\\/travel-du.de\\\/reiseshop\\\/#website\"},\"primaryImageOfPage\":{\"@id\":\"https:\\\/\\\/travel-du.de\\\/reiseshop\\\/produkt\\\/the-travel-episodes-neue-geschichten-fuer-abenteurer-gluecksritter-und-tagtraeumer\\\/#primaryimage\"},\"image\":{\"@id\":\"https:\\\/\\\/travel-du.de\\\/reiseshop\\\/produkt\\\/the-travel-episodes-neue-geschichten-fuer-abenteurer-gluecksritter-und-tagtraeumer\\\/#primaryimage\"},\"thumbnailUrl\":\"https:\\\/\\\/travel-du.de\\\/reiseshop\\\/wp-content\\\/uploads\\\/2016\\\/12\\\/The-Travel-Episodes-Neue-Geschichten-fr-Abenteurer-Glcksritter-und-Tagtrumer-0-0.jpg\",\"datePublished\":\"2016-12-21T17:02:17+00:00\",\"dateModified\":\"2016-12-26T19:57:47+00:00\",\"breadcrumb\":{\"@id\":\"https:\\\/\\\/travel-du.de\\\/reiseshop\\\/produkt\\\/the-travel-episodes-neue-geschichten-fuer-abenteurer-gluecksritter-und-tagtraeumer\\\/#breadcrumb\"},\"inLanguage\":\"de\",\"potentialAction\":[{\"@type\":\"ReadAction\",\"target\":[\"https:\\\/\\\/travel-du.de\\\/reiseshop\\\/produkt\\\/the-travel-episodes-neue-geschichten-fuer-abenteurer-gluecksritter-und-tagtraeumer\\\/\"]}]},{\"@type\":\"ImageObject\",\"inLanguage\":\"de\",\"@id\":\"https:\\\/\\\/travel-du.de\\\/reiseshop\\\/produkt\\\/the-travel-episodes-neue-geschichten-fuer-abenteurer-gluecksritter-und-tagtraeumer\\\/#primaryimage\",\"url\":\"https:\\\/\\\/travel-du.de\\\/reiseshop\\\/wp-content\\\/uploads\\\/2016\\\/12\\\/The-Travel-Episodes-Neue-Geschichten-fr-Abenteurer-Glcksritter-und-Tagtrumer-0-0.jpg\",\"contentUrl\":\"https:\\\/\\\/travel-du.de\\\/reiseshop\\\/wp-content\\\/uploads\\\/2016\\\/12\\\/The-Travel-Episodes-Neue-Geschichten-fr-Abenteurer-Glcksritter-und-Tagtrumer-0-0.jpg\",\"width\":396,\"height\":500},{\"@type\":\"BreadcrumbList\",\"@id\":\"https:\\\/\\\/travel-du.de\\\/reiseshop\\\/produkt\\\/the-travel-episodes-neue-geschichten-fuer-abenteurer-gluecksritter-und-tagtraeumer\\\/#breadcrumb\",\"itemListElement\":[{\"@type\":\"ListItem\",\"position\":1,\"name\":\"Startseite\",\"item\":\"https:\\\/\\\/travel-du.de\\\/reiseshop\\\/\"},{\"@type\":\"ListItem\",\"position\":2,\"name\":\"Shop\",\"item\":\"https:\\\/\\\/travel-du.de\\\/reiseshop\\\/shop\\\/\"},{\"@type\":\"ListItem\",\"position\":3,\"name\":\"The Travel Episodes: Neue Geschichten f\u00fcr Abenteurer, Gl\u00fccksritter und Tagtr\u00e4umer\"}]},{\"@type\":\"WebSite\",\"@id\":\"https:\\\/\\\/travel-du.de\\\/reiseshop\\\/#website\",\"url\":\"https:\\\/\\\/travel-du.de\\\/reiseshop\\\/\",\"name\":\"Reiseshop Travel-du.de\",\"description\":\"Der Shop f\u00fcr Reisende, Weltenbummler und Abenteurer\",\"potentialAction\":[{\"@type\":\"SearchAction\",\"target\":{\"@type\":\"EntryPoint\",\"urlTemplate\":\"https:\\\/\\\/travel-du.de\\\/reiseshop\\\/?s={search_term_string}\"},\"query-input\":{\"@type\":\"PropertyValueSpecification\",\"valueRequired\":true,\"valueName\":\"search_term_string\"}}],\"inLanguage\":\"de\"}]}<\/script>\n<!-- \/ Yoast SEO plugin. -->","yoast_head_json":{"title":"The Travel Episodes: Neue Geschichten f\u00fcr Abenteurer, Gl\u00fccksritter und Tagtr\u00e4umer &#8211; Reiseshop Travel-du.de","robots":{"index":"index","follow":"follow","max-snippet":"max-snippet:-1","max-image-preview":"max-image-preview:large","max-video-preview":"max-video-preview:-1"},"canonical":"https:\/\/travel-du.de\/reiseshop\/produkt\/the-travel-episodes-neue-geschichten-fuer-abenteurer-gluecksritter-und-tagtraeumer\/","og_locale":"de_DE","og_type":"article","og_title":"The Travel Episodes: Neue Geschichten f\u00fcr Abenteurer, Gl\u00fccksritter und Tagtr\u00e4umer &#8211; Reiseshop Travel-du.de","og_description":"Wer den ersten Teil von\u00a0\u201eThe Travel Episodes: Geschichten von Fernweh und Freiheit\u201c schon mochte, wird auch die zweite Auflage lieben. Wieder sammelt Johannes Klaus kurze Reportagen von handverlesenen Autoren, die das Fernweh der Leser lindern sollen. Bei mir hat es funktioniert ;) Die unterschiedlichen Schreibstile und auch Abenteuer der Autoren machen das Buch \u00e4u\u00dferst abwechslungsreich und lesenswert.  \u21d2 Direkt bei Amazon bestellen.","og_url":"https:\/\/travel-du.de\/reiseshop\/produkt\/the-travel-episodes-neue-geschichten-fuer-abenteurer-gluecksritter-und-tagtraeumer\/","og_site_name":"Reiseshop Travel-du.de","article_modified_time":"2016-12-26T19:57:47+00:00","og_image":[{"width":396,"height":500,"url":"https:\/\/travel-du.de\/reiseshop\/wp-content\/uploads\/2016\/12\/The-Travel-Episodes-Neue-Geschichten-fr-Abenteurer-Glcksritter-und-Tagtrumer-0-0.jpg","type":"image\/jpeg"}],"twitter_card":"summary_large_image","twitter_misc":{"Gesch\u00e4tzte Lesezeit":"1\u00a0Minute"},"schema":{"@context":"https:\/\/schema.org","@graph":[{"@type":"WebPage","@id":"https:\/\/travel-du.de\/reiseshop\/produkt\/the-travel-episodes-neue-geschichten-fuer-abenteurer-gluecksritter-und-tagtraeumer\/","url":"https:\/\/travel-du.de\/reiseshop\/produkt\/the-travel-episodes-neue-geschichten-fuer-abenteurer-gluecksritter-und-tagtraeumer\/","name":"The Travel Episodes: Neue Geschichten f\u00fcr Abenteurer, Gl\u00fccksritter und Tagtr\u00e4umer &#8211; Reiseshop Travel-du.de","isPartOf":{"@id":"https:\/\/travel-du.de\/reiseshop\/#website"},"primaryImageOfPage":{"@id":"https:\/\/travel-du.de\/reiseshop\/produkt\/the-travel-episodes-neue-geschichten-fuer-abenteurer-gluecksritter-und-tagtraeumer\/#primaryimage"},"image":{"@id":"https:\/\/travel-du.de\/reiseshop\/produkt\/the-travel-episodes-neue-geschichten-fuer-abenteurer-gluecksritter-und-tagtraeumer\/#primaryimage"},"thumbnailUrl":"https:\/\/travel-du.de\/reiseshop\/wp-content\/uploads\/2016\/12\/The-Travel-Episodes-Neue-Geschichten-fr-Abenteurer-Glcksritter-und-Tagtrumer-0-0.jpg","datePublished":"2016-12-21T17:02:17+00:00","dateModified":"2016-12-26T19:57:47+00:00","breadcrumb":{"@id":"https:\/\/travel-du.de\/reiseshop\/produkt\/the-travel-episodes-neue-geschichten-fuer-abenteurer-gluecksritter-und-tagtraeumer\/#breadcrumb"},"inLanguage":"de","potentialAction":[{"@type":"ReadAction","target":["https:\/\/travel-du.de\/reiseshop\/produkt\/the-travel-episodes-neue-geschichten-fuer-abenteurer-gluecksritter-und-tagtraeumer\/"]}]},{"@type":"ImageObject","inLanguage":"de","@id":"https:\/\/travel-du.de\/reiseshop\/produkt\/the-travel-episodes-neue-geschichten-fuer-abenteurer-gluecksritter-und-tagtraeumer\/#primaryimage","url":"https:\/\/travel-du.de\/reiseshop\/wp-content\/uploads\/2016\/12\/The-Travel-Episodes-Neue-Geschichten-fr-Abenteurer-Glcksritter-und-Tagtrumer-0-0.jpg","contentUrl":"https:\/\/travel-du.de\/reiseshop\/wp-content\/uploads\/2016\/12\/The-Travel-Episodes-Neue-Geschichten-fr-Abenteurer-Glcksritter-und-Tagtrumer-0-0.jpg","width":396,"height":500},{"@type":"BreadcrumbList","@id":"https:\/\/travel-du.de\/reiseshop\/produkt\/the-travel-episodes-neue-geschichten-fuer-abenteurer-gluecksritter-und-tagtraeumer\/#breadcrumb","itemListElement":[{"@type":"ListItem","position":1,"name":"Startseite","item":"https:\/\/travel-du.de\/reiseshop\/"},{"@type":"ListItem","position":2,"name":"Shop","item":"https:\/\/travel-du.de\/reiseshop\/shop\/"},{"@type":"ListItem","position":3,"name":"The Travel Episodes: Neue Geschichten f\u00fcr Abenteurer, Gl\u00fccksritter und Tagtr\u00e4umer"}]},{"@type":"WebSite","@id":"https:\/\/travel-du.de\/reiseshop\/#website","url":"https:\/\/travel-du.de\/reiseshop\/","name":"Reiseshop Travel-du.de","description":"Der Shop f\u00fcr Reisende, Weltenbummler und Abenteurer","potentialAction":[{"@type":"SearchAction","target":{"@type":"EntryPoint","urlTemplate":"https:\/\/travel-du.de\/reiseshop\/?s={search_term_string}"},"query-input":{"@type":"PropertyValueSpecification","valueRequired":true,"valueName":"search_term_string"}}],"inLanguage":"de"}]}},"_links":{"self":[{"href":"https:\/\/travel-du.de\/reiseshop\/wp-json\/wp\/v2\/product\/131","targetHints":{"allow":["GET"]}}],"collection":[{"href":"https:\/\/travel-du.de\/reiseshop\/wp-json\/wp\/v2\/product"}],"about":[{"href":"https:\/\/travel-du.de\/reiseshop\/wp-json\/wp\/v2\/types\/product"}],"replies":[{"embeddable":true,"href":"https:\/\/travel-du.de\/reiseshop\/wp-json\/wp\/v2\/comments?post=131"}],"wp:featuredmedia":[{"embeddable":true,"href":"https:\/\/travel-du.de\/reiseshop\/wp-json\/wp\/v2\/media\/133"}],"wp:attachment":[{"href":"https:\/\/travel-du.de\/reiseshop\/wp-json\/wp\/v2\/media?parent=131"}],"wp:term":[{"taxonomy":"product_brand","embeddable":true,"href":"https:\/\/travel-du.de\/reiseshop\/wp-json\/wp\/v2\/product_brand?post=131"},{"taxonomy":"product_cat","embeddable":true,"href":"https:\/\/travel-du.de\/reiseshop\/wp-json\/wp\/v2\/product_cat?post=131"},{"taxonomy":"product_tag","embeddable":true,"href":"https:\/\/travel-du.de\/reiseshop\/wp-json\/wp\/v2\/product_tag?post=131"}],"curies":[{"name":"wp","href":"https:\/\/api.w.org\/{rel}","templated":true}]}}